{"id":20,"date":"2018-02-05T14:15:33","date_gmt":"2018-02-05T14:15:33","guid":{"rendered":"https:\/\/wp.icmm.csic.es\/bioinspired-materials\/?page_id=20"},"modified":"2021-07-27T13:55:45","modified_gmt":"2021-07-27T13:55:45","slug":"collaborations","status":"publish","type":"page","link":"https:\/\/wp.icmm.csic.es\/bioinspired-materials\/research-activity\/collaborations\/","title":{"rendered":"Collaborations"},"content":{"rendered":"<p><strong>Public Research Centers and Universities<\/strong><\/p>\n<p>Dr. Ricardo Santamar\u00eda, Carbon Science and Technology Institute (INCAR) (Spain)<br \/>\nDr. Encarnaci\u00f3n Raymundo Pi\u00f1ero, CNRS \u2013 CEMHTI (France)<br \/>\nDr. Sof\u00eda Calero &amp; Dr. Jos\u00e9 Manuel Vicent-Luna, University Pablo de Olavide (Spain) &amp; Eindhoven University of Technology, (The Netherlands)\u00a0\u00a0\u00a0\u00a0 \u00a0 \u00a0\u00a0\u00a0\u00a0\u00a0\u00a0\u00a0\u00a0\u00a0\u00a0\u00a0\u00a0\u00a0\u00a0\u00a0\u00a0\u00a0\u00a0\u00a0\u00a0\u00a0\u00a0\u00a0\u00a0\u00a0\u00a0\u00a0\u00a0\u00a0\u00a0\u00a0\u00a0\u00a0\u00a0\u00a0\u00a0\u00a0\u00a0\u00a0\u00a0\u00a0 Dr. Dino Tonti, Institute of Materials Sciences of Bacercelona (Spain)<br \/>\nProf. M. Angeles Monge Bravo, Institute of Materials Science of Madrid (Spain)<br \/>\nProf. Enrique Guti\u00e9rrez Puebla, Institute of Materials Science of Madrid (Spain)<br \/>\nDr. Rafael Jimenez Rioboo, Institute of Materials Science of Madrid (Spain)<br \/>\nProf. S. Aparicio, University of Burgos (Spain)<br \/>\nDr. Concepcion O. Ania, CEMHTI-CNRS (France)<br \/>\nDr. Joaquin Silvestre-Albero, University of Alicante (Spain)<br \/>\nProf. J. C. Rodr\u00edguez-Cabello, University of Valladolid (Spain)<br \/>\nDr. C. Reyes Mateo, University Miguel Hern\u00e1ndez, Elche (Spain)<br \/>\nProf. Fernando Rojo, National Center of Biotecnology,\u00a0CNB-CSIC, Madrid (Spain)<br \/>\nDr. Alberto Gallardo, Institute of Polymer Science and Technology, ICTP-CSIC, Madrid (Spain)<br \/>\nDr. Angel Lozano, Institute of Polymer Science and Technology, ICTP-CSIC, Madrid (Spain)<br \/>\nDr. Antonio L. De Lacey, Institute of Catalysis, ICP-CSIC, Madrid (Spain)<br \/>\nProf. Donal Leech, National University of Ireland at Galway, NUIG (Ireland)<br \/>\nProf. Gerard J. Wall, National University of Ireland at Galway, NUIG (Ireland)<\/p>\n<p><strong>Private Companies<\/strong><\/p>\n<p>Dr. Lorena Welte, KleinScale Scientific Solutions (Spain)<\/p>\n","protected":false},"excerpt":{"rendered":"<p>Public Research Centers and Universities Dr. Ricardo Santamar\u00eda, Carbon Science and Technology Institute (INCAR) (Spain) Dr. Encarnaci\u00f3n Raymundo Pi\u00f1ero, CNRS \u2013 CEMHTI (France) Dr. Sof\u00eda Calero &amp; Dr. Jos\u00e9 Manuel Vicent-Luna, University Pablo de Olavide (Spain) &amp; Eindhoven University of &hellip; <a href=\"https:\/\/wp.icmm.csic.es\/bioinspired-materials\/research-activity\/collaborations\/\">Sigue leyendo <span class=\"meta-nav\">&rarr;<\/span><\/a><\/p>\n","protected":false},"author":5,"featured_media":0,"parent":58,"menu_order":0,"comment_status":"closed","ping_status":"closed","template":"sidebar-page.php","meta":{"footnotes":""},"class_list":["post-20","page","type-page","status-publish","hentry"],"_links":{"self":[{"href":"https:\/\/wp.icmm.csic.es\/bioinspired-materials\/wp-json\/wp\/v2\/pages\/20","targetHints":{"allow":["GET"]}}],"collection":[{"href":"https:\/\/wp.icmm.csic.es\/bioinspired-materials\/wp-json\/wp\/v2\/pages"}],"about":[{"href":"https:\/\/wp.icmm.csic.es\/bioinspired-materials\/wp-json\/wp\/v2\/types\/page"}],"author":[{"embeddable":true,"href":"https:\/\/wp.icmm.csic.es\/bioinspired-materials\/wp-json\/wp\/v2\/users\/5"}],"replies":[{"embeddable":true,"href":"https:\/\/wp.icmm.csic.es\/bioinspired-materials\/wp-json\/wp\/v2\/comments?post=20"}],"version-history":[{"count":16,"href":"https:\/\/wp.icmm.csic.es\/bioinspired-materials\/wp-json\/wp\/v2\/pages\/20\/revisions"}],"predecessor-version":[{"id":582,"href":"https:\/\/wp.icmm.csic.es\/bioinspired-materials\/wp-json\/wp\/v2\/pages\/20\/revisions\/582"}],"up":[{"embeddable":true,"href":"https:\/\/wp.icmm.csic.es\/bioinspired-materials\/wp-json\/wp\/v2\/pages\/58"}],"wp:attachment":[{"href":"https:\/\/wp.icmm.csic.es\/bioinspired-materials\/wp-json\/wp\/v2\/media?parent=20"}],"curies":[{"name":"wp","href":"https:\/\/api.w.org\/{rel}","templated":true}]}}