{"id":1272,"date":"2021-11-27T12:50:49","date_gmt":"2021-11-27T12:50:49","guid":{"rendered":"https:\/\/wp.icmm.csic.es\/csc\/?page_id=1272"},"modified":"2023-11-29T14:58:36","modified_gmt":"2023-11-29T14:58:36","slug":"team","status":"publish","type":"page","link":"https:\/\/wp.icmm.csic.es\/csc\/mag4spinal\/team\/","title":{"rendered":"Team"},"content":{"rendered":"<h3>Principal Investigators<\/h3>\n<ul>\n<li>Dr Sabino Veintemillas Verdaguer (ICMM-CSIC)<\/li>\n<li>Dr M. Concepci\u00f3n Serrano L\u00f3pez-Terradas (ICMM-CSIC)<\/li>\n<\/ul>\n<h3>Additional Research Team Members<\/h3>\n<ul>\n<li>Prof. M. Puerto Morales Herrero (ICMM-CSIC)<\/li>\n<li>Dr Elisa L\u00f3pez Dolado (Hospital Nacional de Parapl\u00e9jicos, HNP-SESCAM)<\/li>\n<\/ul>\n<h3>Additional Work Team Members<\/h3>\n<ul>\n<li>Esther Benayas Mart\u00edn (PhD student, FPI fellow, ICMM-CSIC)<\/li>\n<li>Yasmina Hern\u00e1ndez Mart\u00edn (Lab Technician at HNP-SESCAM)<\/li>\n<\/ul>\n<p><img loading=\"lazy\" decoding=\"async\" class=\"aligncenter size-full wp-image-1293\" src=\"https:\/\/wp.icmm.csic.es\/csc\/wp-content\/uploads\/sites\/25\/2021\/12\/MAG4Spinal_Team.jpg\" alt=\"\" width=\"521\" height=\"520\" srcset=\"https:\/\/wp.icmm.csic.es\/csc\/wp-content\/uploads\/sites\/25\/2021\/12\/MAG4Spinal_Team.jpg 521w, https:\/\/wp.icmm.csic.es\/csc\/wp-content\/uploads\/sites\/25\/2021\/12\/MAG4Spinal_Team-300x300.jpg 300w, https:\/\/wp.icmm.csic.es\/csc\/wp-content\/uploads\/sites\/25\/2021\/12\/MAG4Spinal_Team-150x150.jpg 150w\" sizes=\"auto, (max-width: 521px) 100vw, 521px\" \/><\/p>\n","protected":false},"excerpt":{"rendered":"<p>Principal Investigators Dr Sabino Veintemillas Verdaguer (ICMM-CSIC) Dr M. Concepci\u00f3n Serrano L\u00f3pez-Terradas (ICMM-CSIC) Additional Research Team Members Prof. M. Puerto Morales Herrero (ICMM-CSIC) Dr Elisa L\u00f3pez Dolado (Hospital Nacional de Parapl\u00e9jicos, HNP-SESCAM) Additional Work Team Members Esther Benayas Mart\u00edn (PhD student, FPI fellow, ICMM-CSIC) Yasmina Hern\u00e1ndez Mart\u00edn (Lab Technician at HNP-SESCAM)<\/p>\n","protected":false},"author":78,"featured_media":0,"parent":1257,"menu_order":1,"comment_status":"closed","ping_status":"closed","template":"","meta":{"ngg_post_thumbnail":0,"footnotes":""},"class_list":["post-1272","page","type-page","status-publish","hentry"],"_links":{"self":[{"href":"https:\/\/wp.icmm.csic.es\/csc\/wp-json\/wp\/v2\/pages\/1272","targetHints":{"allow":["GET"]}}],"collection":[{"href":"https:\/\/wp.icmm.csic.es\/csc\/wp-json\/wp\/v2\/pages"}],"about":[{"href":"https:\/\/wp.icmm.csic.es\/csc\/wp-json\/wp\/v2\/types\/page"}],"author":[{"embeddable":true,"href":"https:\/\/wp.icmm.csic.es\/csc\/wp-json\/wp\/v2\/users\/78"}],"replies":[{"embeddable":true,"href":"https:\/\/wp.icmm.csic.es\/csc\/wp-json\/wp\/v2\/comments?post=1272"}],"version-history":[{"count":10,"href":"https:\/\/wp.icmm.csic.es\/csc\/wp-json\/wp\/v2\/pages\/1272\/revisions"}],"predecessor-version":[{"id":1701,"href":"https:\/\/wp.icmm.csic.es\/csc\/wp-json\/wp\/v2\/pages\/1272\/revisions\/1701"}],"up":[{"embeddable":true,"href":"https:\/\/wp.icmm.csic.es\/csc\/wp-json\/wp\/v2\/pages\/1257"}],"wp:attachment":[{"href":"https:\/\/wp.icmm.csic.es\/csc\/wp-json\/wp\/v2\/media?parent=1272"}],"curies":[{"name":"wp","href":"https:\/\/api.w.org\/{rel}","templated":true}]}}