{"id":386,"date":"2023-08-05T11:28:20","date_gmt":"2023-08-05T11:28:20","guid":{"rendered":"https:\/\/wp.icmm.csic.es\/emergence\/?page_id=386"},"modified":"2025-10-03T16:01:42","modified_gmt":"2025-10-03T16:01:42","slug":"poster-sessions","status":"publish","type":"page","link":"https:\/\/wp.icmm.csic.es\/emergence\/poster-sessions\/","title":{"rendered":"POSTER SESSIONS"},"content":{"rendered":"<h3>Poster Session I. Monday September, 6. 16:15<\/h3>\n<ol>\n<li>Domain wall dynamics in curved magnetic nanostructures. Yogendra Kumar. ICMM-CSIC<\/li>\n<li>Exciton-polaritons supported by organic J-aggregates in a microcavity: macroscopic electrodynamics and quantum approaches. Marcelo Silva Barreiro. University of Lorraine and INL-Braga.<\/li>\n<li>Exponential suppression of the topological gap in self-consistent intrinsic Majorana nanowires. Francisco Ricardo Lobo Ribeiro. ICMM-CSIC.<\/li>\n<li>Chiral anomaly in the Weyl semimetal TaRhTe4. Mahdi Behnami. IFW Dresden.<\/li>\n<li>Quasi-Majoranas in inhomogeneous full-shell hybrid nanowires. C\u00e9sar Robles Montero. Universidad Aut\u00f3noma de Madrid.<\/li>\n<li>Measuring the Majorana polarization in quantum dot-based Kitaev chains. Rodrigo de Abreu Dourado. Universidade Federal de Minas Gerais-UFMG.<\/li>\n<li>Phonon cyclotron resonance detected in Bi2Se3 thin films by Faraday rotation measurement. Ramya Nagarajan. Keemilise ja bioloogise f\u00fc\u00fcsika instituut.<\/li>\n<li>Bose-Einstein condensation in exotic lattice geometries. Kamil Dutkiewicz. University of Warsaw<\/li>\n<li>Stretched Diamond Magnetoelectric. Lukasz Domanski. Cavendish Laboratory<\/li>\n<li>Ferroic properties of 2D transition metal dichalcogenides based on WS2 and WTe2. Ram\u00f3n Alejandro T\u00e1mara Becerra. Universidad de Los Andes,<\/li>\n<li>Rydberg excitons and polaritons in monolayer transition metal dichalcogenides in a magnetic field. David de la Fuente Pico. Universidad Aut\u00f3noma de Madrid.<\/li>\n<li>Atomic-Scale Mapping of Superconductivity in the Incoherent CDW Mosaic Phase of a Transition Metal Dichalcogenide. Sandra Sajan. Donostia international Physics Centre.<\/li>\n<li>Quantum simulation of Fermi-Hubbard model. Xi Chen. ICMM-CSIC.<\/li>\n<li>Tunneling spectroscopy in few-monolayer NbSe2. Jericho Narvasa. Universite Paris-Saclay.<\/li>\n<li>Novel electronic orders in interacting Kagome metals. Alejandro Blanco Peces. Universidad Aut\u00f3noma de Madrid.<\/li>\n<li>Preparation of atomically clean 2D devices for UHV environments. Luc\u00eda Romero S\u00e1nchez. Universidad Aut\u00f3noma de Madrid.<\/li>\n<li>Andreev molecules and nonlocal Josephson effect in d-wave Altermagnetic junctions. Sayan Mondal. Uppsala Universitet.<\/li>\n<\/ol>\n<h3>Poster Session II. Thursday September, 9. 16:15<\/h3>\n<ol>\n<li>Fabrication of superconductor-quantum dot hybrids in InAs 2DEGs. Bence Barnabas Vasas. Budapest University of Technology and Economics.<\/li>\n<li>Microwave spectroscopy of Andreev bound states in an InAs nanowire. Csaba Horv\u00e1th. Budapest University of Technology and Economics.<\/li>\n<li>Ab initio Simulation of SmCo5 . Ivan Bejarano Paniagua. ICMM-CSIC<\/li>\n<li>Unraveling the origin of first-order transition in the 1T&#8217;-TaTe2 transition metal dichalcogenide. Javier Corral Sertal. Universidade de Santiago de Compostela.<\/li>\n<li>Tunnel diode oscillator studies of iron-chalcogenide superconductors tuned by applied and chemical pressure. Rafee Mohammed Abedin. University of Oxford.<\/li>\n<li>Proximity-Induced Spin-Triplet Superconducting Correlations in Transition Metal Dichalcogenides. Florian Kayatz. Uppsala University<\/li>\n<li>Temperature Dependence of Spin-Model Parameters in Ferrimagnets. Marta Yanguas Cari\u00f1ena. ICMM-CSIC.<\/li>\n<li>MOFs and COFs in Electronics: Bridging the Gap Between Intrinsic Properties and Measured Performance. Jonas P\u00f6hls. Institute of Physics, University of Goettingen.<\/li>\n<li>Towards magnetotransport measurements in rhombohedral multi-layer graphene. David Paul Urbaniak. Institute of Physics, University of Goettingen.<\/li>\n<li>Twisted and Strained bilayer graphene: A platform for manipulating flat bands. Federico Escudero. IMDEA Nanoscience.<\/li>\n<li>Magnetotransport measurements in twisted bilayer graphene. Monica Kolek Martinez de Azagra. Georg August University G\u00f6ttingen.<\/li>\n<li>Electrical and Magnetic Study of Metal Oxide Composites. Mar\u00eda Jos\u00e9 Jolalpa Yescas. Instituto de Ciencias Aplicadas y Tecnolog\u00eda, UNAM.<\/li>\n<li>Anomalous Chiral Anomaly in Spin-1 Fermionic System. Shantonu Mukherjee. Indian Institute of Technology, Bombay.<\/li>\n<li>Critical properties of two dimensional disordered Dirac fermions. Naba Prakash Nayak. Institute of Langevin<\/li>\n<li>Spin-Orbit coupling in 2D Materials and Its application in Quantum technologies. Hossein Aghamolapour. Khatam University, Tehran<\/li>\n<li>Controlling Quantum-Confined Luminescence in Nanocrystalline Phosphors through Controlled Synthesis and Atmospheric Annealing. Mukesh Kisan Jite. Fergusson College, Pune.<\/li>\n<\/ol>\n<p>&nbsp;<\/p>\n<p>&nbsp;<\/p>\n","protected":false},"excerpt":{"rendered":"<p>Poster Session I. Monday September, 6. 16:15 Domain wall dynamics in curved magnetic nanostructures. Yogendra Kumar. ICMM-CSIC Exciton-polaritons supported by organic J-aggregates in a microcavity: macroscopic electrodynamics and quantum approaches. Marcelo Silva Barreiro. University of Lorraine and INL-Braga. Exponential suppression of the topological gap in self-consistent intrinsic Majorana nanowires. Francisco Ricardo Lobo Ribeiro. ICMM-CSIC. Chiral &hellip; <a href=\"https:\/\/wp.icmm.csic.es\/emergence\/poster-sessions\/\" class=\"more-link\">Continue reading <span class=\"screen-reader-text\">POSTER SESSIONS<\/span> <span class=\"meta-nav\">&rarr;<\/span><\/a><\/p>\n","protected":false},"author":42,"featured_media":0,"parent":0,"menu_order":0,"comment_status":"closed","ping_status":"closed","template":"","meta":{"footnotes":""},"class_list":["post-386","page","type-page","status-publish","hentry"],"_links":{"self":[{"href":"https:\/\/wp.icmm.csic.es\/emergence\/wp-json\/wp\/v2\/pages\/386","targetHints":{"allow":["GET"]}}],"collection":[{"href":"https:\/\/wp.icmm.csic.es\/emergence\/wp-json\/wp\/v2\/pages"}],"about":[{"href":"https:\/\/wp.icmm.csic.es\/emergence\/wp-json\/wp\/v2\/types\/page"}],"author":[{"embeddable":true,"href":"https:\/\/wp.icmm.csic.es\/emergence\/wp-json\/wp\/v2\/users\/42"}],"replies":[{"embeddable":true,"href":"https:\/\/wp.icmm.csic.es\/emergence\/wp-json\/wp\/v2\/comments?post=386"}],"version-history":[{"count":31,"href":"https:\/\/wp.icmm.csic.es\/emergence\/wp-json\/wp\/v2\/pages\/386\/revisions"}],"predecessor-version":[{"id":525,"href":"https:\/\/wp.icmm.csic.es\/emergence\/wp-json\/wp\/v2\/pages\/386\/revisions\/525"}],"wp:attachment":[{"href":"https:\/\/wp.icmm.csic.es\/emergence\/wp-json\/wp\/v2\/media?parent=386"}],"curies":[{"name":"wp","href":"https:\/\/api.w.org\/{rel}","templated":true}]}}