{"id":1696,"date":"2017-11-27T16:30:51","date_gmt":"2017-11-27T15:30:51","guid":{"rendered":"http:\/\/www.icmm.csic.es\/eosmad\/?page_id=1696"},"modified":"2022-10-04T08:41:17","modified_gmt":"2022-10-04T08:41:17","slug":"recent-thesis","status":"publish","type":"page","link":"https:\/\/wp.icmm.csic.es\/eosmad\/recent-thesis\/","title":{"rendered":"Recent Thesis"},"content":{"rendered":"<h2><strong>2022<\/strong><\/h2>\n<hr>\n<h3><span style=\"color: #800000\">MSc Thesis<\/span><\/h3>\n<p><strong>Procesado a baja temperatura de l\u00e1minas delgadas flexibles de BiFeO3 con propiedades fotovoltaicas y fotocatal\u00edticas<\/strong><br \/>\n<span style=\"color: #000080\"><strong>Ares Mu\u00f1oz Solano<\/strong><\/span><br \/>\n<em>M\u00e1ster en Qu\u00edmica para la Sostenibilidad y Energ\u00eda. Universidad de Alcal\u00e1 de Henares (UAH)<\/em><strong><b><br \/>\n<\/b><\/strong>Supervisor: Dr. \u00cd\u00f1igo Bretos<\/p>\n<p><strong>Fotoferroel\u00e9ctricos para aplicaciones en recolecci\u00f3n de diferentes fuentes de energ\u00eda: caracterizaci\u00f3n en la nanoescala<\/strong><br \/>\n<span style=\"color: #000080\"><strong>Paula Prieto Porras<\/strong><\/span><br \/>\n<em>M\u00e1ster en Energ\u00edas y Combustibles para el Futuro. Universidad Aut\u00f3noma de Madrid (UAM)<\/em><strong><b><br \/>\n<\/b><\/strong>Supervisor: Dr. Jes\u00fas Ricote<\/p>\n<p><strong>Aplicaci\u00f3n del Comsol Multiphysics 6.0 para la simulaci\u00f3n de un recolector de energ\u00eda multifuente<\/strong><br \/>\n<span style=\"color: #000080\"><strong>Jorge Mena Carrera<\/strong><\/span><br \/>\n<em>M\u00e1ster en Energ\u00edas y Combustibles para el Futuro. Universidad Aut\u00f3noma de Madrid (UAM)<\/em><strong><b><br \/>\n<\/b><\/strong>Supervisor: Dr. Miguel Alguer\u00f3<\/p>\n<p><strong>Materiales multiferroicos-magnetoel\u00e9ctricos. Sistema ternario Bi3Ti1-2x-yNb1+xFexMnyO9<\/strong><br \/>\n<span style=\"color: #000080\"><strong>Adriana Barreto Crespo<\/strong><\/span><br \/>\n<em>M\u00e1ster en Energ\u00edas y Combustibles para el Futuro. Universidad Aut\u00f3noma de Madrid (UAM)<\/em><strong><b><br \/>\n<\/b><\/strong>Supervisor: Prof. Alicia Castro<\/p>\n<h2>&nbsp;<\/h2>\n<h2><strong>2021<\/strong><\/h2>\n<hr>\n<h3><span style=\"color: #800000\">MSc Thesis<\/span><\/h3>\n<p><strong>Flexible ferroelectric BiFeO3 perovskite thin films processed by photo-chemical solution deposition<\/strong>&nbsp;&nbsp;<br \/>\n<span style=\"color: #000080\"><strong>Alicia G\u00f3mez L\u00f3pez<\/strong><\/span><br \/>\n<em>M\u00e1ster en Materiales Avanzados, Nanotecnolog\u00eda y Fot\u00f3nica. Universidad Aut\u00f3noma de Madrid (UAM)<\/em><strong><b><br \/>\n<\/b><\/strong>Supervisors: Prof. M. Lourdes Calzada, Dr. Ricardo Jim\u00e9nez<\/p>\n<p><strong>Aplicaci\u00f3n de la herramienta COMSOL Multiphysics v.5.3 a la simulaci\u00f3n de la respuesta magnetoel\u00e9ctrica de materiales compuestos magnetostrictivo-piezoel\u00e9ctrico para recuperaci\u00f3n de energ\u00eda<\/strong>&nbsp;<br \/>\n<span style=\"color: #000080\"><strong>Ra\u00fal Sala G\u00f3mez<\/strong><\/span><br \/>\n<em>M\u00e1ster en Energ\u00edas y Combustibles para el Futuro. Universidad Aut\u00f3noma de Madrid (UAM)<\/em><strong><b><br \/>\n<\/b><\/strong>Supervisors: Dr. Miguel Alguer\u00f3, Dr. Harvey Amor\u00edn<\/p>\n<h3><span style=\"color: #800000\">BSc Thesis<\/span><\/h3>\n<p><strong>Dise\u00f1o, s\u00edntesis y caracterizaci\u00f3n de materiales multiferr\u00f3icos magnetoel\u00e9ctricos con estructura tipo Aurivillius<\/strong>&nbsp;&nbsp;<br \/>\n<span style=\"color: #000080\"><strong>Adriana Barreto Crespo<\/strong><\/span><br \/>\n<em>Universidad Aut\u00f3noma de Madrid (UAM)<\/em><strong><b><br \/>\n<\/b><\/strong>Supervisors: Prof. A. Castro<\/p>\n<p>&nbsp;<\/p>\n<h2><strong>2020<\/strong><\/h2>\n<hr>\n<h3><span style=\"color: #800000\">PhD Thesis<\/span><\/h3>\n<p><strong>Advanced Synthesis and Processing of the New Y1-xBixMnO3 and Y1-xBixMn1-xFexO3 Systems Designed to Show Multiferroicity: Structural, Electrical and Magnetic Studies<\/strong><br \/>\n<span style=\"color: #000080\"><strong>Jos\u00e9 \u00c1ngel Quintana Cilleruelo<\/strong><\/span><br \/>\n<em>Universidad Internacional Men\u00e9ndez y Pelayo (UIMP)<\/em><br \/>\nSupervisors: Prof. Alicia Castro, Dr. Miguel Alguer\u00f3<\/p>\n<h3><span style=\"color: #800000\">BSc Thesis<\/span><\/h3>\n<p><strong>Estrategias de baja temperatura para la cristalizaci\u00f3n de l\u00e1minas delgadas de BiFeO3 por m\u00e9todos qu\u00edmicos en disoluci\u00f3n<\/strong><br \/>\n<span style=\"color: #000080\"><strong>Adela Michelle Jaramillo Vera<\/strong><\/span><br \/>\n<em>Grado en Ingenier\u00eda Qu\u00edmica. Universidad Aut\u00f3noma de Madrid (UAM)<\/em><br \/>\nSupervisors: Dr. \u00cd\u00f1igo Bretos, Prof. M. Lourdes Calzada<\/p>\n<p><strong>Dise\u00f1o de sistemas de irradiaci\u00f3n con luz UV para el procesado de precursores de baja temperatura de l\u00e1minas delgadas de BiFeO3<\/strong><br \/>\n<span style=\"color: #000080\"><strong>Alicia G\u00f3mez L\u00f3pez<\/strong><\/span><br \/>\n<em>Grado en Ingenier\u00eda Qu\u00edmica. Universidad Aut\u00f3noma de Madrid (UAM)<\/em><br \/>\n<span style=\"text-decoration: underline\">Supervisors<\/span>: Prof. M. Lourdes Calzada, Dr. \u00cd\u00f1igo Bretos<\/p>\n<p><strong>&nbsp;<\/strong><\/p>\n<h2><strong>2019<\/strong><\/h2>\n<hr>\n<h3><span style=\"color: #800000\">MSc Thesis<\/span><\/h3>\n<p><strong>Nuevos materiales tipo Aurivillius para tecnolog\u00edas magnetoel\u00e9ctricas de recolecci\u00f3n de energ\u00eda<\/strong>&nbsp;&nbsp;&nbsp;<br \/>\n<strong><span style=\"color: #000080\">Jorge Sanz Mateo<\/span><\/strong><br \/>\n<b><\/b><em>M\u00e1ster en Energ\u00edas y Combustibles para el Futuro. Universidad Aut\u00f3noma de Madrid (UAM)<\/em><strong><b><br \/>\n<\/b><\/strong><span style=\"text-decoration: underline\">Supervisors<\/span>: Dr. Miguel Alguer\u00f3, Prof. Alicia Castro<\/p>\n<p><strong>Procesado por spark plasma sintering de composites cer\u00e1micos magnetoel\u00e9ctricos dise\u00f1ados para recuperaci\u00f3n de energ\u00eda<\/strong>&nbsp;&nbsp;<br \/>\n<strong><span style=\"color: #000080\">Julia Garc\u00eda Gonz\u00e1lez<\/span><\/strong><br \/>\n<b><\/b><em>M\u00e1ster en Energ\u00edas y Combustibles para el Futuro. Universidad Aut\u00f3noma de Madrid (UAM)<\/em><strong><b><br \/>\n<\/b><\/strong><span style=\"text-decoration: underline\">Supervisor<\/span>: Dr. Harvey Amor\u00edn<\/p>\n<p><strong>Fotoactivaci\u00f3n con UV de l\u00e1minas delgadas ferroel\u00e9ctricas de BiFeO<sub>3<\/sub> para su integraci\u00f3n sobre sustratos flexibles<\/strong>&nbsp;<br \/>\n<span style=\"color: #000080\"><strong>Mar\u00eda Os\u00e9s Fern\u00e1ndez<\/strong><\/span><br \/>\n<em>M\u00e1ster en Ciencia y Tecnolog\u00eda de Materiales. Universidad Carlos III de Madrid (UC3M)<\/em><strong><b><br \/>\n<\/b><\/strong><span style=\"text-decoration: underline\">Supervisors<\/span>: Prof. M. Lourdes Calzada, Dr. Rafael Sirera<\/p>\n<h3><span style=\"color: #800000\">BSc Thesis<\/span><\/h3>\n<p><strong>Descomposici\u00f3n de precursores moleculares de \u00f3xidos met\u00e1licos asisitida por fotocat\u00e1lisis heterog\u00e9nea<\/strong><br \/>\n<span style=\"color: #000080\"><strong>Selene Garc\u00eda Kleczar<\/strong><\/span><br \/>\n<em>Grado en Ingenier\u00eda Qu\u00edmica. Universidad Aut\u00f3noma de Madrid (UAM)<\/em><br \/>\n<span style=\"text-decoration: underline\">Supervisors<\/span>: Dr. I\u00f1igo Bretos, Prof. Lourdes Calzada<\/p>\n<h2>&nbsp;<\/h2>\n<h2><strong>2018<\/strong><\/h2>\n<hr>\n<h3><span style=\"color: #800000\">MSc Thesis<\/span><\/h3>\n<p><strong>Efecto del procesado por Spark Plasma Sintering en materiales cer\u00e1micos piezoel\u00e9ctricos del sistema BiScO<sub>3<\/sub>-PbTiO<sub>3<\/sub> dise\u00f1ados para recuperaci\u00f3n de energ\u00eda<\/strong>&nbsp;&nbsp;&nbsp;&nbsp;<br \/>\n<strong><b><span style=\"color: #000080\"><strong>L\u00eda Campos Ar\u00edas<\/strong><\/span><br \/>\n<\/b><\/strong><em>M\u00e1ste<span style=\"color: #000000\">r en Energ\u00edas y<\/span> Combustibles para el Futuro. Universidad Aut\u00f3noma de Madrid (UAM)<\/em><strong><b><br \/>\n<\/b><\/strong><span style=\"text-decoration: underline\">Supervisors<\/span>: Dr. Miguel Alguer\u00f3, Prof. Alicia Castro<\/p>\n<p><strong><b>Dise\u00f1o y fabricaci\u00f3n de un transductor magnetoel\u00e9ctrico para recuperaci\u00f3n de energ\u00eda<br \/>\n<span style=\"color: #000080\"><strong>Macarena Guerrero Vejar<\/strong><\/span><br \/>\n<\/b><\/strong><em>M\u00e1ster en Energ\u00edas y Combustibles para el Futuro. Universidad Aut\u00f3noma de Madrid (UAM)<\/em><br \/>\n<span style=\"text-decoration: underline\">Supervisors<\/span>: Dr. Miguel Alguer\u00f3, Dr. Harvey Amor\u00edn<\/p>\n<p><strong><b>S\u00edntesis en disoluci\u00f3n de complejos fotosensibles de Fe(III)-N-metildietanolamina para la preparaci\u00f3n a baja temperatura de l\u00e1minas delgadas ferroel\u00e9ctricas de BiFeO3<\/b><\/strong><br \/>\n<span style=\"color: #000080\"><strong>Sandra Ramos Inza<\/strong><\/span><br \/>\n<em>M\u00e1ster en Qu\u00edmica Aplicada, Facultad de Ciencias, Universidad Aut\u00f3noma de Madrid (UAM)<\/em><br \/>\n<span style=\"text-decoration: underline\">Supervisors<\/span>: Prof. M. Lourdes Calzada, Dr. Rafael Sirera<\/p>\n<p><strong>Nuevos materiales multiferroicos con estructura tipo Aurivillius para tecnolog\u00edas magnetoel\u00e9ctricas<\/strong><br \/>\n<span style=\"color: #000080\"><strong>Miguel P\u00e9rez Cerd\u00e1n<\/strong><\/span><br \/>\n<em>M\u00e1ster en Nanof\u00edsica y Materiales Avanzados. Universidad Complutense de Madrid (UCM)<\/em><br \/>\n<span style=\"text-decoration: underline\">Supervisors<\/span>: Prof. Alicia Castro, Dr. Miguel Alguer\u00f3<\/p>\n<h3><span style=\"color: #800000\">BSc Thesis<\/span><\/h3>\n<p><strong>Cristalizaci\u00f3n de l\u00e1minas de Pb(Zr,Ti)O<sub>3<\/sub> a bajas temperaturas: Efectos en la microestructura y en las propiedades piezoel\u00e9ctricas<\/strong><br \/>\n<span style=\"color: #000080\"><strong>Jes\u00fas Nevado Rodr\u00edguez<\/strong><\/span><br \/>\n<em>Grado en F\u00edsicas. Universidad Aut\u00f3noma de Madrid (UAM)<\/em><br \/>\n<span style=\"text-decoration: underline\">Supervisor<\/span>: Dr. Jes\u00fas Ricote<\/p>\n<h2>&nbsp;<\/h2>\n<h2><strong>2017<\/strong><\/h2>\n<hr>\n<h3><span style=\"color: #800000\">PhD Thesis<\/span><\/h3>\n<p><strong>Obten\u00e7\u00e3o e aprimoramento das propriedades de comp\u00f3sitos magnetoel\u00e9tricos livres de elementos t\u00f3xicosAdvanced Synthesis and Processing of the New Y1-xBixMnO3 and Y1-xBixMn1-xFexO3 Systems Designed to Show Multiferroicity: Structural, Electrical and Magnetic Studies<\/strong><br \/>\n<span style=\"color: #000080\"><strong>Washington Santa Rosa<\/strong><\/span><br \/>\n<em>Universidade Federale de S\u00e3o Carlos (Brazil)<\/em><br \/>\nSupervisors: Dr. Michel Venet, Dr. Miguel Alguer\u00f3<\/p>\n<h3><span style=\"color: #800000\">MSc Thesis<\/span><\/h3>\n<p><strong>Estudio del efecto de la preparaci\u00f3n por prensado en caliente de materiales piezoel\u00e9ctricos y composites magnetoel\u00e9ctricos del sistema BiScO<sub>3<\/sub>-PbTiO<sub>3<\/sub> para su uso en recuperaci\u00f3n de energ\u00eda<\/strong><br \/>\n<span style=\"color: #000080\"><strong>Victor Gonz\u00e1lez Gonz\u00e1lez<\/strong><\/span><br \/>\n<em>M\u00e1ster en Energ\u00edas y Combustibles para el Futuro. Universidad Aut\u00f3noma de Madrid (UAM)<\/em><br \/>\n<span style=\"text-decoration: underline\">Supervisors<\/span>: Dr. Miguel Alguer\u00f3, Prof. Alicia Castro<\/p>\n<p>&nbsp;<\/p>\n<h2><strong>2016<\/strong><\/h2>\n<hr>\n<h3><span style=\"color: #800000\">PhD Thesis<\/span><\/h3>\n<p><a href=\"http:\/\/hdl.handle.net\/10261\/157815\" target=\"_blank\" rel=\"noopener noreferrer\"><strong>Novel Multiferroic Magnetoelectric Materials from the Bi<b><sub>x+y<\/sub><\/b>Pb<b><sub>1-x-y<\/sub><\/b>Fe<b><sub>x<\/sub><\/b>Mn<b><sub>y<\/sub><\/b>Ti<b><sub>1-x-y<\/sub><\/b>O<b><sub>3<\/sub><\/b> Ternary System along the Line of Morphotropic Phase Boundaries<\/strong><\/a><br \/>\n<span style=\"color: #000080\"><strong>Carmen Mar\u00eda Fern\u00e1ndez Posada<\/strong><\/span><br \/>\n<em>Universidad Aut\u00f3noma de Madrid (UAM)<\/em><br \/>\n<span style=\"text-decoration: underline\">Supervisors<\/span>: Dr. Harvey Amor\u00edn,&nbsp;Prof. Alicia Castro<\/p>\n<p><a href=\"http:\/\/digital.csic.es\/handle\/10261\/133816\" target=\"_blank\" rel=\"noopener noreferrer\"><b>L\u00e1minas Delgadas de (Bi<strong><sub>0.5<\/sub><\/strong>Na<strong><sub>0.5<\/sub><\/strong>)<strong><sub>1-x<\/sub><\/strong>Ba<strong><sub>x<\/sub><\/strong>TiO<strong><sub>3<\/sub><\/strong>&nbsp;en torno a la Frontera de Fase Morfotr\u00f3pica Preparadas por M\u00e9todos de Dep\u00f3sito Qu\u00edmico y Fotoqu\u00edmico de Disoluciones<\/b><\/a><br \/>\n<span style=\"color: #000080\"><strong>Mar\u00eda Dulce P\u00e9rez Mezcua<\/strong><\/span><br \/>\n<em>Universidad&nbsp;de Navarra (UNAV)<\/em><br \/>\n<span style=\"text-decoration: underline\">Supervisors<\/span>: Dr. Rafael Sirera,&nbsp;Prof.&nbsp;M. Lourdes Calzada<\/p>\n<h3><span style=\"color: #800000\">MSc Thesis<\/span><\/h3>\n<p><strong>Caracterizaci\u00f3n de intercaras en materiales compuestos magnetoel\u00e9ctricos para alimentaci\u00f3n remota<\/strong><br \/>\n<span style=\"color: #000080\"><strong>Clara D\u00edez Fern\u00e1ndez<\/strong><\/span><br \/>\n<em>M\u00e1ster en Energ\u00edas y Combustibles para el Futuro. Universidad Aut\u00f3noma de Madrid (UAM)<\/em><br \/>\n<span style=\"text-decoration: underline\">Supervisors<\/span>: Dr. Jes\u00fas Ricote, Dr. Miguel Alguer\u00f3<\/p>\n<h3><span style=\"color: #800000\">BSc Thesis<\/span><\/h3>\n<p><strong>Cristalizaci\u00f3n asistida por centros de nucleaci\u00f3n y fotocat\u00e1lisis heterog\u00e9nea para el procesado a baja temperatura de l\u00e1minas delgadas de BiFeO<sub>3<\/sub><\/strong><br \/>\n<span style=\"color: #000080\"><strong>\u00c1ngelica D\u00e1vila Romero<\/strong><\/span><br \/>\n<em>Grado en Ingenier\u00eda Qu\u00edmica. Universidad Aut\u00f3noma de Madrid (UAM)<\/em><br \/>\n<span style=\"text-decoration: underline\">Supervisors<\/span>: Dr. I\u00f1igo Bretos, Prof. Lourdes Calzada&nbsp;<\/p>\n<p>&nbsp;<\/p>\n<h2><strong>2015<\/strong><\/h2>\n<hr>\n<h3><span style=\"color: #800000\">PhD Thesis<\/span><\/h3>\n<p><a href=\"http:\/\/digital.csic.es\/handle\/10261\/125762\" target=\"_blank\" rel=\"noopener noreferrer\"><b>Lead-free Ferroic Multilayer Composite Films Based on (Bi<strong><sub>0.5<\/sub><\/strong>Na<strong><sub>0.5<\/sub><\/strong>)TiO<strong><sub>3<\/sub><\/strong>-BaTiO<strong><sub>3<\/sub><\/strong> and BiFeO<strong><sub>3<\/sub><\/strong><\/b><\/a><br \/>\n<span style=\"color: #000080\"><strong>Armando Janier Perez Rivero<\/strong><\/span><br \/>\n<em>Universidad Aut\u00f3noma de Madrid (UAM)<\/em><br \/>\n<span style=\"text-decoration: underline\">Supervisors<\/span>: Dr. Jes\u00fas Ricote, Dr. Ricardo Jim\u00e9nez<\/p>\n<h3><span style=\"color: #800000\">MSc Thesis<\/span><\/h3>\n<p><strong>Caracterizaci\u00f3n de intercaras en transductores magnetoel\u00e9ctricos cer\u00e1micos para la alimentaci\u00f3n de dispositivos con campos magn\u00e9ticos<\/strong><br \/>\n<span style=\"color: #000080\"><strong>Ivan San Felipe Ca\u00f1ada<\/strong><\/span><br \/>\n<em>M\u00e1ster en Energ\u00edas y Combustibles para el Futuro. Universidad Aut\u00f3noma de Madrid (UAM)<\/em><br \/>\n<span style=\"text-decoration: underline\">Supervisors<\/span>: Dr. Jes\u00fas Ricote, Dr. Miguel Alguer\u00f3<\/p>\n<p><strong>Descomposici\u00f3n de precursores l\u00edquidos de BiFeO<b><sub>3<\/sub><\/b> asisitida por fotocat\u00e1lisis heterog\u00e9nea de TiO<b><sub>2<\/sub><\/b> para el procesado a baja temperatura de l\u00e1minas delgadas flexibles<\/strong><br \/>\n<span style=\"color: #000080\"><strong>Alejandra Cano S\u00e1nchez<\/strong><\/span><br \/>\n<em>M\u00e1ster Interuniversitario en Ingeneria Qu\u00edmica. Universidad Aut\u00f3noma de Madrid (UAM)-Universidad Rey Juan Carlos (URJC)<\/em><br \/>\n<span style=\"text-decoration: underline\">Supervisors<\/span>: Dr. I\u00f1igo Bretos, Dr. Ricardo Jim\u00e9nez<\/p>\n<p>&nbsp;<\/p>\n<h2><strong>2014<\/strong><\/h2>\n<hr>\n<h3><span style=\"color: #800000\">PhD Thesis<\/span><\/h3>\n<p><strong>Materiales Multiferroicos con F\u00f3rmula General Bi<b><sub>x+y<\/sub><\/b>Pb<b><sub>1-x-y<\/sub><\/b>Fe<b><sub>x<\/sub><\/b>Mn<b><sub>y<\/sub><\/b>Ti<b><sub>1-x-y<\/sub><\/b>O<b><sub>3<\/sub><\/b>. Desde su S\u00edntesis y su Nanoestructuraci\u00f3n hasta sus Propiedades Ferroicas<\/strong><br \/>\n<span style=\"color: #000080\"><strong>Covadonga Correas L\u00f3pez<\/strong><\/span><br \/>\n<em>Universidad Aut\u00f3noma de Madrid (UAM)<\/em><br \/>\n<span style=\"text-decoration: underline\">Supervisors<\/span>: Prof. Alicia Castro, Dr. Teresa Hungr\u00eda<\/p>\n<h3><span style=\"color: #800000\">MSc Thesis<\/span><\/h3>\n<p><strong>Materiales compuestos magnetoel\u00e9ctricos para alimentaci\u00f3n remota: demostraci\u00f3n de un transductor magnetoel\u00e9ctrico basado en BiScO<sub>3<\/sub>-PbTiO<sub>3<\/sub> y Terfenol-D<\/strong><br \/>\n<span style=\"color: #000080\"><strong>Cristina Pascual Gonz\u00e1lez<\/strong><\/span><br \/>\n<em>M\u00e1ster en Energ\u00edas y Combustibles para el Futuro. Universidad Aut\u00f3noma de Madrid (UAM)<\/em><br \/>\n<span style=\"text-decoration: underline\">Supervisors<\/span>: Dr. Miguel Alguer\u00f3, Dr. Harvey Amor\u00edn<\/p>\n<p>&nbsp;<\/p>\n<h2><strong>2013<\/strong><\/h2>\n<hr>\n<h3><span style=\"color: #800000\">PhD Thesis<\/span><\/h3>\n<p><a href=\"http:\/\/digital.csic.es\/handle\/10261\/76895\" target=\"_blank\" rel=\"noopener noreferrer\"><strong>Piezoelectric Multilayer Composite Thin Films Based on Pb(Mg<sub>1\/3<\/sub>Nb<sub>2\/3<\/sub>)O<sub>3<\/sub>\u2013PbTiO<sub>3<\/sub>: Preparation and Characterization<\/strong><\/a><br \/>\n<span style=\"color: #000080\"><strong>Haitham El Hosiny<\/strong><\/span><br \/>\n<em>Universidad Aut\u00f3noma de Madrid (UAM)<\/em><br \/>\n<span style=\"text-decoration: underline\">Supervisors<\/span>: Dr. Ricardo Jim\u00e9nez, Dr. Jes\u00fas Ricote<\/p>\n<h3><span style=\"color: #800000\">MSc Thesis<\/span><\/h3>\n<p><strong>Cer\u00e1micas piezoel\u00e9ctricas para recolecci\u00f3n de energ\u00eda<\/strong><br \/>\n<span style=\"color: #000080\"><strong>Eider Berganza Eguiarte<\/strong><\/span><br \/>\n<em>M\u00e1ster en Energ\u00edas y Combustibles para el Futuro. Universidad Aut\u00f3noma de Madrid (UAM)<\/em><br \/>\n<span style=\"text-decoration: underline\">Supervisors<\/span>: Dr. Miguel Alguer\u00f3, Dr. Harvey Amor\u00edn<\/p>\n","protected":false},"excerpt":{"rendered":"<p>2022 MSc Thesis Procesado a baja temperatura de l\u00e1minas delgadas flexibles de BiFeO3 con propiedades fotovoltaicas y fotocatal\u00edticas Ares Mu\u00f1oz Solano M\u00e1ster en Qu\u00edmica para&#8230;<\/p>\n","protected":false},"author":1,"featured_media":0,"parent":0,"menu_order":0,"comment_status":"closed","ping_status":"closed","template":"page-template-fullwidth.php","meta":{"ngg_post_thumbnail":0,"footnotes":""},"class_list":["post-1696","page","type-page","status-publish","hentry"],"_links":{"self":[{"href":"https:\/\/wp.icmm.csic.es\/eosmad\/wp-json\/wp\/v2\/pages\/1696","targetHints":{"allow":["GET"]}}],"collection":[{"href":"https:\/\/wp.icmm.csic.es\/eosmad\/wp-json\/wp\/v2\/pages"}],"about":[{"href":"https:\/\/wp.icmm.csic.es\/eosmad\/wp-json\/wp\/v2\/types\/page"}],"author":[{"embeddable":true,"href":"https:\/\/wp.icmm.csic.es\/eosmad\/wp-json\/wp\/v2\/users\/1"}],"replies":[{"embeddable":true,"href":"https:\/\/wp.icmm.csic.es\/eosmad\/wp-json\/wp\/v2\/comments?post=1696"}],"version-history":[{"count":31,"href":"https:\/\/wp.icmm.csic.es\/eosmad\/wp-json\/wp\/v2\/pages\/1696\/revisions"}],"predecessor-version":[{"id":3168,"href":"https:\/\/wp.icmm.csic.es\/eosmad\/wp-json\/wp\/v2\/pages\/1696\/revisions\/3168"}],"wp:attachment":[{"href":"https:\/\/wp.icmm.csic.es\/eosmad\/wp-json\/wp\/v2\/media?parent=1696"}],"curies":[{"name":"wp","href":"https:\/\/api.w.org\/{rel}","templated":true}]}}