{"id":939,"date":"2016-12-09T11:15:11","date_gmt":"2016-12-09T10:15:11","guid":{"rendered":"http:\/\/www.icmm.csic.es\/eosmad\/?page_id=939"},"modified":"2020-06-23T10:40:49","modified_gmt":"2020-06-23T10:40:49","slug":"selected-publications","status":"publish","type":"page","link":"https:\/\/wp.icmm.csic.es\/eosmad\/people\/present-members\/dr-miguel-alguero\/selected-publications\/","title":{"rendered":"selected publications"},"content":{"rendered":"<div style=\"float: left;width: 35%\"><a href=\"https:\/\/wp.icmm.csic.es\/eosmad\/wp-content\/uploads\/sites\/31\/2016\/12\/Foto-para-perfil.jpg\"><img loading=\"lazy\" decoding=\"async\" class=\"alignnone size-medium wp-image-2725\" src=\"https:\/\/wp.icmm.csic.es\/eosmad\/wp-content\/uploads\/sites\/31\/2020\/06\/Foto-Miguel-Alguer\u00f3-2020-4_3-225x300.jpg\" alt=\"\" width=\"225\" height=\"300\" srcset=\"https:\/\/wp.icmm.csic.es\/eosmad\/wp-content\/uploads\/sites\/31\/2020\/06\/Foto-Miguel-Alguer\u00f3-2020-4_3-225x300.jpg 225w, https:\/\/wp.icmm.csic.es\/eosmad\/wp-content\/uploads\/sites\/31\/2020\/06\/Foto-Miguel-Alguer\u00f3-2020-4_3-768x1024.jpg 768w, https:\/\/wp.icmm.csic.es\/eosmad\/wp-content\/uploads\/sites\/31\/2020\/06\/Foto-Miguel-Alguer\u00f3-2020-4_3.jpg 971w\" sizes=\"auto, (max-width: 225px) 100vw, 225px\" \/><\/a><\/div>\n<h2 style=\"float: right;width: 65%\"><span style=\"color: #c0504d\"><strong>CSIC Senior&nbsp;Researcher<\/strong><\/span><\/h2>\n<h4><strong><a href=\"mailto:malguero@icmm.csic.es\" target=\"_blank\" rel=\"noopener noreferrer\">malguero@icmm.csic.es<\/a><\/strong><\/h4>\n<div style=\"float: right;width: 65%\">\n<div>\n<div><strong>\u2022 Current research projects: <a href=\"https:\/\/wp.icmm.csic.es\/eosmad\/funding-2\/\" target=\"_blank\" rel=\"noopener noreferrer\">MAT2017-88788-R<\/a> (Spanish National Research Agency)<\/strong><\/div>\n<div><strong>\u2022 Scientific production: <a href=\"http:\/\/www.researcherid.com\/rid\/K-4222-2012\" target=\"_blank\" rel=\"noopener noreferrer\"><img loading=\"lazy\" decoding=\"async\" class=\"irc_mi\" src=\"https:\/\/blogs.helsinki.fi\/thinkopen\/files\/2018\/06\/ORCID-icon-300x300.png\" alt=\"Resultado de imagen de research id\" data-iml=\"1551083055634\" width=\"29\" height=\"29\"><\/a>&nbsp;<a href=\"http:\/\/orcid.org\/0000-0001-9396-9459\" target=\"_blank\" rel=\"noopener noreferrer\">&nbsp; <img loading=\"lazy\" decoding=\"async\" class=\"\" src=\"https:\/\/orcid.org\/sites\/all\/themes\/orcidResponsiveNoto\/img\/orcid-logo.png\" alt=\"ORCID logo\" width=\"95\" height=\"29\">&nbsp; <\/a><a href=\"https:\/\/scholar.google.com\/citations?user=zJEzPakAAAAJ&amp;hl=en\" target=\"_blank\" rel=\"noopener noreferrer\"><img loading=\"lazy\" decoding=\"async\" class=\"transparent\" src=\"https:\/\/upload.wikimedia.org\/wikipedia\/commons\/a\/a9\/Google_Scholar_logo_2015.PNG\" alt=\"https:\/\/upload.wikimedia.org\/wikipedia\/commons\/a\/a9\/Google_Scholar_logo_2015.PNG\" width=\"69\" height=\"26\"><\/a><\/strong><\/div>\n<div><strong><span class=\"border-size\"><span class=\"destacar\">&nbsp;<\/span><\/span><\/strong><\/div>\n<\/div>\n<\/div>\n<div style=\"clear: both\">&nbsp;<\/div>\n<ol>\n<li>Fernandez-Posada CM, Castro A, Kiat JM, Porcher F, Pe\u00f1a O, Jimenez R, <u>Alguer\u00f3 M<\/u>, Amorin H. <em>The polar\/antipolar phase boundary of BiMnO<sub>3<\/sub>-BiFeO<sub>3<\/sub>-PbTiO<sub>3<\/sub>: interplay among crystal structure, point defects, and multiferroism<\/em> . <strong>Advanced&nbsp; Functional Materials<\/strong> 28, 1802338 (2018).<\/li>\n<li>Amor\u00edn H, Ricote J, San-Felipe I, Salazar N, del Campo R, Romaguera-Barcelay Y, P\u00e9rez de la Cruz J, Ramos P, Vila E, Castro A,&nbsp; <u>Alguer\u00f3 M<\/u>. <em>Multilayer ceramic magnetoelectric composites with tailored interfaces for enhanced response<\/em><strong>. ACS Applied Materials &amp; Interfaces<\/strong> 9, 39094-39104 (2017).<\/li>\n<li>Fern\u00e1ndez-Posada CM, Castro A, Kiat JM, Porcher F, Pe\u00f1a O, <span style=\"text-decoration: underline\">Alguer\u00f3 M<\/span>, Amor\u00edn H. <em>A novel perovskite oxide chemically designed to show multiferroic phase boundary with room-temperature magnetoelectricity<\/em>. <strong>Nature Communications<\/strong> 7, 12772 (2016).<\/li>\n<li><span style=\"text-decoration: underline\">Alguer\u00f3 M<\/span>, Ricote J, Torres M, Amor\u00edn H, Alberca H, Iglesias-Freire O, Nemes N, Holgado S, Cervera M, Piqueras J, Asenjo A, Garc\u00eda-Hern\u00e1ndez M. <em>Thin film multiferroic nanocomposites by ion implantation<\/em>. <strong>ACS Applied Materials &amp; Interfaces<\/strong> 6, 1909-1915 (2014).<\/li>\n<li>Amorin H, Ursic H, Ramos P, Holc J, Moreno R,&nbsp; Chateigner D,&nbsp; Ricote J, <u>Alguer\u00f3 M. <\/u><em>Pb(Mg<sub>1\/3<\/sub>Nb<sub>2\/3<\/sub>)O<sub>3<\/sub>-PbTiO<sub>3<\/sub> textured ceramics with high piezoelectric response by a novel templated grain growth approach<\/em>. <strong>Journal of the American Ceramic Society<\/strong> 97, 420-426 (2014).<\/li>\n<li>Amor\u00edn H, Correas C, Ramos P, Hungr\u00eda T, Castro A, <span style=\"text-decoration: underline\">Alguer\u00f3 M<\/span>. <em>Very high remnant polarization and phase-change electromechanical response of BiFeO<sub>3<\/sub>-PbTiO<sub>3<\/sub> at the multiferroic morphotropic phase boundary<\/em>. <strong>Applied Physics Letters<\/strong> 101, 172908 (2012).<\/li>\n<li>Castro A, Vila E, Jimenez R, Hernandez-Velasco J, Hungria T, <u>Alguer\u00f3 M.<\/u> <em>Synthesis, structural characterization, and properties of perovskites belonging to the xBiMnO<sub>3<\/sub>-(1-x) PbTiO<sub>3<\/sub> system<\/em>. <strong>Chemistry of Materials <\/strong>&nbsp;22, &nbsp;541-550 (2010).<\/li>\n<li><span style=\"text-decoration: underline\">Alguer\u00f3 M<\/span>, Amor\u00edn H, Hungr\u00eda T, Galy J, Castro A. <em>Macroscopic ferroelectricity and piezoelectricity in nanostructured BiScO<sub>3<\/sub>-PbTiO<sub>3<\/sub> ceramics<\/em>.&nbsp;<strong>Applied Physics Letters<\/strong> 94, 012902 (2009).<\/li>\n<li>Jim\u00e9nez R, Amor\u00edn H, Ricote J, Carreaud J, Kiat JM, Dkhil B, Holc J, Kosec M, <span style=\"text-decoration: underline\">Alguer\u00f3 M<\/span>. <em>Effect of grain size on the transition between ferroelectric and relaxor states in 0.8Pb(Mg<sub>1\/3<\/sub>Nb<sub>2\/3<\/sub>)O<sub>3-<\/sub>0.2PbTiO<sub>3<\/sub> ceramics<\/em>. <strong>Physical Review B<\/strong> 78, 094103 (2008).<\/li>\n<li><span style=\"text-decoration: underline\">Alguer\u00f3 M<\/span>, Hungr\u00eda T, Amor\u00edn H, Ricote J, Galy J, Castro A. <em>Relaxor behavior, polarization buildup, and switching in nanostructured 0.92 PbZn<sub>1\/3<\/sub>Nb<sub>2\/3<\/sub>O<sub>3<\/sub>-0.08 PbTiO<sub>3<\/sub> ceramics<\/em>. <strong>Small<\/strong> 3, 1906 (2007).<\/li>\n<\/ol>\n","protected":false},"excerpt":{"rendered":"<p>CSIC Senior&nbsp;Researcher malguero@icmm.csic.es \u2022 Current research projects: MAT2017-88788-R (Spanish National Research Agency) \u2022 Scientific production: &nbsp;&nbsp; &nbsp; &nbsp; &nbsp; Fernandez-Posada CM, Castro A, Kiat JM,&#8230;<\/p>\n","protected":false},"author":1,"featured_media":0,"parent":933,"menu_order":0,"comment_status":"closed","ping_status":"closed","template":"page-template-fullwidth.php","meta":{"ngg_post_thumbnail":0,"footnotes":""},"class_list":["post-939","page","type-page","status-publish","hentry"],"_links":{"self":[{"href":"https:\/\/wp.icmm.csic.es\/eosmad\/wp-json\/wp\/v2\/pages\/939","targetHints":{"allow":["GET"]}}],"collection":[{"href":"https:\/\/wp.icmm.csic.es\/eosmad\/wp-json\/wp\/v2\/pages"}],"about":[{"href":"https:\/\/wp.icmm.csic.es\/eosmad\/wp-json\/wp\/v2\/types\/page"}],"author":[{"embeddable":true,"href":"https:\/\/wp.icmm.csic.es\/eosmad\/wp-json\/wp\/v2\/users\/1"}],"replies":[{"embeddable":true,"href":"https:\/\/wp.icmm.csic.es\/eosmad\/wp-json\/wp\/v2\/comments?post=939"}],"version-history":[{"count":5,"href":"https:\/\/wp.icmm.csic.es\/eosmad\/wp-json\/wp\/v2\/pages\/939\/revisions"}],"predecessor-version":[{"id":2728,"href":"https:\/\/wp.icmm.csic.es\/eosmad\/wp-json\/wp\/v2\/pages\/939\/revisions\/2728"}],"up":[{"embeddable":true,"href":"https:\/\/wp.icmm.csic.es\/eosmad\/wp-json\/wp\/v2\/pages\/933"}],"wp:attachment":[{"href":"https:\/\/wp.icmm.csic.es\/eosmad\/wp-json\/wp\/v2\/media?parent=939"}],"curies":[{"name":"wp","href":"https:\/\/api.w.org\/{rel}","templated":true}]}}