{"id":2525,"date":"2016-12-15T19:48:20","date_gmt":"2016-12-15T17:48:20","guid":{"rendered":"http:\/\/www.icmm.csic.es\/esisna\/?page_id=2525"},"modified":"2018-03-12T12:59:26","modified_gmt":"2018-03-12T12:59:26","slug":"cv-ja-espanol","status":"publish","type":"page","link":"https:\/\/wp.icmm.csic.es\/esisna\/cv-ja-espanol\/","title":{"rendered":"CV-JA-espa\u00f1ol"},"content":{"rendered":"<p><strong><em>Jose Angel Mart\u00edn Gago\u00a0<\/em><\/strong>(1964, Zamora) es Profesor de Investigaci\u00f3n del Consejo Superior de Investigaciones (CSIC) en el instituto de Ciencia de Materiales de Madrid (ICMM), donde dirige el\u00a0<a href=\"http:\/\/www.icmm.csic.es\/esisna\">grupo de investigaci\u00f3n ESISNA<\/a>\u00a0en el que se estudia, mediante microscop\u00edas de campo cercano en ultra alto vac\u00edo y t\u00e9cnicas de radiaci\u00f3n sincrotr\u00f3n, la estructura de sistemas de tama\u00f1o nanom\u00e9trico. Por otra parte estableci\u00f3 la unidad de simulaci\u00f3n de ambientes Planetarios y microscop\u00eda en el\u00a0<a href=\"http:\/\/cab.inta.es\/\">Centro de Astrobiolog\u00eda (CAB).<\/a>\u00a0(INTA-CSIC). En dicha unidad tecnol\u00f3gica se mantiene una plataforma tecnol\u00f3gica para simular diferentes entornos espaciales, como el planeta Marte. Forma parte de los comit\u00e9s cient\u00edficos internacionales de las instalaciones de radiaci\u00f3n sincrotr\u00f3n ALBA, ESRF y ELETTRA. Recientemente ha sido nombrado presidente de la asociaci\u00f3n espa\u00f1ola de vac\u00edo y sus aplicaciones (ASEVA)<\/p>\n<p>Los temas de investigaci\u00f3n a los que se dedica en la actualidad son muy variados y enclavados dentro de lo que se puede llamar nanociencia y nanotecnolog\u00eda. Ha publicado unos 150 art\u00edculos cient\u00edficos cient\u00edficos, muchos de ellos en las mejores revistas internacionales, y tiene dos patentes en explotaci\u00f3n. Entre los temas que se investigan en su grupo puede citarse la formaci\u00f3n y caracterizaci\u00f3n de nuevas mol\u00e9culas y estructuras bidimensionales desde precursores org\u00e1nicos sobre superficies, o el estudio del origen de la vida en la tierra desde el punto de vista de la nanociencia. Recientemente ha conseguido un contrato europeo ERC-Synergy\u00a0<em>(\u201cNANOCOSMOS: Gas and dust from stars to the laboratory: exploring the nanocosmos<\/em>\u201d), para construir instrumentaci\u00f3n que permita simular en laboratorio la formaci\u00f3n del polvo interestelar y sus procesos qu\u00edmicos.<\/p>\n<p>Su trayectoria se completa con una intensa actividad de divulgaci\u00f3n cient\u00edfica, que incluye la impartir conferencias divulgativas para p\u00fablico general, la coordinaci\u00f3n de cursos, o la escritura de libros de divulgaci\u00f3n (como, el nanomundo en tus manos, editorial critica) y novela cient\u00edfica (\u00c1dvent, las puertas de un nuevo mundo).<\/p>\n","protected":false},"excerpt":{"rendered":"<p>Jose Angel Mart\u00edn Gago\u00a0(1964, Zamora) es Profesor de Investigaci\u00f3n del Consejo Superior de Investigaciones (CSIC) en el instituto de Ciencia de Materiales de Madrid (ICMM), donde dirige el\u00a0grupo de investigaci\u00f3n ESISNA\u00a0en el que se estudia, mediante microscop\u00edas de campo cercano en ultra alto vac\u00edo y t\u00e9cnicas de radiaci\u00f3n sincrotr\u00f3n, la\u2026<\/p>\n<p> <a class=\"continue-reading-link\" href=\"https:\/\/wp.icmm.csic.es\/esisna\/cv-ja-espanol\/\"><span>Continue reading<\/span><i class=\"crycon-right-dir\"><\/i><\/a> <\/p>\n","protected":false},"author":50,"featured_media":0,"parent":0,"menu_order":0,"comment_status":"closed","ping_status":"closed","template":"","meta":{"ngg_post_thumbnail":0,"footnotes":""},"class_list":["post-2525","page","type-page","status-publish","hentry"],"_links":{"self":[{"href":"https:\/\/wp.icmm.csic.es\/esisna\/wp-json\/wp\/v2\/pages\/2525","targetHints":{"allow":["GET"]}}],"collection":[{"href":"https:\/\/wp.icmm.csic.es\/esisna\/wp-json\/wp\/v2\/pages"}],"about":[{"href":"https:\/\/wp.icmm.csic.es\/esisna\/wp-json\/wp\/v2\/types\/page"}],"author":[{"embeddable":true,"href":"https:\/\/wp.icmm.csic.es\/esisna\/wp-json\/wp\/v2\/users\/50"}],"replies":[{"embeddable":true,"href":"https:\/\/wp.icmm.csic.es\/esisna\/wp-json\/wp\/v2\/comments?post=2525"}],"version-history":[{"count":1,"href":"https:\/\/wp.icmm.csic.es\/esisna\/wp-json\/wp\/v2\/pages\/2525\/revisions"}],"predecessor-version":[{"id":2755,"href":"https:\/\/wp.icmm.csic.es\/esisna\/wp-json\/wp\/v2\/pages\/2525\/revisions\/2755"}],"wp:attachment":[{"href":"https:\/\/wp.icmm.csic.es\/esisna\/wp-json\/wp\/v2\/media?parent=2525"}],"curies":[{"name":"wp","href":"https:\/\/api.w.org\/{rel}","templated":true}]}}