{"id":2580,"date":"2017-03-14T17:28:01","date_gmt":"2017-03-14T15:28:01","guid":{"rendered":"http:\/\/www.icmm.csic.es\/esisna\/?page_id=2580"},"modified":"2026-02-10T11:00:59","modified_gmt":"2026-02-10T11:00:59","slug":"carlos-sanchez-sanchez","status":"publish","type":"page","link":"https:\/\/wp.icmm.csic.es\/esisna\/carlos-sanchez-sanchez\/","title":{"rendered":"Carlos S\u00e1nchez S\u00e1nchez"},"content":{"rendered":"<p>&nbsp;<\/p>\n<p><a href=\"https:\/\/wp.icmm.csic.es\/esisna\/wp-content\/uploads\/sites\/26\/2017\/03\/carlos-foto-2017.png\" rel=\"attachment wp-att-2590\"><img loading=\"lazy\" decoding=\"async\" class=\"aligncenter wp-image-2590\" src=\"https:\/\/wp.icmm.csic.es\/esisna\/wp-content\/uploads\/sites\/26\/2017\/03\/carlos-foto-2017.png\" alt=\"carlos-foto-2017\" width=\"253\" height=\"261\" srcset=\"https:\/\/wp.icmm.csic.es\/esisna\/wp-content\/uploads\/sites\/26\/2017\/03\/carlos-foto-2017.png 1918w, https:\/\/wp.icmm.csic.es\/esisna\/wp-content\/uploads\/sites\/26\/2017\/03\/carlos-foto-2017-291x300.png 291w, https:\/\/wp.icmm.csic.es\/esisna\/wp-content\/uploads\/sites\/26\/2017\/03\/carlos-foto-2017-768x792.png 768w, https:\/\/wp.icmm.csic.es\/esisna\/wp-content\/uploads\/sites\/26\/2017\/03\/carlos-foto-2017-644x664.png 644w\" sizes=\"auto, (max-width: 253px) 100vw, 253px\" \/><\/a><\/p>\n<p>I carried out my PhD at the Materials Science Institute of Madrid (ICMM-CSIC) from 2006 to 2011 under the supervision of Dr. Mar\u00eda Francisca L\u00f3pez Fag\u00fandez and Prof. Jos\u00e9 Angel Mart\u00edn-Gago. My thesis was focused on the study and characterization of the interaction of different organic\/inorganic adsorbates with the (1\u00d71) and (1\u00d72) surface terminations of rutile TiO<sub>2<\/sub> (110) single crystals through a multi-technique approach based on scanning tunneling microscopy (STM), low energy electron diffraction (LEED), X-ray and ultraviolet photoemission spectroscopies (XPS\/UPS), near-edge X ray absorption fine structure (NEXAFS) and X-ray photoelectron diffraction (XPD), always combined with density functional theory (DFT) calculations. After completing my PhD, I moved to the Materials Science Institute of Sevilla (ICMS-CSIC) under the supervision of Prof. Richard M. Lambert, from the University of Cambridge (UK) as the responsible of the variable-temperature STM laboratory. During this period (2011-2012, 17 months) my research was devoted to the study of the On-surface Sonogashira coupling of alkynes and halides on different metallic surfaces. After that, I accepted a position at the Swiss Federal Laboratories for Materials Science and Technology (EMPA) in Z\u00fcrich (Switzerland) under the supervision of Prof. Roman Fasel, where I worked on the on-surface bottom-up synthesis of atomically precise graphene nanoribbons (GNRs) and other low-dimensional nanostructures. After more than 3 years at EMPA, I returned to the ESISNA group at the ICMM first with a Juan de la Cierva Incorporaci\u00f3n Fellowship and then as a Ram\u00f3n y Cajal researcher. Since 2022, I have a permanent position and I am the responsible of the On-surface Synthesis research line at ESISNA, aiming at the understanding of new reactions on surfaces and their use for the synthesis of novel 0D, 1D and 2D nanostructures following a bottom-up approach.<\/p>\n<p>My research interests are On-surface Synthesis, low-dimensional organic nanostructures, and metal oxide surfaces under ultra-high vacuum conditions (UHV).<\/p>\n<p>ScopusID: 57188713073<\/p>\n<p>ORCID ID:&nbsp;<a href=\"http:\/\/orcid.org\/0000-0001-8644-3766\">0000-0001-8644-3766<\/a><\/p>\n<p>Google Scholar:&nbsp;<a href=\"https:\/\/scholar.google.es\/citations?user=YiP2DaYAAAAJ&amp;hl=es\">https:\/\/scholar.google.es\/citations?user=YiP2DaYAAAAJ&amp;hl=es<\/a><\/p>\n","protected":false},"excerpt":{"rendered":"<p>&nbsp; I carried out my PhD at the Materials Science Institute of Madrid (ICMM-CSIC) from 2006 to 2011 under the supervision of Dr. Mar\u00eda Francisca L\u00f3pez Fag\u00fandez and Prof. Jos\u00e9 Angel Mart\u00edn-Gago. My thesis was focused on the study and characterization of the interaction of different organic\/inorganic adsorbates with the\u2026<\/p>\n<p> <a class=\"continue-reading-link\" href=\"https:\/\/wp.icmm.csic.es\/esisna\/carlos-sanchez-sanchez\/\"><span>Continue reading<\/span><i class=\"crycon-right-dir\"><\/i><\/a> <\/p>\n","protected":false},"author":50,"featured_media":0,"parent":0,"menu_order":0,"comment_status":"closed","ping_status":"closed","template":"","meta":{"ngg_post_thumbnail":0,"footnotes":""},"class_list":["post-2580","page","type-page","status-publish","hentry"],"_links":{"self":[{"href":"https:\/\/wp.icmm.csic.es\/esisna\/wp-json\/wp\/v2\/pages\/2580","targetHints":{"allow":["GET"]}}],"collection":[{"href":"https:\/\/wp.icmm.csic.es\/esisna\/wp-json\/wp\/v2\/pages"}],"about":[{"href":"https:\/\/wp.icmm.csic.es\/esisna\/wp-json\/wp\/v2\/types\/page"}],"author":[{"embeddable":true,"href":"https:\/\/wp.icmm.csic.es\/esisna\/wp-json\/wp\/v2\/users\/50"}],"replies":[{"embeddable":true,"href":"https:\/\/wp.icmm.csic.es\/esisna\/wp-json\/wp\/v2\/comments?post=2580"}],"version-history":[{"count":4,"href":"https:\/\/wp.icmm.csic.es\/esisna\/wp-json\/wp\/v2\/pages\/2580\/revisions"}],"predecessor-version":[{"id":5120,"href":"https:\/\/wp.icmm.csic.es\/esisna\/wp-json\/wp\/v2\/pages\/2580\/revisions\/5120"}],"wp:attachment":[{"href":"https:\/\/wp.icmm.csic.es\/esisna\/wp-json\/wp\/v2\/media?parent=2580"}],"curies":[{"name":"wp","href":"https:\/\/api.w.org\/{rel}","templated":true}]}}