{"id":3747,"date":"2020-06-19T10:44:03","date_gmt":"2020-06-19T10:44:03","guid":{"rendered":"https:\/\/wp.icmm.csic.es\/esisna\/?page_id=3747"},"modified":"2025-10-27T15:09:44","modified_gmt":"2025-10-27T15:09:44","slug":"advanced-nanoparticles","status":"publish","type":"page","link":"https:\/\/wp.icmm.csic.es\/esisna\/advanced-nanoparticles\/","title":{"rendered":"Advanced Nanoparticles"},"content":{"rendered":"<p><img decoding=\"async\" class=\"ngg-singlepic ngg-center\" src=\"https:\/\/wp.icmm.csic.es\/esisna\/wp-content\/uploads\/sites\/26\/nggallery\/images\/Advanced_NP_Fig2.png\" alt=\"Advanced_NP_Fig2\"><\/p>\n<p>Nanoparticles are fabricated in the gas phase using a particular kind of sputter gas aggregation source, called multiple ion cluster source that works in ultra-high vacuum and, thus, ensure a high purity of the systems fabricated. This equipment has three magnetrons of 2\u201d that allows the generation of complex nanoparticles combining the materials of the three targets. In addition, the MICS has different entrances for injecting reactive gases (like O<sub>2<\/sub>, as depicted in the TEM images below, where the stoichiometry of the oxides can be controlled), some of them in the back part of the magnetrons and others halfway in the aggregation zone. This last entrance can also be used for plasma monitoring.<\/p>\n<p>This MICS is a scaled-up system, which enables the generation of high nanoparticle rates. In addition, it is the first module of the <a href=\"https:\/\/wp.icmm.csic.es\/stardust\/\"><span style=\"color: #0000ff\">Stardust machine<\/span><\/a>, which means that the nanoparticles fabricated can be manipulated, processed and analysed by many different experimental techniques.<\/p>\n<p><img decoding=\"async\" class=\"ngg-singlepic ngg-center\" src=\"https:\/\/wp.icmm.csic.es\/esisna\/wp-content\/uploads\/sites\/26\/nggallery\/images\/Advanced_NP_Fig1.png\" alt=\"Advanced_NP_Fig1\"><\/p>\n<p><strong>Key publication:<\/strong><\/p>\n<p>\u201c<a href=\"https:\/\/www.nature.com\/articles\/s41598-018-25472-y\">Precisely controlled fabrication, manipulation and in-situ analysis of Cu based nanoparticles<\/a>\u201d L. Mart\u00ednez, K. Lauwaet, G. Santoro, J. M. Sobrado, R. J. Pel\u00e1ez, V. J. Herrero, I. Tanarro, G. J. Ellis, J. Cernicharo, C. Joblin, Y. Huttel &amp; J. A. Mart\u00edn-Gago, Scientific Reports 8, (2018) 7250.<\/p>\n","protected":false},"excerpt":{"rendered":"<p>Nanoparticles are fabricated in the gas phase using a particular kind of sputter gas aggregation source, called multiple ion cluster source that works in ultra-high vacuum and, thus, ensure a high purity of the systems fabricated. This equipment has three magnetrons of 2\u201d that allows the generation of complex nanoparticles\u2026<\/p>\n<p> <a class=\"continue-reading-link\" href=\"https:\/\/wp.icmm.csic.es\/esisna\/advanced-nanoparticles\/\"><span>Continue reading<\/span><i class=\"crycon-right-dir\"><\/i><\/a> <\/p>\n","protected":false},"author":50,"featured_media":0,"parent":0,"menu_order":0,"comment_status":"closed","ping_status":"closed","template":"","meta":{"ngg_post_thumbnail":0,"footnotes":""},"class_list":["post-3747","page","type-page","status-publish","hentry"],"_links":{"self":[{"href":"https:\/\/wp.icmm.csic.es\/esisna\/wp-json\/wp\/v2\/pages\/3747","targetHints":{"allow":["GET"]}}],"collection":[{"href":"https:\/\/wp.icmm.csic.es\/esisna\/wp-json\/wp\/v2\/pages"}],"about":[{"href":"https:\/\/wp.icmm.csic.es\/esisna\/wp-json\/wp\/v2\/types\/page"}],"author":[{"embeddable":true,"href":"https:\/\/wp.icmm.csic.es\/esisna\/wp-json\/wp\/v2\/users\/50"}],"replies":[{"embeddable":true,"href":"https:\/\/wp.icmm.csic.es\/esisna\/wp-json\/wp\/v2\/comments?post=3747"}],"version-history":[{"count":7,"href":"https:\/\/wp.icmm.csic.es\/esisna\/wp-json\/wp\/v2\/pages\/3747\/revisions"}],"predecessor-version":[{"id":5098,"href":"https:\/\/wp.icmm.csic.es\/esisna\/wp-json\/wp\/v2\/pages\/3747\/revisions\/5098"}],"wp:attachment":[{"href":"https:\/\/wp.icmm.csic.es\/esisna\/wp-json\/wp\/v2\/media?parent=3747"}],"curies":[{"name":"wp","href":"https:\/\/api.w.org\/{rel}","templated":true}]}}