{"id":408,"date":"2009-02-04T12:02:30","date_gmt":"2009-02-04T10:02:30","guid":{"rendered":"http:\/\/www.icmm.csic.es\/grupos\/?page_id=408"},"modified":"2021-11-30T15:56:26","modified_gmt":"2021-11-30T15:56:26","slug":"gonzalo","status":"publish","type":"page","link":"https:\/\/wp.icmm.csic.es\/esisna\/gonzalo\/","title":{"rendered":"Gonzalo Guillermo Otero"},"content":{"rendered":"<p style=\"text-align: center\">Asi comenc\u00e9 la tesis&#8230;<\/p>\n<p style=\"text-align: center\"><a href=\"https:\/\/wp.icmm.csic.es\/esisna\/wp-content\/uploads\/sites\/26\/2009\/01\/otero.jpg\" rel=\"attachment wp-att-155\"><img loading=\"lazy\" decoding=\"async\" class=\" wp-image-155 aligncenter\" src=\"https:\/\/wp.icmm.csic.es\/esisna\/wp-content\/uploads\/sites\/26\/2009\/01\/otero.jpg\" alt=\"Gonzalo Otero\" width=\"112\" height=\"144\"><\/a>y as\u00ed la termin\u00e9 &#8230;<\/p>\n<p style=\"text-align: center\"><a href=\"https:\/\/wp.icmm.csic.es\/esisna\/wp-content\/uploads\/sites\/26\/2009\/02\/gonzalo-baja.jpg\" rel=\"attachment wp-att-698\"><img loading=\"lazy\" decoding=\"async\" class=\"aligncenter wp-image-698\" src=\"https:\/\/wp.icmm.csic.es\/esisna\/wp-content\/uploads\/sites\/26\/2009\/02\/gonzalo-baja.jpg\" alt=\"gonzalo-baja\" width=\"353\" height=\"509\" srcset=\"https:\/\/wp.icmm.csic.es\/esisna\/wp-content\/uploads\/sites\/26\/2009\/02\/gonzalo-baja.jpg 550w, https:\/\/wp.icmm.csic.es\/esisna\/wp-content\/uploads\/sites\/26\/2009\/02\/gonzalo-baja-208x300.jpg 208w\" sizes=\"auto, (max-width: 353px) 100vw, 353px\" \/><\/a><\/p>\n","protected":false},"excerpt":{"rendered":"<p>Asi comenc\u00e9 la tesis&#8230; y as\u00ed la termin\u00e9 &#8230;<\/p>\n<p> <a class=\"continue-reading-link\" href=\"https:\/\/wp.icmm.csic.es\/esisna\/gonzalo\/\"><span>Continue reading<\/span><i class=\"crycon-right-dir\"><\/i><\/a> <\/p>\n","protected":false},"author":1,"featured_media":0,"parent":0,"menu_order":0,"comment_status":"closed","ping_status":"closed","template":"","meta":{"ngg_post_thumbnail":0,"footnotes":""},"class_list":["post-408","page","type-page","status-publish","hentry"],"_links":{"self":[{"href":"https:\/\/wp.icmm.csic.es\/esisna\/wp-json\/wp\/v2\/pages\/408","targetHints":{"allow":["GET"]}}],"collection":[{"href":"https:\/\/wp.icmm.csic.es\/esisna\/wp-json\/wp\/v2\/pages"}],"about":[{"href":"https:\/\/wp.icmm.csic.es\/esisna\/wp-json\/wp\/v2\/types\/page"}],"author":[{"embeddable":true,"href":"https:\/\/wp.icmm.csic.es\/esisna\/wp-json\/wp\/v2\/users\/1"}],"replies":[{"embeddable":true,"href":"https:\/\/wp.icmm.csic.es\/esisna\/wp-json\/wp\/v2\/comments?post=408"}],"version-history":[{"count":3,"href":"https:\/\/wp.icmm.csic.es\/esisna\/wp-json\/wp\/v2\/pages\/408\/revisions"}],"predecessor-version":[{"id":4053,"href":"https:\/\/wp.icmm.csic.es\/esisna\/wp-json\/wp\/v2\/pages\/408\/revisions\/4053"}],"wp:attachment":[{"href":"https:\/\/wp.icmm.csic.es\/esisna\/wp-json\/wp\/v2\/media?parent=408"}],"curies":[{"name":"wp","href":"https:\/\/api.w.org\/{rel}","templated":true}]}}