{"id":59,"date":"2008-12-23T12:10:50","date_gmt":"2008-12-23T10:10:50","guid":{"rendered":"http:\/\/www.icmm.csic.es\/grupos\/?page_id=59"},"modified":"2023-06-14T10:44:46","modified_gmt":"2023-06-14T10:44:46","slug":"low-dimensional-materials","status":"publish","type":"page","link":"https:\/\/wp.icmm.csic.es\/esisna\/research-lines\/research-lines\/low-dimensional-materials\/","title":{"rendered":"Low dimensional materials"},"content":{"rendered":"<p>This research line focuses on the study of graphene and other 2D materials (graphene and beyond). Our group is pioneering in the synthesis of epitaxial graphene on metals substrates and in its characterization at the atomic level. From 2014 the group participates in the <strong>EU Graphene Flagship Project<\/strong> and new research sublines have been added to understand and overcome new related-graphene phenomena.<img loading=\"lazy\" decoding=\"async\" class=\" wp-image-3990 alignright\" src=\"https:\/\/wp.icmm.csic.es\/esisna\/wp-content\/uploads\/sites\/26\/2021\/08\/GF.png\" alt=\"\" width=\"124\" height=\"45\" srcset=\"https:\/\/wp.icmm.csic.es\/esisna\/wp-content\/uploads\/sites\/26\/2021\/08\/GF.png 279w, https:\/\/wp.icmm.csic.es\/esisna\/wp-content\/uploads\/sites\/26\/2021\/08\/GF-150x55.png 150w\" sizes=\"auto, (max-width: 124px) 100vw, 124px\" \/><\/p>\n<p>The on-going research lines are:<\/p>\n<p><strong>1. Synthesis and characterization of graphene<\/strong><\/p>\n<p>&nbsp;<\/p>\n<p><img loading=\"lazy\" decoding=\"async\" class=\"wp-image-3991 aligncenter\" src=\"https:\/\/wp.icmm.csic.es\/esisna\/wp-content\/uploads\/sites\/26\/2021\/08\/Imagen1-286x300.png\" alt=\"\" width=\"336\" height=\"352\" srcset=\"https:\/\/wp.icmm.csic.es\/esisna\/wp-content\/uploads\/sites\/26\/2021\/08\/Imagen1-286x300.png 286w, https:\/\/wp.icmm.csic.es\/esisna\/wp-content\/uploads\/sites\/26\/2021\/08\/Imagen1-143x150.png 143w, https:\/\/wp.icmm.csic.es\/esisna\/wp-content\/uploads\/sites\/26\/2021\/08\/Imagen1.png 595w\" sizes=\"auto, (max-width: 336px) 100vw, 336px\" \/><\/p>\n<p>Graphene growth by Physical Vapor Deposition (PVD) on metal substrates and characterization of graphene moieties, the origin of the \u00abMoir\u00e9\u00bb patterns (coincidence networks) and the interaction with the substrate at the atomic level are some of the studies here develop.<\/p>\n<p>&nbsp;<\/p>\n<p><strong>2. Intercalation, decoupling &amp; interface <\/strong><\/p>\n<p>&nbsp;<\/p>\n<p><img loading=\"lazy\" decoding=\"async\" class=\"wp-image-3453 aligncenter\" src=\"https:\/\/wp.icmm.csic.es\/esisna\/wp-content\/uploads\/sites\/26\/2019\/04\/Sin-ti\u0301tulo-300x236.png\" alt=\"\" width=\"421\" height=\"331\" srcset=\"https:\/\/wp.icmm.csic.es\/esisna\/wp-content\/uploads\/sites\/26\/2019\/04\/Sin-ti\u0301tulo-300x236.png 300w, https:\/\/wp.icmm.csic.es\/esisna\/wp-content\/uploads\/sites\/26\/2019\/04\/Sin-ti\u0301tulo-150x118.png 150w, https:\/\/wp.icmm.csic.es\/esisna\/wp-content\/uploads\/sites\/26\/2019\/04\/Sin-ti\u0301tulo.png 401w\" sizes=\"auto, (max-width: 421px) 100vw, 421px\" \/><\/p>\n<p>This subline focuses in the development of novel intercalation and decoupling strategies in 2Ds including electrochemical and photo-induced protocols. We perform a characterization of the structural, chemical and electric properties of the alkali\/graphene interface<\/p>\n<p>&nbsp;<\/p>\n<p><strong>3. Covalent Functionalization of 2Ds &amp; &nbsp;biosensing applications<\/strong><\/p>\n<p>&nbsp;<\/p>\n<p><img loading=\"lazy\" decoding=\"async\" class=\"wp-image-3993 aligncenter\" src=\"https:\/\/wp.icmm.csic.es\/esisna\/wp-content\/uploads\/sites\/26\/2021\/08\/Imagen3-300x140.png\" alt=\"\" width=\"619\" height=\"289\" srcset=\"https:\/\/wp.icmm.csic.es\/esisna\/wp-content\/uploads\/sites\/26\/2021\/08\/Imagen3-300x140.png 300w, https:\/\/wp.icmm.csic.es\/esisna\/wp-content\/uploads\/sites\/26\/2021\/08\/Imagen3-644x301.png 644w, https:\/\/wp.icmm.csic.es\/esisna\/wp-content\/uploads\/sites\/26\/2021\/08\/Imagen3-768x358.png 768w, https:\/\/wp.icmm.csic.es\/esisna\/wp-content\/uploads\/sites\/26\/2021\/08\/Imagen3-150x70.png 150w, https:\/\/wp.icmm.csic.es\/esisna\/wp-content\/uploads\/sites\/26\/2021\/08\/Imagen3.png 1457w\" sizes=\"auto, (max-width: 619px) 100vw, 619px\" \/><\/p>\n<p>We have developed a highly controlled covalent functionalization protocol with outstanding versatility that can be used in a huge variety of applications. Currently we have been working in the functionalization of graphene-FETs to be used as graphene biosensors for virus detection.<\/p>\n<p>Patent submitted:&nbsp; \u201c<em>Biosensor for the detection of hepatitis C virus<\/em>\u201d (Ref: EP1641.1596)<\/p>\n<p>&nbsp;<\/p>\n<p><strong>Responsible Scientist<\/strong>:&nbsp; Irene Palacio<\/p>\n<p>&nbsp;<\/p>\n<p><strong>Key Publications<\/strong>:<\/p>\n<ul>\n<li style=\"list-style-type: none\">\n<ul>\n<li>I. Palacio, M. Moreno, &nbsp;A. N\u00e1\u00f1ez, A. Purwidyantri, T. Domingues, P. D. Cabral, J. Borme, M. Marziello, J. I. Mendieta-Moreno, B. Torres-V\u00e1zquez, J. I. Mart\u00ednez,&nbsp;&nbsp;M. F. L\u00f3pez, M. Garc\u00eda-Hern\u00e1ndez, L. V\u00e1zquez, P. Jelinek, P. Alpuim, C. Briones, J. A. Mart\u00edn-Gago<em>. Attomolar detection of hepatitis C virus core protein powered by molecular antenna-like effect in a graphene field-effect aptasensor<\/em>. <strong>Biosens. Bioelectron.<\/strong>, 222, 115006 (2023)<\/strong><\/li>\n<li>J. Azpeitia, P. Merino, S. Ruiz-G\u00f3mez, M. Foerster, L. Ablle, M. Garc\u00eda-Hern\u00e1ndez, J. A. Mart\u00edn-Gago and I. Palacio. <em>LiCl Photodissociation on Graphene: a Photochemical approach to Lithium Intercalation<\/em>. <strong>ACS Applied Materials &amp; Interfaces<\/strong>, 13, 42205 (2021).<\/li>\n<li>Backes et al. <em>Production and processing of graphene and related materials<\/em>. Topical Review. <strong>2D Materials,  <\/strong>7, 022001 (2020)<\/li>\n<li>I. Palacio, L. Aballe, M. Foerster, D. G de Oteyza, M. Garc\u00eda-Hern\u00e1ndez and J.A. Martin-Gago. <em>Reversible Graphene decoupling by NaCl photo-dissociation<\/em>. <strong>2D Materials<\/strong>, 6, 025021 (2019)<\/li>\n<li>I. Palacio, G. Otero-Irurueta, C. Alonso, J. I. Mart\u00ednez, E. L\u00f3pez-Elvira, I. Mu\u00f1oz-Ochando, H. J. Salavagione, M. F. L\u00f3pez, Mar Garc\u00eda-Hern\u00e1ndez, J. M\u00e9ndez, G. J. Ellis and J. A. Mart\u00edn-Gago. <em>Chemistry below graphene: Decoupling epitaxial graphene from metals by potential-controlled electrochemical oxidation<\/em>. <strong>Carbon<\/strong>, 129, 837 &#8211; 846 (2018)<\/li>\n<li>Azpeitia J.; Otero-Irurueta G.; Palacio I. ; Martinez J. I.; Ruiz del \u00c1rbol N.; Santoro G.; Guti\u00e9rrez A.; Aballe L.; Foerster M.; Kalbac M.; Vales V.; Mompe\u00e1n F. J.; Garc\u00eda-Hern\u00e1ndez M.; Mart\u00edn-Gago J. A.; Munuera C. ; L\u00f3pez M. F. <em>High-quality PVD graphene growth by fullerene decomposition on Cu foils<\/em>. <strong>Carbon<\/strong> 119, (2017), 535\u2013543.<\/li>\n<li>Bueno, J.I. Martinez, R. Luccas, N. Ruiz del Arbol, C. Munuera, I. Palacio, F. Palomares, K. Lauwaet, S. Thakur, J.M. Baranowski, W. Strupinski, M.F. Lopez, F. Mompean, M. Garcia-Hernandez, and J.A. Martin-Gago. <em>Highly selective covalent organic functionalization of epitaxial graphene<\/em>. <strong>Nat. Comm<\/strong>. 8, 15306 (2017).<\/li>\n<li>Versatile Graphene-Based Platform for Robust Nanobiohybrid Interfaces<br \/>\nR. Bueno, M. Marciello, M. Moreno, C. S\u00e1nchez-S\u00e1nchez, J.I. Martinez, L. Martinez, E. Prats-Alfonso, A. Guimer\u00e0-Brunet, J.A. Garrido, R. Villa, F. Mompean, M. Garc\u00eda-Hernandez, Y. Huttel, M. del Puerto Morales, C. Briones, M.F. L\u00f3pez, G.J. Ellis, L. V\u00e1zquez, J.A. Mart\u00edn-Gago. <em>Versatile Graphene-Based Platform for Robust Nanobiohybrid Interfaces<\/em>. <strong>ACS Omega<\/strong> 4, (2019) 3287.<\/li>\n<\/ul>\n<p>&nbsp;<\/p>\n","protected":false},"excerpt":{"rendered":"<p>This research line focuses on the study of graphene and other 2D materials (graphene and beyond). Our group is pioneering in the synthesis of epitaxial graphene on metals substrates and in its characterization at the atomic level. From 2014 the group participates in the EU Graphene Flagship Project and new\u2026<\/p>\n<p> <a class=\"continue-reading-link\" href=\"https:\/\/wp.icmm.csic.es\/esisna\/research-lines\/research-lines\/low-dimensional-materials\/\"><span>Continue reading<\/span><i class=\"crycon-right-dir\"><\/i><\/a> <\/p>\n","protected":false},"author":1,"featured_media":0,"parent":38,"menu_order":1,"comment_status":"closed","ping_status":"closed","template":"","meta":{"ngg_post_thumbnail":0,"footnotes":""},"class_list":["post-59","page","type-page","status-publish","hentry"],"_links":{"self":[{"href":"https:\/\/wp.icmm.csic.es\/esisna\/wp-json\/wp\/v2\/pages\/59","targetHints":{"allow":["GET"]}}],"collection":[{"href":"https:\/\/wp.icmm.csic.es\/esisna\/wp-json\/wp\/v2\/pages"}],"about":[{"href":"https:\/\/wp.icmm.csic.es\/esisna\/wp-json\/wp\/v2\/types\/page"}],"author":[{"embeddable":true,"href":"https:\/\/wp.icmm.csic.es\/esisna\/wp-json\/wp\/v2\/users\/1"}],"replies":[{"embeddable":true,"href":"https:\/\/wp.icmm.csic.es\/esisna\/wp-json\/wp\/v2\/comments?post=59"}],"version-history":[{"count":22,"href":"https:\/\/wp.icmm.csic.es\/esisna\/wp-json\/wp\/v2\/pages\/59\/revisions"}],"predecessor-version":[{"id":4488,"href":"https:\/\/wp.icmm.csic.es\/esisna\/wp-json\/wp\/v2\/pages\/59\/revisions\/4488"}],"up":[{"embeddable":true,"href":"https:\/\/wp.icmm.csic.es\/esisna\/wp-json\/wp\/v2\/pages\/38"}],"wp:attachment":[{"href":"https:\/\/wp.icmm.csic.es\/esisna\/wp-json\/wp\/v2\/media?parent=59"}],"curies":[{"name":"wp","href":"https:\/\/api.w.org\/{rel}","templated":true}]}}