{"id":47,"date":"2021-01-18T13:50:38","date_gmt":"2021-01-18T12:50:38","guid":{"rendered":"https:\/\/foamify.wordpress.com\/?page_id=47"},"modified":"2021-11-30T06:26:35","modified_gmt":"2021-11-30T06:26:35","slug":"publications","status":"publish","type":"page","link":"https:\/\/wp.icmm.csic.es\/foamify\/publications","title":{"rendered":"Publications"},"content":{"rendered":"\r\n<p>My <a href=\"https:\/\/scholar.google.es\/citations?hl=es&amp;view_op=list_works&amp;gmla=AJsN-F5_LBKYh_TfwJd6V7HkvMg_9pXXaUcpELTgkh6LHjNlLw-OkyBTTOW2MEEVA4xEvhO73kRvJNjU-OOk2HTqkrZHpiM6nxkYJ225A4CZDWSuH6waWFU&amp;user=sDzp9QYAAAAJ\" target=\"_blank\" rel=\"noreferrer noopener\">google scholar<\/a>, <a href=\"https:\/\/orcid.org\/0000-0002-1811-6736\" target=\"_blank\" rel=\"noreferrer noopener\">Orcid<\/a> and <a href=\"https:\/\/www.researchgate.net\/profile\/Bernd-Wicklein\" target=\"_blank\" rel=\"noreferrer noopener\">Researchgate<\/a> profiles.<\/p>\r\n\r\n\r\n\r\n<p>42. Marina Tabuyo-Mart\u00ednez, <strong>Bernd Wicklein*<\/strong>, Pilar Aranda.<em>\u00a0 Progress and innovation of nanostructured sulfur cathodes and metal-free anodes for RT Na-S batteries.<\/em> Beilstein J. Nanotechnology 2021, 12, 995-1020.<\/p>\r\n\r\n\r\n\r\n<p>41.David Ibarra, Raquel Mart\u00edn-Sampedro, <strong>Bernd Wicklein<\/strong>,Ursula Fillat, Maria Eugenia Eugenio.<em> Production of Microfibrillated Cellulose from Fast-Growing Poplar and Olive Tree Pruning by Physical Pretreatment.<\/em>\u00a0Applied Sciences 2021, 11(14), 6445<\/p>\r\n\r\n\r\n\r\n<p>40. Maria Eugenia Eugenio, Raquel Mart\u00edn-Sampedro, Jose I. Santos, <strong>Bernd Wicklein<\/strong>, David Ibarra.<em> Chemical, Thermal and Antioxidant Properties of Lignins Solubilized during Soda\/AQ Pulping of Orange and Olive Tree Pruning Residues.<\/em>\u00a0\u00a0\u00a0\u00a0\u00a0 Molecules 2021, 26(13), 3819<\/p>\r\n\r\n\r\n\r\n<p>39. Amaret Sanguanwong, Adrian E. Flood, Makoto Ogawa, Raquel Mart\u00edn-Sampedro, Margarita Darder, <strong>Bernd Wicklein<\/strong>, Pilar Aranda, Eduardo Ruiz-Hitzky.<em>\u00a0Hydrophobic composite foams based on nanocellulose-sepiolite for oil sorption applications.<\/em>\u00a0Journal of Hazardous Materials 2021, 417, 126068<\/p>\r\n\r\n\r\n\r\n<p>38. Mar\u00eda E. Eugenio, Raquel Mart\u00edn-Sampedro, Jose I. Santos, <strong>Bernd Wicklein<\/strong>, Juan A. Martin, David Ibarra.<em>\u00a0Properties versus application requirements of solubilized lignins from an elm clone during different pre-treatments.<\/em>\u00a0\u00a0\u00a0\u00a0\u00a0 International Journal of Biological Macromolecules 2021, 181, 99-111<\/p>\r\n\r\n\r\n\r\n<p>37. Almudena Rivadeneyra,Antonio Mar\u00edn-S\u00e1nchez, <strong>Bernd Wicklein<\/strong>, Jos\u00e9 F. Salmer\u00f3n, Encarnaci\u00f3n Castillo, Marco Bobinger, Alfonso Salinas-Castillo.<em>\u00a0\u00a0\u00a0\u00a0\u00a0 Cellulose nanofibers as substrate for flexible and biodegradablemoisture sensors.<\/em>\u00a0\u00a0\u00a0\u00a0\u00a0 Composites Science and Technology, 2021, 208, 108738<\/p>\r\n\r\n\r\n\r\n<p>36. H. Hudelja, T. Konegger, <strong>B. Wicklein<\/strong>, J.Cretnik, F. Akhtar, A. Kocjan.\u00a0\u00a0\u00a0\u00a0\u00a0 <em>Freeze-casting of highly porous cellulose-nanofiber-reinforced \u03b3-Al<sub>2<\/sub>O<sub>3<\/sub> monoliths<\/em>.\u00a0\u00a0\u00a0 Open Ceramics, 2021, 5, 100069<\/p>\r\n\r\n\r\n\r\n<p>35. Leila Raafat, <strong>Bernd Wicklein<\/strong>, G\u00fcnter Majer, Timotheus Jahnke, Achim M. Diem, Joachim Bill, Zaklina Burghard.\u00a0\u00a0\u00a0\u00a0\u00a0 <em>Shape-Conformable, Eco-Friendly Cellulose Aerogels as High-Performance Battery Separators<\/em>.<br \/>ACS Applied Energy Materials, 2021, 4(1), 763\u2013774<\/p>\r\n\r\n\r\n\r\n<p>34. Hermina Hudelja, <strong>Bernd Wicklein<\/strong>, Danjela Ku\u0161\u010der, Andraz Kocjan.\u00a0\u00a0\u00a0\u00a0\u00a0 <em>Triggering the Aqueous Interparticle Association of \u03b3\u2012Al2O3 Hierarchical Assemblies Using Divalent Cations and Cellulose Nanofibers<\/em>. Journal of the European Ceramic Society, 2021, 41(1), 590\u2013598<\/p>\r\n\r\n\r\n\r\n<p>33. Pilar Aranda, <strong>Bernd Wicklein<\/strong>, Cristina Ruiz-Garcia, Raquel Mart\u00edn-Sampedro, Margarita Darder, Gustavo del Real, Eduardo Ruiz-Hitzky.\u00a0\u00a0\u00a0\u00a0\u00a0 <em>Research and Patents on Coronavirus and COVID-19: A Review.<\/em>\u00a0Recent Patents on Nanotechnology, 2020, 14(4), 328 &#8211; 350.<\/p>\r\n\r\n\r\n\r\n<p>32. Eduardo Ruiz-Hitzky, Margarita Darder, <strong>Bernd Wicklein<\/strong>, Cristina Ruiz-Garcia,\u00a0Raquel Mart\u00edn-Sampedro, Gustavo del Real, Pilar Aranda.\u00a0\u00a0\u00a0\u00a0\u00a0\u00a0 <em>Nanotechnology Responses to COVID-19<\/em>.\u00a0Advanced Healthcare Materials, 2020, 9(19), 2000979\u00a0\u00a0\u00a0\u00a0\u00a0<\/p>\r\n\r\n\r\n\r\n<p>31. Lorenzo Lisuzzo, <strong>Bernd Wicklein<\/strong>, Giulia Lo Dico, Giuseppe Lazzara, Gustavo del Real, Pilar Aranda,\u00a0 Eduardo Ruiz-Hitzky.\u00a0<em>Functional biohybrid materials based on halloysite, sepiolite and cellulose nanofibers for health applications<\/em>.\u00a0\u00a0\u00a0\u00a0\u00a0 Dalton Transactions, 2020, 49, 3830-3840.\u00a0<\/p>\r\n\r\n\r\n\r\n<p>30. Raquel Mart\u00edn-Sampedro, Jos\u00e9 I Santos, Mar\u00eda E Eugenio, <strong>Bernd Wicklein<\/strong>,\u00a0\u00a0 Laura Jim\u00e9nez-L\u00f3pez, David Ibarra.\u00a0<em>Chemical and thermal analysis of lignin streams from Robinia pseudoacacia L. generated during organosolv and acid hydrolysis pre-treatments and subsequent enzymatic hydrolysis.<\/em>\u00a0International Journal of Biological Macromolecules 2019, 140, 311-322.<\/p>\r\n\r\n\r\n\r\n<p>29. Giulia Lo Dico, <strong>Bernd Wicklein<\/strong>, Lorenzo Lisuzzo, Giuseppe Lazzara, Pilar Aranda, Eduardo Ruiz-Hitzky.\u00a0<em>Multicomponent bionanocomposites based on clay nanoarchitectures for electrochemical devices.<\/em>\u00a0Beilstein J. Nanotechnol. 2019, 10, 1303-1315.<\/p>\r\n\r\n\r\n\r\n<p>28. Eduardo Ruiz-Hitzky, Margarita Darder, <strong>Bernd Wicklein<\/strong>, Fidel Antonio Castro-Smirnov, Pilar Aranda.\u00a0<em>Clay-based biohybrid materials for biomedical and pharmaceutical applications.<\/em>\u00a0Clays and Clay Minerals 2019, 67, 44-58.<\/p>\r\n\r\n\r\n\r\n<p>27. Raquel Mart\u00edn-Sampedro, Jos\u00e9 I. Santo, \u00darsula Fillat, <strong>Bernd Wicklein<\/strong>, Mar\u00eda E. Eugenio, David Ibarra.\u00a0<em>Characterization of lignins from Populus alba L. generated as by-products in different transformation processes: Kraft pulping, organosolv and acid hydrolysis.<\/em> \u00a0\u00a0International Journal of Biological Macromolecules, 2019, 126, 18-29.<\/p>\r\n\r\n\r\n\r\n<p>26. Raquel Mart\u00edn-Sampedro, Mar\u00eda Eugenia Eugenio*,\u00darsula Fillat; Juan Antonio Martin, Pilar Aranda, Eduardo Ruiz-Hitzky, David Ibarra, <strong>Bernd Wicklein*<\/strong>. <em>Biorefinery of Lignocellulosic Biomass from an Elm Clone: Production of Fermentable Sugars and Lignin-Derived Biochar for Energy and Environmental Applications.<\/em>\u00a0Energy Technology, 2019, 7, 277-287.<\/p>\r\n\r\n\r\n\r\n<p>\u00a0\u00a025. <strong>Bernd Wicklein*<\/strong>, Eduardo Ruiz-Hitzky.\u00a0<em>The Fascinating World of the Functional Hybrid and Biohybrid Materials.<\/em>\u00a0Advanced Functional Materials, 2018, 28, 1803407.<\/p>\r\n\r\n\r\n\r\n<p>24. Andra\u017e Kocjan*,\u00a0 Rainer Schmidt,\u00a0 Ana Lazar,\u00a0 Jesus Prado-Gonjal,\u00a0 Janez Kovac,\u00a0 Manca Logar,\u00a0 Federico J Mompean,\u00a0 Mar Garc\u00eda-Hern\u00e1ndez,\u00a0 Eduardo Ruiz-Hitzky, <strong>Bernd Wicklein<\/strong>*.\u00a0<em>In situ generation of 3D graphene-like networks from cellulose nanofibres in sintered ceramics.<\/em>\u00a0Nanoscale, 2018, 10, 10488-10497.<\/p>\r\n\r\n\r\n\r\n<p>23. Nor-El-Houda Fardjaoui, Pilar Aranda, <strong>Bernd Wicklein<\/strong>, Isabel Sobrados, Fatima Zohra El Berrichi, Eduardo Ruiz-Hitzky.\u00a0<em>Modulation of Inorganic Matrices for Functional Nanoarchitectures Fabrication: The Simultaneous Effect of Moisture and Temperature in the Preparation of Metakaolin Based Geopolymers.<\/em>\u00a0Bulletin of the Chemical Society of Japan, 2018, 91, 1158-1167.<\/p>\r\n\r\n\r\n\r\n<p>22. Maryam Ghanadpour, <strong>Bernd Wicklein<\/strong>, Federico Carosio, Lars W\u00e5gberg.\u00a0\u00a0\u00a0\u00a0\u00a0 <em>All-natural and highly flame-resistant freeze-cast foams based on phosphorylated cellulose nanofibrils<\/em>.\u00a0Nanoscale, 2018, 10, 4085-4095.<\/p>\r\n\r\n\r\n\r\n<p>21. \u00darsula Fillat; <strong>Bernd Wicklein<\/strong>; Raquel Mart\u00edn-Sampedro; David Ibarra; Eduardo Ruiz-Hitzky;\u00a0 Concepci\u00f3n Valencia; Andr\u00e9s Sarri\u00f3n; Eulogio Castro; Mar\u00eda Eugenia Eugenio.\u00a0<em>Assessing cellulose nanofiber production from olive tree pruning residue.<\/em>\u00a0Carbohydrate Polymers, 2018, 179, 252\u2013261.<\/p>\r\n\r\n\r\n\r\n<p>20. <strong>Bernd Wicklein*<\/strong>; Achim M. Diem; Andrea Kn\u00f6ller; Manoella S. Cavalcante; Lennart Bergstr\u00f6m; Joachim Bill; Zaklina Burghard*.\u00a0<em>Dual-fiber approach towards flexible multifunctional hybrid materials.<\/em>\u00a0Advanced Functional Materials, 2018, 28, 1704274.<\/p>\r\n\r\n\r\n\r\n<p>19. Francisco M. Fernandes, <strong>Bernd Wicklein*<\/strong>.\u00a0Guest editors\u2019 preface.\u00a0Journal of Materials Science, 2017, 52, 11121-11123.<\/p>\r\n\r\n\r\n\r\n<p>18.<strong> Bernd Wicklein;*<\/strong> Judith Arranz; Alvaro Mayoral; Pilar Aranda; Yves Huttel; Eduardo Ruiz-Hitzky.\u00a0<em>Nanostructured carbon\u2013metal hybrid aerogels from bacterial cellulose.<\/em>\u00a0RSC Advances, 2017, 7, 42203-42210.<\/p>\r\n\r\n\r\n\r\n<p>17. <strong>Bernd Wicklein<\/strong>;* Margarita Darder; Pilar Aranda; Maria Angeles Martin del Burgo; Gustavo del Real; Mariano Esteban; Eduardo Ruiz-Hitzky. C<em>lay-lipid nanohybrids: Toward influenza vaccines and beyond.\u00a0<\/em>Clay Minerals, 2016, 51, 529\u2013538.<\/p>\r\n\r\n\r\n\r\n<p>16.<strong> Bernd Wicklein<\/strong>;* Darko Kocjan; Federico Carosio; Giovanni Camino; Lennart Bergstr\u00f6m*. <em>Tuning the Nanocellulose\u2212Borate Interaction To Achieve Highly Flame Retardant Hybrid Materials.<\/em> Chemistry of Materials, 2016, 28, 1985-1989.<\/p>\r\n\r\n\r\n\r\n<p>15. Korneliya Gordeyeva; Andreas Fall; Stephen Hall; <strong>Bernd Wicklein<\/strong>; Lennart Bergstr\u00f6m. <em>Stabilizing nanocellulose-based composite foams by non-ionic surfactants and delayed Ca-induced aggregation<\/em>. Journal of Colloid and Interface Science, 2016, 472, 44\u201351.<\/p>\r\n\r\n\r\n\r\n<p>14.<strong> Bernd Wicklein<\/strong>; Andraz Kocjan; German Salazar-Alvarez; Federico Carosio; Giovanni Camino; Markus Antonietti; Lennart Bergstr\u00f6m. <em>Thermally insulating and fire-retardant lightweight anisotropic foams based on nanocellulose and graphene oxide.<\/em> Nature Nanotechnology, 2015, 10, 277-283<\/p>\r\n\r\n\r\n\r\n<p>13. Giora Rytwo; Roee Zakai; <strong>Bernd Wicklein<\/strong>. <em>ATR-FTIR use for quantification of adsorbed compounds.<\/em> Journal of Spectroscopy. 2015, Article ID 727595, 2015.<\/p>\r\n\r\n\r\n\r\n<p>12. Fernando Jativa; Christina Sch\u00fctz; Lennart Bergstr\u00f6m; Xuehua Zhang; <strong>Bernd Wicklein*<\/strong>. <em>Confined self-assembly of cellulose nanocrystals in a shrinking droplet.<\/em> Soft Matter, 2015, 11, 5374 &#8211; 5380.<\/p>\r\n\r\n\r\n\r\n<p>Highlighted in Themed Issue of most accessed articles in 2015 (http:\/\/pubs.rsc.org\/en\/journals\/articlecollectionlanding?sercode=sm&amp;themeid=d77e71c6-413d-466e-9ec6-d2247a3dfff1)<\/p>\r\n\r\n\r\n\r\n<p>11. Konrad Grygiel; <strong>Bernd Wicklein<\/strong>; Qiang Zhao; Michaela Eder; Torbjorn Pettersson; Lennart Bergstrom; Markus Antonietti; Jiayin Yuan. <em>Omnidispersible poly(ionic liquid)-functionalized cellulose nanofibrils: surface grafting and polymer membrane reinforcement.<\/em> Chemical Communications, 2014, 50, 12486 &#8211; 12489.<\/p>\r\n\r\n\r\n\r\n<p>10. E. Ruiz-Hitzky, M. Darder, F. M. Fernandes, <strong>B. Wicklein<\/strong>, A.C.S. Alc\u00e2ntara,\u00a0P. Aranda. Fibrous Clays Based Bionanocomposites, Progress in Polymer Science, 2013, 38, 1392\u20131414.<\/p>\r\n\r\n\r\n\r\n<p>9.\u00a0\u00a0 <strong>B. Wicklein<\/strong>,<strong>*<\/strong> P. Aranda, E. Ruiz-Hitzky, M. Darder* <em>Hierarchically structured bioactive foams based on polyvinyl alcohol\u2013sepiolite nanocomposites,<\/em> Journal of Materials Chemistry B, 2013, 1, 2911-2920.<\/p>\r\n\r\n\r\n\r\n<p>8.<strong>\u00a0\u00a0 B. Wicklein<\/strong>, G. Salazar-Alvarez. <em>Functional hybrids based on biogenic nanofibrils and inorganic nanomaterials,<\/em> Journal of Materials Chemistry A, 2013, 1, 5469-5478.<\/p>\r\n\r\n\r\n\r\n<p>7.\u00a0\u00a0 E. Ruiz-Hitzky, M.\u00a0Darder, <strong>B. Wicklein<\/strong>, F. M. Fernandes, F. A. Castro-Smirnova, M. A.\u00a0Mart\u00edn del Burgo, G. del Real, P. Aranda. <em>Advanced biohybrid materials based on nanoclays for biomedical applications,<\/em> Proc. SPIE 8548, Nanosystems in Engineering and Medicine, 85480D, 2012, DOI: 10.1117\/12.999995.<\/p>\r\n\r\n\r\n\r\n<p>6.\u00a0\u00a0 <strong>B. Wicklein<\/strong>, M. A. Mart\u00edn del Burgo, M. Yuste, E. Carregal-Romero, A. Llobera,\u00a0\u00a0\u00a0\u00a0\u00a0 M. Darder, P.Aranda, J. Ort\u00edn, G. del Real, C. Fern\u00e1ndez-S\u00e1nchez, E. Ruiz-Hitzky. <em>Biomimetic Architectures for the Discrimination of Influenza Virus Phenotypes,<\/em> Advanced Functional Materials, 2013, 23, 254\u2013262.<\/p>\r\n\r\n\r\n\r\n<p>5.\u00a0\u00a0 <strong>B. Wicklein<\/strong>, M. Yuste, M. Darder, C. Escrig Llavata, P. Aranda, J. Ort\u00edn,\u00a0M. A. Martin del Burgo, G. del Real, E. Ruiz-Hitzky. <em>Lipid-based Bio-Nanohybrids For Functional Stabilization of Influenza Vaccines,<\/em> European Journal of Inorganic Chemistry, 2012, 5186\u20135191.<\/p>\r\n\r\n\r\n\r\n<p>Highlighted in<em> Angewandte Chemie Spotlight<\/em>: Angew. Chem. Int. Ed. 2012, 51, 10926.<\/p>\r\n\r\n\r\n\r\n<p>4.<strong>\u00a0\u00a0 B. Wicklein<\/strong>, M. Darder, P. Aranda, E. Ruiz-Hitzky. <em>Phospholipid-Sepiolite Biomimetic Interfaces for the Immobilization of Enzymes,<\/em> ACS Applied Materials &amp; Interfaces, 2011, 3, 4339-4348.<\/p>\r\n\r\n\r\n\r\n<p>3.\u00a0\u00a0 Y. Gonz\u00e1lez-Alfaro, P. Aranda, F. M. Fernandes, <strong>B. Wicklein<\/strong>, M. Darder, \u00a0E. Ruiz-Hitzky. <em>Multifunctional Porous Materials Through Ferrofluids<\/em>, Advanced Materials, 2011, 23, 5224\u20135228.<\/p>\r\n\r\n\r\n\r\n<p>2.<strong>\u00a0\u00a0 B. Wicklein<\/strong>, M. Darder, P. Aranda, E. Ruiz-Hitzky. <em>Bio-Organoclays Based on Phospholipids as Immobilization Host for Biological Species<\/em>, Langmuir, 2010, 26, 5217\u20135225.<\/p>\r\n\r\n\r\n\r\n<p>1.\u00a0\u00a0 <strong>B. Wicklein<\/strong>, M. Darder, P. Aranda, E. Ruiz-Hitzky. <em>Organically Modified Clays for Uptake of Mycotoxins<\/em>, Macla, 2008, 9, 257-258.<\/p>\r\n","protected":false},"excerpt":{"rendered":"<p>My google scholar, Orcid and Researchgate profiles. 42. Marina Tabuyo-Mart\u00ednez, Bernd Wicklein*, Pilar Aranda.\u00a0 Progress and innovation of nanostructured sulfur cathodes and metal-free anodes for RT Na-S batteries. Beilstein J. Nanotechnology 2021, 12, 995-1020. 41.David Ibarra, Raquel Mart\u00edn-Sampedro, Bernd Wicklein,Ursula Fillat, Maria Eugenia Eugenio. Production of Microfibrillated Cellulose from Fast-Growing Poplar and Olive Tree Pruning &hellip; <a href=\"https:\/\/wp.icmm.csic.es\/foamify\/publications\" class=\"more-link\">Continue reading<span class=\"screen-reader-text\"> &#8220;Publications&#8221;<\/span><\/a><\/p>\n","protected":false},"author":99,"featured_media":0,"parent":0,"menu_order":0,"comment_status":"closed","ping_status":"closed","template":"","meta":{"_monsterinsights_skip_tracking":false,"_monsterinsights_sitenote_active":false,"_monsterinsights_sitenote_note":"","_monsterinsights_sitenote_category":0,"footnotes":""},"class_list":["post-47","page","type-page","status-publish","hentry"],"yoast_head":"<!-- This site is optimized with the Yoast SEO plugin v27.2 - https:\/\/yoast.com\/product\/yoast-seo-wordpress\/ -->\n<title>Publications - FOAMIFY<\/title>\n<meta name=\"robots\" content=\"index, follow, max-snippet:-1, max-image-preview:large, max-video-preview:-1\" \/>\n<link rel=\"canonical\" href=\"https:\/\/wp.icmm.csic.es\/foamify\/publications\" \/>\n<meta property=\"og:locale\" content=\"en_US\" \/>\n<meta property=\"og:type\" content=\"article\" \/>\n<meta property=\"og:title\" content=\"Publications - FOAMIFY\" \/>\n<meta property=\"og:description\" content=\"My google scholar, Orcid and Researchgate profiles. 42. Marina Tabuyo-Mart\u00ednez, Bernd Wicklein*, Pilar Aranda.\u00a0 Progress and innovation of nanostructured sulfur cathodes and metal-free anodes for RT Na-S batteries. Beilstein J. Nanotechnology 2021, 12, 995-1020. 41.David Ibarra, Raquel Mart\u00edn-Sampedro, Bernd Wicklein,Ursula Fillat, Maria Eugenia Eugenio. Production of Microfibrillated Cellulose from Fast-Growing Poplar and Olive Tree Pruning &hellip; Continue reading &quot;Publications&quot;\" \/>\n<meta property=\"og:url\" content=\"https:\/\/wp.icmm.csic.es\/foamify\/publications\" \/>\n<meta property=\"og:site_name\" content=\"FOAMIFY\" \/>\n<meta property=\"article:modified_time\" content=\"2021-11-30T06:26:35+00:00\" \/>\n<meta name=\"twitter:card\" content=\"summary_large_image\" \/>\n<meta name=\"twitter:label1\" content=\"Est. reading time\" \/>\n\t<meta name=\"twitter:data1\" content=\"6 minutes\" \/>\n<script type=\"application\/ld+json\" class=\"yoast-schema-graph\">{\"@context\":\"https:\/\/schema.org\",\"@graph\":[{\"@type\":\"WebPage\",\"@id\":\"https:\/\/wp.icmm.csic.es\/foamify\/publications\",\"url\":\"https:\/\/wp.icmm.csic.es\/foamify\/publications\",\"name\":\"Publications - FOAMIFY\",\"isPartOf\":{\"@id\":\"https:\/\/wp.icmm.csic.es\/foamify\/#website\"},\"datePublished\":\"2021-01-18T12:50:38+00:00\",\"dateModified\":\"2021-11-30T06:26:35+00:00\",\"breadcrumb\":{\"@id\":\"https:\/\/wp.icmm.csic.es\/foamify\/publications#breadcrumb\"},\"inLanguage\":\"en-US\",\"potentialAction\":[{\"@type\":\"ReadAction\",\"target\":[\"https:\/\/wp.icmm.csic.es\/foamify\/publications\"]}]},{\"@type\":\"BreadcrumbList\",\"@id\":\"https:\/\/wp.icmm.csic.es\/foamify\/publications#breadcrumb\",\"itemListElement\":[{\"@type\":\"ListItem\",\"position\":1,\"name\":\"Home\",\"item\":\"https:\/\/wp.icmm.csic.es\/foamify\/\"},{\"@type\":\"ListItem\",\"position\":2,\"name\":\"Publications\"}]},{\"@type\":\"WebSite\",\"@id\":\"https:\/\/wp.icmm.csic.es\/foamify\/#website\",\"url\":\"https:\/\/wp.icmm.csic.es\/foamify\/\",\"name\":\"FOAMIFY\",\"description\":\"The integrated energy project FOAMIFY\",\"publisher\":{\"@id\":\"https:\/\/wp.icmm.csic.es\/foamify\/#\/schema\/person\/6241692c76f1eb210564c6b932949efe\"},\"potentialAction\":[{\"@type\":\"SearchAction\",\"target\":{\"@type\":\"EntryPoint\",\"urlTemplate\":\"https:\/\/wp.icmm.csic.es\/foamify\/?s={search_term_string}\"},\"query-input\":{\"@type\":\"PropertyValueSpecification\",\"valueRequired\":true,\"valueName\":\"search_term_string\"}}],\"inLanguage\":\"en-US\"},{\"@type\":[\"Person\",\"Organization\"],\"@id\":\"https:\/\/wp.icmm.csic.es\/foamify\/#\/schema\/person\/6241692c76f1eb210564c6b932949efe\",\"name\":\"Bernd\",\"image\":{\"@type\":\"ImageObject\",\"inLanguage\":\"en-US\",\"@id\":\"https:\/\/wp.icmm.csic.es\/foamify\/wp-content\/uploads\/sites\/57\/2021\/11\/cropped-cropped-TENG-scheme-e1638252094674.png\",\"url\":\"https:\/\/wp.icmm.csic.es\/foamify\/wp-content\/uploads\/sites\/57\/2021\/11\/cropped-cropped-TENG-scheme-e1638252094674.png\",\"contentUrl\":\"https:\/\/wp.icmm.csic.es\/foamify\/wp-content\/uploads\/sites\/57\/2021\/11\/cropped-cropped-TENG-scheme-e1638252094674.png\",\"width\":120,\"height\":120,\"caption\":\"Bernd\"},\"logo\":{\"@id\":\"https:\/\/wp.icmm.csic.es\/foamify\/wp-content\/uploads\/sites\/57\/2021\/11\/cropped-cropped-TENG-scheme-e1638252094674.png\"}}]}<\/script>\n<!-- \/ Yoast SEO plugin. -->","yoast_head_json":{"title":"Publications - FOAMIFY","robots":{"index":"index","follow":"follow","max-snippet":"max-snippet:-1","max-image-preview":"max-image-preview:large","max-video-preview":"max-video-preview:-1"},"canonical":"https:\/\/wp.icmm.csic.es\/foamify\/publications","og_locale":"en_US","og_type":"article","og_title":"Publications - FOAMIFY","og_description":"My google scholar, Orcid and Researchgate profiles. 42. Marina Tabuyo-Mart\u00ednez, Bernd Wicklein*, Pilar Aranda.\u00a0 Progress and innovation of nanostructured sulfur cathodes and metal-free anodes for RT Na-S batteries. Beilstein J. Nanotechnology 2021, 12, 995-1020. 41.David Ibarra, Raquel Mart\u00edn-Sampedro, Bernd Wicklein,Ursula Fillat, Maria Eugenia Eugenio. Production of Microfibrillated Cellulose from Fast-Growing Poplar and Olive Tree Pruning &hellip; Continue reading \"Publications\"","og_url":"https:\/\/wp.icmm.csic.es\/foamify\/publications","og_site_name":"FOAMIFY","article_modified_time":"2021-11-30T06:26:35+00:00","twitter_card":"summary_large_image","twitter_misc":{"Est. reading time":"6 minutes"},"schema":{"@context":"https:\/\/schema.org","@graph":[{"@type":"WebPage","@id":"https:\/\/wp.icmm.csic.es\/foamify\/publications","url":"https:\/\/wp.icmm.csic.es\/foamify\/publications","name":"Publications - FOAMIFY","isPartOf":{"@id":"https:\/\/wp.icmm.csic.es\/foamify\/#website"},"datePublished":"2021-01-18T12:50:38+00:00","dateModified":"2021-11-30T06:26:35+00:00","breadcrumb":{"@id":"https:\/\/wp.icmm.csic.es\/foamify\/publications#breadcrumb"},"inLanguage":"en-US","potentialAction":[{"@type":"ReadAction","target":["https:\/\/wp.icmm.csic.es\/foamify\/publications"]}]},{"@type":"BreadcrumbList","@id":"https:\/\/wp.icmm.csic.es\/foamify\/publications#breadcrumb","itemListElement":[{"@type":"ListItem","position":1,"name":"Home","item":"https:\/\/wp.icmm.csic.es\/foamify\/"},{"@type":"ListItem","position":2,"name":"Publications"}]},{"@type":"WebSite","@id":"https:\/\/wp.icmm.csic.es\/foamify\/#website","url":"https:\/\/wp.icmm.csic.es\/foamify\/","name":"FOAMIFY","description":"The integrated energy project FOAMIFY","publisher":{"@id":"https:\/\/wp.icmm.csic.es\/foamify\/#\/schema\/person\/6241692c76f1eb210564c6b932949efe"},"potentialAction":[{"@type":"SearchAction","target":{"@type":"EntryPoint","urlTemplate":"https:\/\/wp.icmm.csic.es\/foamify\/?s={search_term_string}"},"query-input":{"@type":"PropertyValueSpecification","valueRequired":true,"valueName":"search_term_string"}}],"inLanguage":"en-US"},{"@type":["Person","Organization"],"@id":"https:\/\/wp.icmm.csic.es\/foamify\/#\/schema\/person\/6241692c76f1eb210564c6b932949efe","name":"Bernd","image":{"@type":"ImageObject","inLanguage":"en-US","@id":"https:\/\/wp.icmm.csic.es\/foamify\/wp-content\/uploads\/sites\/57\/2021\/11\/cropped-cropped-TENG-scheme-e1638252094674.png","url":"https:\/\/wp.icmm.csic.es\/foamify\/wp-content\/uploads\/sites\/57\/2021\/11\/cropped-cropped-TENG-scheme-e1638252094674.png","contentUrl":"https:\/\/wp.icmm.csic.es\/foamify\/wp-content\/uploads\/sites\/57\/2021\/11\/cropped-cropped-TENG-scheme-e1638252094674.png","width":120,"height":120,"caption":"Bernd"},"logo":{"@id":"https:\/\/wp.icmm.csic.es\/foamify\/wp-content\/uploads\/sites\/57\/2021\/11\/cropped-cropped-TENG-scheme-e1638252094674.png"}}]}},"_links":{"self":[{"href":"https:\/\/wp.icmm.csic.es\/foamify\/wp-json\/wp\/v2\/pages\/47","targetHints":{"allow":["GET"]}}],"collection":[{"href":"https:\/\/wp.icmm.csic.es\/foamify\/wp-json\/wp\/v2\/pages"}],"about":[{"href":"https:\/\/wp.icmm.csic.es\/foamify\/wp-json\/wp\/v2\/types\/page"}],"author":[{"embeddable":true,"href":"https:\/\/wp.icmm.csic.es\/foamify\/wp-json\/wp\/v2\/users\/99"}],"replies":[{"embeddable":true,"href":"https:\/\/wp.icmm.csic.es\/foamify\/wp-json\/wp\/v2\/comments?post=47"}],"version-history":[{"count":1,"href":"https:\/\/wp.icmm.csic.es\/foamify\/wp-json\/wp\/v2\/pages\/47\/revisions"}],"predecessor-version":[{"id":144,"href":"https:\/\/wp.icmm.csic.es\/foamify\/wp-json\/wp\/v2\/pages\/47\/revisions\/144"}],"wp:attachment":[{"href":"https:\/\/wp.icmm.csic.es\/foamify\/wp-json\/wp\/v2\/media?parent=47"}],"curies":[{"name":"wp","href":"https:\/\/api.w.org\/{rel}","templated":true}]}}