{"id":14,"date":"2015-05-28T11:21:24","date_gmt":"2015-05-28T11:21:24","guid":{"rendered":"http:\/\/www.icmm.csic.es\/forcetool\/?page_id=8"},"modified":"2026-03-27T15:39:42","modified_gmt":"2026-03-27T15:39:42","slug":"people","status":"publish","type":"page","link":"https:\/\/wp.icmm.csic.es\/forcetool\/people\/","title":{"rendered":"Group Members"},"content":{"rendered":"<p><img loading=\"lazy\" decoding=\"async\" class=\" wp-image-1829 aligncenter\" src=\"https:\/\/wp.icmm.csic.es\/forcetool\/wp-content\/uploads\/sites\/32\/2026\/03\/ForceTool-March-2026-1-300x200.jpg\" alt=\"\" width=\"605\" height=\"404\" srcset=\"https:\/\/wp.icmm.csic.es\/forcetool\/wp-content\/uploads\/sites\/32\/2026\/03\/ForceTool-March-2026-1-300x200.jpg 300w, https:\/\/wp.icmm.csic.es\/forcetool\/wp-content\/uploads\/sites\/32\/2026\/03\/ForceTool-March-2026-1-1024x683.jpg 1024w, https:\/\/wp.icmm.csic.es\/forcetool\/wp-content\/uploads\/sites\/32\/2026\/03\/ForceTool-March-2026-1-768x512.jpg 768w, https:\/\/wp.icmm.csic.es\/forcetool\/wp-content\/uploads\/sites\/32\/2026\/03\/ForceTool-March-2026-1-1536x1024.jpg 1536w, https:\/\/wp.icmm.csic.es\/forcetool\/wp-content\/uploads\/sites\/32\/2026\/03\/ForceTool-March-2026-1-2048x1365.jpg 2048w, https:\/\/wp.icmm.csic.es\/forcetool\/wp-content\/uploads\/sites\/32\/2026\/03\/ForceTool-March-2026-1-272x182.jpg 272w\" sizes=\"auto, (max-width: 605px) 100vw, 605px\" \/><\/p>\n<p><img loading=\"lazy\" decoding=\"async\" class=\"wp-image-1790 aligncenter\" src=\"https:\/\/wp.icmm.csic.es\/forcetool\/wp-content\/uploads\/sites\/32\/2024\/12\/GRUPO-BUENA-nov-2024-2-300x200.jpg\" alt=\"\" width=\"617\" height=\"411\" srcset=\"https:\/\/wp.icmm.csic.es\/forcetool\/wp-content\/uploads\/sites\/32\/2024\/12\/GRUPO-BUENA-nov-2024-2-300x200.jpg 300w, https:\/\/wp.icmm.csic.es\/forcetool\/wp-content\/uploads\/sites\/32\/2024\/12\/GRUPO-BUENA-nov-2024-2-1024x683.jpg 1024w, https:\/\/wp.icmm.csic.es\/forcetool\/wp-content\/uploads\/sites\/32\/2024\/12\/GRUPO-BUENA-nov-2024-2-768x512.jpg 768w, https:\/\/wp.icmm.csic.es\/forcetool\/wp-content\/uploads\/sites\/32\/2024\/12\/GRUPO-BUENA-nov-2024-2-1536x1024.jpg 1536w, https:\/\/wp.icmm.csic.es\/forcetool\/wp-content\/uploads\/sites\/32\/2024\/12\/GRUPO-BUENA-nov-2024-2-2048x1365.jpg 2048w, https:\/\/wp.icmm.csic.es\/forcetool\/wp-content\/uploads\/sites\/32\/2024\/12\/GRUPO-BUENA-nov-2024-2-272x182.jpg 272w\" sizes=\"auto, (max-width: 617px) 100vw, 617px\" \/><\/p>\n<p><img loading=\"lazy\" decoding=\"async\" class=\"wp-image-1779 aligncenter\" src=\"https:\/\/wp.icmm.csic.es\/forcetool\/wp-content\/uploads\/sites\/32\/2024\/11\/GRUPO-BUENA-nov-2024-300x200.jpg\" alt=\"\" width=\"617\" height=\"412\" srcset=\"https:\/\/wp.icmm.csic.es\/forcetool\/wp-content\/uploads\/sites\/32\/2024\/11\/GRUPO-BUENA-nov-2024-300x200.jpg 300w, https:\/\/wp.icmm.csic.es\/forcetool\/wp-content\/uploads\/sites\/32\/2024\/11\/GRUPO-BUENA-nov-2024-1024x683.jpg 1024w, https:\/\/wp.icmm.csic.es\/forcetool\/wp-content\/uploads\/sites\/32\/2024\/11\/GRUPO-BUENA-nov-2024-768x512.jpg 768w, https:\/\/wp.icmm.csic.es\/forcetool\/wp-content\/uploads\/sites\/32\/2024\/11\/GRUPO-BUENA-nov-2024-1536x1024.jpg 1536w, https:\/\/wp.icmm.csic.es\/forcetool\/wp-content\/uploads\/sites\/32\/2024\/11\/GRUPO-BUENA-nov-2024-2048x1365.jpg 2048w, https:\/\/wp.icmm.csic.es\/forcetool\/wp-content\/uploads\/sites\/32\/2024\/11\/GRUPO-BUENA-nov-2024-272x182.jpg 272w\" sizes=\"auto, (max-width: 617px) 100vw, 617px\" \/><\/p>\n<p>&nbsp;<br \/>\n<img loading=\"lazy\" decoding=\"async\" class=\" wp-image-1610 aligncenter\" src=\"https:\/\/wp.icmm.csic.es\/forcetool\/wp-content\/uploads\/sites\/32\/2015\/05\/PI-pic.jpg\" alt=\"\" width=\"240\" height=\"238\"><\/p>\n<p style=\"text-align: center\"><a href=\"https:\/\/wp.icmm.csic.es\/forcetool\/ricardo-garcia\/\">Ricardo Garc\u00eda Garc\u00eda<\/a><\/p>\n<p><img loading=\"lazy\" decoding=\"async\" class=\" wp-image-1717 aligncenter\" src=\"https:\/\/wp.icmm.csic.es\/forcetool\/wp-content\/uploads\/sites\/32\/2024\/02\/Lazaro-A-Dominguez-247x300.png\" alt=\"\" width=\"239\" height=\"290\" srcset=\"https:\/\/wp.icmm.csic.es\/forcetool\/wp-content\/uploads\/sites\/32\/2024\/02\/Lazaro-A-Dominguez-247x300.png 247w, https:\/\/wp.icmm.csic.es\/forcetool\/wp-content\/uploads\/sites\/32\/2024\/02\/Lazaro-A-Dominguez.png 620w\" sizes=\"auto, (max-width: 239px) 100vw, 239px\" \/><\/p>\n<p style=\"text-align: center\"><a href=\"alejandro.dominguez@csic.es\">L\u00e1zaro Alejandro Dom\u00ednguez Rodr\u00edguez<\/a><\/p>\n<p><img loading=\"lazy\" decoding=\"async\" class=\" wp-image-1610 aligncenter\" src=\"https:\/\/wp.icmm.csic.es\/forcetool\/wp-content\/uploads\/sites\/32\/2015\/05\/fran-e1521038369223-169x300.jpg\" alt=\"\" width=\"240\" height=\"238\"><\/p>\n<p style=\"text-align: center\"><a href=\"mailto:francisco.espinosa@csic.es\">Francisco Espinosa Barea<\/a><\/p>\n<p><img loading=\"lazy\" decoding=\"async\" class=\"wp-image-1782 size-medium aligncenter\" src=\"https:\/\/wp.icmm.csic.es\/forcetool\/wp-content\/uploads\/sites\/32\/2024\/12\/IMG_3628-208x300.jpg\" alt=\"\" width=\"208\" height=\"300\" srcset=\"https:\/\/wp.icmm.csic.es\/forcetool\/wp-content\/uploads\/sites\/32\/2024\/12\/IMG_3628-208x300.jpg 208w, https:\/\/wp.icmm.csic.es\/forcetool\/wp-content\/uploads\/sites\/32\/2024\/12\/IMG_3628.jpg 608w\" sizes=\"auto, (max-width: 208px) 100vw, 208px\" \/><\/p>\n<p style=\"text-align: center\"><a href=\"luca.franco@icmm.csic.es\">Luca Franco<\/a><\/p>\n<p style=\"text-align: center\"><img loading=\"lazy\" decoding=\"async\" class=\"alignnone wp-image-1812 \" src=\"https:\/\/wp.icmm.csic.es\/forcetool\/wp-content\/uploads\/sites\/32\/2025\/05\/GIODELE-GORGONE-FORCETOOLS-PHD-CARNET-206x300.jpg\" alt=\"\" width=\"205\" height=\"299\" srcset=\"https:\/\/wp.icmm.csic.es\/forcetool\/wp-content\/uploads\/sites\/32\/2025\/05\/GIODELE-GORGONE-FORCETOOLS-PHD-CARNET-206x300.jpg 206w, https:\/\/wp.icmm.csic.es\/forcetool\/wp-content\/uploads\/sites\/32\/2025\/05\/GIODELE-GORGONE-FORCETOOLS-PHD-CARNET.jpg 262w\" sizes=\"auto, (max-width: 205px) 100vw, 205px\" \/><\/p>\n<p style=\"text-align: center\"><a href=\"gioele.gorgone@icmm.csic.es\">Gioele Gorgone<\/a><\/p>\n<p style=\"text-align: center\"><img loading=\"lazy\" decoding=\"async\" class=\" wp-image-1718 aligncenter\" src=\"https:\/\/wp.icmm.csic.es\/forcetool\/wp-content\/uploads\/sites\/32\/2024\/02\/MARTA-MOLINA-PEREZ-ext1-scaled-e1707477650218-192x300.jpg\" alt=\"\" width=\"227\" height=\"354\" srcset=\"https:\/\/wp.icmm.csic.es\/forcetool\/wp-content\/uploads\/sites\/32\/2024\/02\/MARTA-MOLINA-PEREZ-ext1-scaled-e1707477650218-192x300.jpg 192w, https:\/\/wp.icmm.csic.es\/forcetool\/wp-content\/uploads\/sites\/32\/2024\/02\/MARTA-MOLINA-PEREZ-ext1-scaled-e1707477650218-656x1024.jpg 656w, https:\/\/wp.icmm.csic.es\/forcetool\/wp-content\/uploads\/sites\/32\/2024\/02\/MARTA-MOLINA-PEREZ-ext1-scaled-e1707477650218-768x1199.jpg 768w, https:\/\/wp.icmm.csic.es\/forcetool\/wp-content\/uploads\/sites\/32\/2024\/02\/MARTA-MOLINA-PEREZ-ext1-scaled-e1707477650218-984x1536.jpg 984w, https:\/\/wp.icmm.csic.es\/forcetool\/wp-content\/uploads\/sites\/32\/2024\/02\/MARTA-MOLINA-PEREZ-ext1-scaled-e1707477650218.jpg 1036w\" sizes=\"auto, (max-width: 227px) 100vw, 227px\" \/><\/p>\n<p style=\"text-align: center\"><a href=\"m.molina@csic.es\">Marta Molina P\u00e9rez<\/a><\/p>\n<p><img loading=\"lazy\" decoding=\"async\" class=\" wp-image-1610 aligncenter\" src=\"https:\/\/wp.icmm.csic.es\/forcetool\/wp-content\/uploads\/sites\/32\/2023\/02\/JAIME-TEJEDOR-300x298.jpg\" alt=\"\" width=\"240\" height=\"238\" srcset=\"https:\/\/wp.icmm.csic.es\/forcetool\/wp-content\/uploads\/sites\/32\/2023\/02\/JAIME-TEJEDOR-300x298.jpg 300w, https:\/\/wp.icmm.csic.es\/forcetool\/wp-content\/uploads\/sites\/32\/2023\/02\/JAIME-TEJEDOR-1024x1017.jpg 1024w, https:\/\/wp.icmm.csic.es\/forcetool\/wp-content\/uploads\/sites\/32\/2023\/02\/JAIME-TEJEDOR-150x150.jpg 150w, https:\/\/wp.icmm.csic.es\/forcetool\/wp-content\/uploads\/sites\/32\/2023\/02\/JAIME-TEJEDOR-768x763.jpg 768w, https:\/\/wp.icmm.csic.es\/forcetool\/wp-content\/uploads\/sites\/32\/2023\/02\/JAIME-TEJEDOR-1536x1526.jpg 1536w, https:\/\/wp.icmm.csic.es\/forcetool\/wp-content\/uploads\/sites\/32\/2023\/02\/JAIME-TEJEDOR-2048x2035.jpg 2048w, https:\/\/wp.icmm.csic.es\/forcetool\/wp-content\/uploads\/sites\/32\/2023\/02\/JAIME-TEJEDOR-80x80.jpg 80w\" sizes=\"auto, (max-width: 240px) 100vw, 240px\" \/><\/p>\n<p style=\"text-align: center\"><a href=\"j.tejedor@csic.es\">Jaime Tejedor Reyes<\/a><\/p>\n<p style=\"text-align: center\"><img loading=\"lazy\" decoding=\"async\" class=\"alignnone wp-image-1811 size-medium\" src=\"https:\/\/wp.icmm.csic.es\/forcetool\/wp-content\/uploads\/sites\/32\/2025\/05\/e9262574-27fd-4d02-b9c8-93e7fcdd3762-198x300.jpg\" alt=\"\" width=\"198\" height=\"300\" srcset=\"https:\/\/wp.icmm.csic.es\/forcetool\/wp-content\/uploads\/sites\/32\/2025\/05\/e9262574-27fd-4d02-b9c8-93e7fcdd3762-198x300.jpg 198w, https:\/\/wp.icmm.csic.es\/forcetool\/wp-content\/uploads\/sites\/32\/2025\/05\/e9262574-27fd-4d02-b9c8-93e7fcdd3762-676x1024.jpg 676w, https:\/\/wp.icmm.csic.es\/forcetool\/wp-content\/uploads\/sites\/32\/2025\/05\/e9262574-27fd-4d02-b9c8-93e7fcdd3762-768x1163.jpg 768w, https:\/\/wp.icmm.csic.es\/forcetool\/wp-content\/uploads\/sites\/32\/2025\/05\/e9262574-27fd-4d02-b9c8-93e7fcdd3762-1014x1536.jpg 1014w, https:\/\/wp.icmm.csic.es\/forcetool\/wp-content\/uploads\/sites\/32\/2025\/05\/e9262574-27fd-4d02-b9c8-93e7fcdd3762.jpg 1050w\" sizes=\"auto, (max-width: 198px) 100vw, 198px\" \/><\/p>\n<p style=\"text-align: center\"><a href=\"tangzhen@icmm.csic.es\">Zhen Tang<\/a><\/p>\n<p>&nbsp;<\/p>\n<h4><span style=\"color: #0000ff\"><strong>Former members<\/strong><\/span><\/h4>\n<p style=\"text-align: center\">2024<\/p>\n<p><img loading=\"lazy\" decoding=\"async\" class=\" wp-image-1716 aligncenter\" src=\"https:\/\/wp.icmm.csic.es\/forcetool\/wp-content\/uploads\/sites\/32\/2024\/02\/DRUPO-RICARDO-GARCIA-FORCE-TOOL-3-300x200.jpg\" alt=\"\" width=\"667\" height=\"444\" srcset=\"https:\/\/wp.icmm.csic.es\/forcetool\/wp-content\/uploads\/sites\/32\/2024\/02\/DRUPO-RICARDO-GARCIA-FORCE-TOOL-3-300x200.jpg 300w, https:\/\/wp.icmm.csic.es\/forcetool\/wp-content\/uploads\/sites\/32\/2024\/02\/DRUPO-RICARDO-GARCIA-FORCE-TOOL-3-1024x683.jpg 1024w, https:\/\/wp.icmm.csic.es\/forcetool\/wp-content\/uploads\/sites\/32\/2024\/02\/DRUPO-RICARDO-GARCIA-FORCE-TOOL-3-768x512.jpg 768w, https:\/\/wp.icmm.csic.es\/forcetool\/wp-content\/uploads\/sites\/32\/2024\/02\/DRUPO-RICARDO-GARCIA-FORCE-TOOL-3-1536x1024.jpg 1536w, https:\/\/wp.icmm.csic.es\/forcetool\/wp-content\/uploads\/sites\/32\/2024\/02\/DRUPO-RICARDO-GARCIA-FORCE-TOOL-3-2048x1365.jpg 2048w, https:\/\/wp.icmm.csic.es\/forcetool\/wp-content\/uploads\/sites\/32\/2024\/02\/DRUPO-RICARDO-GARCIA-FORCE-TOOL-3-272x182.jpg 272w\" sizes=\"auto, (max-width: 667px) 100vw, 667px\" \/><\/p>\n<p>&nbsp;<\/p>\n<p style=\"text-align: center\">2023<\/p>\n<p><img loading=\"lazy\" decoding=\"async\" class=\" wp-image-1611 aligncenter\" src=\"https:\/\/wp.icmm.csic.es\/forcetool\/wp-content\/uploads\/sites\/32\/2023\/02\/RICARDO-GRUPO-January-2023-300x200.jpg\" alt=\"\" width=\"663\" height=\"442\" srcset=\"https:\/\/wp.icmm.csic.es\/forcetool\/wp-content\/uploads\/sites\/32\/2023\/02\/RICARDO-GRUPO-January-2023-300x200.jpg 300w, https:\/\/wp.icmm.csic.es\/forcetool\/wp-content\/uploads\/sites\/32\/2023\/02\/RICARDO-GRUPO-January-2023-1024x683.jpg 1024w, https:\/\/wp.icmm.csic.es\/forcetool\/wp-content\/uploads\/sites\/32\/2023\/02\/RICARDO-GRUPO-January-2023-768x512.jpg 768w, https:\/\/wp.icmm.csic.es\/forcetool\/wp-content\/uploads\/sites\/32\/2023\/02\/RICARDO-GRUPO-January-2023-1536x1024.jpg 1536w, https:\/\/wp.icmm.csic.es\/forcetool\/wp-content\/uploads\/sites\/32\/2023\/02\/RICARDO-GRUPO-January-2023-2048x1365.jpg 2048w, https:\/\/wp.icmm.csic.es\/forcetool\/wp-content\/uploads\/sites\/32\/2023\/02\/RICARDO-GRUPO-January-2023-272x182.jpg 272w\" sizes=\"auto, (max-width: 663px) 100vw, 663px\" \/><\/p>\n<p style=\"text-align: center\">2022<\/p>\n<p><img loading=\"lazy\" decoding=\"async\" class=\" wp-image-1538 aligncenter\" src=\"https:\/\/wp.icmm.csic.es\/forcetool\/wp-content\/uploads\/sites\/32\/2022\/01\/RICARDO-0070-PANORAMICA-300x169.jpg\" alt=\"\" width=\"662\" height=\"373\" srcset=\"https:\/\/wp.icmm.csic.es\/forcetool\/wp-content\/uploads\/sites\/32\/2022\/01\/RICARDO-0070-PANORAMICA-300x169.jpg 300w, https:\/\/wp.icmm.csic.es\/forcetool\/wp-content\/uploads\/sites\/32\/2022\/01\/RICARDO-0070-PANORAMICA-1024x576.jpg 1024w, https:\/\/wp.icmm.csic.es\/forcetool\/wp-content\/uploads\/sites\/32\/2022\/01\/RICARDO-0070-PANORAMICA-768x432.jpg 768w, https:\/\/wp.icmm.csic.es\/forcetool\/wp-content\/uploads\/sites\/32\/2022\/01\/RICARDO-0070-PANORAMICA-1536x864.jpg 1536w, https:\/\/wp.icmm.csic.es\/forcetool\/wp-content\/uploads\/sites\/32\/2022\/01\/RICARDO-0070-PANORAMICA-2048x1152.jpg 2048w\" sizes=\"auto, (max-width: 662px) 100vw, 662px\" \/><\/p>\n<p style=\"text-align: center\">2021<\/p>\n<p><img loading=\"lazy\" decoding=\"async\" class=\" wp-image-1508 aligncenter\" src=\"https:\/\/wp.icmm.csic.es\/forcetool\/wp-content\/uploads\/sites\/32\/2021\/06\/Garcias-group-JUne2021-1-300x200.jpg\" alt=\"\" width=\"668\" height=\"445\" srcset=\"https:\/\/wp.icmm.csic.es\/forcetool\/wp-content\/uploads\/sites\/32\/2021\/06\/Garcias-group-JUne2021-1-300x200.jpg 300w, https:\/\/wp.icmm.csic.es\/forcetool\/wp-content\/uploads\/sites\/32\/2021\/06\/Garcias-group-JUne2021-1-1024x683.jpg 1024w, https:\/\/wp.icmm.csic.es\/forcetool\/wp-content\/uploads\/sites\/32\/2021\/06\/Garcias-group-JUne2021-1-768x512.jpg 768w, https:\/\/wp.icmm.csic.es\/forcetool\/wp-content\/uploads\/sites\/32\/2021\/06\/Garcias-group-JUne2021-1-1536x1024.jpg 1536w, https:\/\/wp.icmm.csic.es\/forcetool\/wp-content\/uploads\/sites\/32\/2021\/06\/Garcias-group-JUne2021-1-2048x1365.jpg 2048w, https:\/\/wp.icmm.csic.es\/forcetool\/wp-content\/uploads\/sites\/32\/2021\/06\/Garcias-group-JUne2021-1-272x182.jpg 272w\" sizes=\"auto, (max-width: 668px) 100vw, 668px\" \/><\/p>\n<p style=\"text-align: center\">2019<\/p>\n<p><a><img decoding=\"async\" class=\" aligncenter wp-image-1072 size-large\" src=\"https:\/\/wp.icmm.csic.es\/forcetool\/wp-content\/uploads\/sites\/32\/2019\/09\/Foto-grupo-2-1024x646.jpg\" alt=\"Foto grupo FTOOL\"><\/a><\/p>\n<p><a><img decoding=\"async\" class=\" aligncenter wp-image-1072 size-large\" src=\"https:\/\/wp.icmm.csic.es\/forcetool\/wp-content\/uploads\/sites\/32\/2019\/09\/Foto-grupo-1-1024x706.jpg\" alt=\"Foto grupo FTOOL\"><\/a><\/p>\n<p>&nbsp;<\/p>\n<p style=\"text-align: center\">2015<\/p>\n<p><a href=\"https:\/\/wp.icmm.csic.es\/forcetool\/wp-content\/uploads\/sites\/32\/2015\/05\/Foto-grupo-FTOOL.jpg\"><img loading=\"lazy\" decoding=\"async\" class=\" aligncenter wp-image-1072 size-large\" src=\"https:\/\/wp.icmm.csic.es\/forcetool\/wp-content\/uploads\/sites\/32\/2015\/05\/Foto-grupo-FTOOL-1024x683.jpg\" alt=\"Foto grupo FTOOL\" width=\"720\" height=\"480\" srcset=\"https:\/\/wp.icmm.csic.es\/forcetool\/wp-content\/uploads\/sites\/32\/2015\/05\/Foto-grupo-FTOOL-1024x683.jpg 1024w, https:\/\/wp.icmm.csic.es\/forcetool\/wp-content\/uploads\/sites\/32\/2015\/05\/Foto-grupo-FTOOL-300x200.jpg 300w, https:\/\/wp.icmm.csic.es\/forcetool\/wp-content\/uploads\/sites\/32\/2015\/05\/Foto-grupo-FTOOL-768x512.jpg 768w\" sizes=\"auto, (max-width: 720px) 100vw, 720px\" \/><\/a><\/p>\n<p>&nbsp;<\/p>\n<p style=\"text-align: justify\"><a href=\"https:\/\/wp.icmm.csic.es\/forcetool\/wp-content\/uploads\/sites\/32\/2015\/05\/forcetool-group2.jpg\"><img loading=\"lazy\" decoding=\"async\" class=\" aligncenter wp-image-911 size-large\" src=\"https:\/\/wp.icmm.csic.es\/forcetool\/wp-content\/uploads\/sites\/32\/2015\/05\/forcetool-group2-1024x605.jpg\" alt=\"\" width=\"720\" height=\"425\" srcset=\"https:\/\/wp.icmm.csic.es\/forcetool\/wp-content\/uploads\/sites\/32\/2015\/05\/forcetool-group2-1024x605.jpg 1024w, https:\/\/wp.icmm.csic.es\/forcetool\/wp-content\/uploads\/sites\/32\/2015\/05\/forcetool-group2-300x177.jpg 300w, https:\/\/wp.icmm.csic.es\/forcetool\/wp-content\/uploads\/sites\/32\/2015\/05\/forcetool-group2-768x454.jpg 768w, https:\/\/wp.icmm.csic.es\/forcetool\/wp-content\/uploads\/sites\/32\/2015\/05\/forcetool-group2.jpg 1382w\" sizes=\"auto, (max-width: 720px) 100vw, 720px\" \/><\/a><\/p>\n<p><strong>Dr. Clara Garc\u00eda Sacrist\u00e1n: Graduate Student from 2020 to 2025<\/strong><\/p>\n<p>Moved to industry<\/p>\n<p><strong>Dr. Juan Garc\u00eda S\u00e1nchez: Graduate Student from 2019 to 2023<\/strong><\/p>\n<p>Moved to industry<\/p>\n<p><strong>Dr. V\u00edctor Garc\u00eda Gisbert: Graduate Student from 2017 to 2023<\/strong><\/p>\n<p>Moved to David Alsteens Group: NanoBioPhysics Lab, Universit\u00e9 Catholique de Louvain, Belgium<\/p>\n<p><strong>Dr. Simone Benaglia:<\/strong>&nbsp;<strong>Graduate Student from 2017 to 2021<\/strong><\/p>\n<p>Moved to <span class=\"gs_hlt\">Laura Fumagallis Group, <\/span>The University of Manchester<\/p>\n<p><strong>Dr. Carlos Ricardo Guerrero: Graduate Student from 2016 to 2020<\/strong><\/p>\n<p>Moved to industry<\/p>\n<p><strong>Dr. Manuel Uhlig: Graduate Student from 2015 to 2021<\/strong><\/p>\n<p>Current Position: Application Scientist at Nanosurf GmbH<\/p>\n<p><strong>Dr. Pablo David Garc\u00eda: Graduate Student from 2014 to 2018<\/strong><\/p>\n<p>Moved to Universidad de Oviedo<\/p>\n<p style=\"text-align: left\"><strong>Dr. Daniel Mart\u00edn Jim\u00e9nez: Predoctoral Researcher Student from 2011 to 2017<\/strong><\/p>\n<p style=\"text-align: left\">Moved to <span class=\"st\">Justus-Liebig-Universit\u00e4t <em>Gie\u00dfen<\/em><\/span>, Germany<\/p>\n<p style=\"text-align: left\"><strong>Dr. Alma P\u00e9rez Perrino: Predoctoral Researcher Student from 2011 to 2016<\/strong><\/p>\n<p style=\"text-align: left\">Moved to Simon Scheuring Group: Bio-AFM-Lab, Weill Cornell Medicine, New York, US<\/p>\n<p style=\"text-align: left\"><strong>Dr. Andra Cristina Dumitru: Graduate Student from 2011 to 2016<\/strong><\/p>\n<p style=\"text-align: left\">Assistant professor at Universit\u00e9 Catholique de Louvain, Belgium<\/p>\n<p><strong>Dr. Yu Kyoung Ryu Cho: Graduate Student from 2010 to 2015<\/strong><\/p>\n<p>Moved to ISOM-Universidad Polit\u00e9cnica de Madrid<\/p>\n<p><strong>Dr. Amir Farokh Payam: Postdoctoral Researcher Student from 2012 to 2015<\/strong><\/p>\n<p>Moved to Kislon Voitchovsky Research Group, Durham University, UK<\/p>\n<p style=\"text-align: left\"><strong>Dr. Horacio Vargas: Graduate Student from 2010 to 2015<\/strong><br \/>\nMoved to Max Planck Institut for Polymer research, Germany<\/p>\n<p><strong>Dr. Elena Tom\u00e1s: Graduate Student and Postdoctoral Researcher from 2006 to 2014<\/strong><br \/>\nCurrent position: Data Scientist at BBVA Data &amp; Analytics<\/p>\n<p><strong>Dr. Marco Chiesa: Postdoctoral Researcher from 2008 to 2014<\/strong><br \/>\nCurrent position: Researcher at Scuola Superiore Sant&#8217;Anna, Pisa, Italy<\/p>\n<p><strong>Dr. Jorge Rodr\u00edguez Ramos: Graduate Student from 2008 to 2013<\/strong><br \/>\nMoved to Felix Rico&#8217;s Research Group,&nbsp; Aix-Marseille Universit\u00e9-Inserm-CNRS<\/p>\n<p><strong>Prof. Javier Martinez Rodrigo: Ram\u00f3n y Cajal Postdoctoral Researcher from 2006-2011<\/strong><br \/>\nMoved to ISOM-Universidad Polit\u00e9cnica de Madrid<\/p>\n<p><strong>Dr. Christian Dietz: Postdoctoral Researcher<\/strong><br \/>\nMoved to Robert Stark Research group, Technische Universit\u00e4t Darmstadt, Germany<\/p>\n<p><strong>Dr. Nuria S\u00e1nchez-Losilla: Graduate student from 2006-2010.<\/strong><br \/>\nCurrent position: R&amp;D Photonic Engineer at MedLumics, S.L.<\/p>\n<p><strong>Dr. Jos\u00e9 Luis Rodr\u00edguez-Lozano: Graduate student from 2006-2011.<\/strong><br \/>\nCurrent position: Quantitative Risk Analyst at&nbsp; BBVA.<\/p>\n<p><strong>Dr. Carlos G\u00f3mez: Graduate student from 2006-2009.<\/strong><br \/>\nMoved to Universidad Aut\u00f3noma de Madrid.<\/p>\n<p><strong>Assistant Prof. Rams\u00e9s V. Mart\u00ednez, Graduate student from 2005-2009.<\/strong><br \/>\nCurrent position: Principal Investigator at Flexilab group, Purdue University, US<\/p>\n<p><strong>Dr. Nicolas F. Mart\u00ednez, Graduate student from 2004-2008.<\/strong><br \/>\nMoved to Mecwins as a research scientist.<\/p>\n<p><strong>Dr. Shivprasad Patil, Postdoc from 2006-2008.<\/strong><br \/>\nMoved to the Indian Institute of Science Education and Research in Pune (India).<\/p>\n<p><strong>Dr. Humberto S\u00e1nchez, Postdoc from 2006-2007.<\/strong><br \/>\nMoved to the Erasmus University of Rotterdam (Netherlands).<\/p>\n<p><strong>Dr. Marta Tello, Graduate student from 2000-2004 and Juan de la Cierva postdoctoral researcher from 2009-2011.<\/strong><br \/>\nMoved to the University of Cambridge (UK).<\/p>\n<p><strong>Dr. Violeta Navarro, Graduate student from 2002-2004.<\/strong><br \/>\nMoved to the Universidad Complutense in Madrid (Spain).<\/p>\n<p><strong>Dr. Donato V\u00e1ldez, Postdoctoral fellow from 2002-2003.<\/strong><br \/>\nMoved to the Universidad de M\u00e9xico<\/p>\n<p><strong>Dr. Tom\u00e1s Ra\u00fal Rodr\u00edguez, Graduate student from 200-2002.<\/strong><br \/>\nMoved to the Universidad Aut\u00f3noma de Madrid.<\/p>\n<p><strong>Dr. \u00c1lvaro San Paulo, Graduate student from 1997-2002.<\/strong><br \/>\nCurrent position: Tenure Scientistat&nbsp; BioNanoMechanics Laboratory, Instituto de Micro y Nanotecnolog\u00eda, CSIC<\/p>\n<p><strong>Prof. Montserrat Calleja, Graduate student from 1996-2002.<\/strong><br \/>\nCurrent position: Principal Investigator at BioNanoMechanics Laboratory, Instituto de Micro y Nanotecnolog\u00eda, CSIC<\/p>\n<p style=\"text-align: justify\"><strong>Dr. Christophe Tromas, Postdoctoral Fellow from February to October 2000.<\/strong><br \/>\nMoved to the University of Poitiers (France).<\/p>\n<p style=\"text-align: justify\"><strong>Dr. David Albertini, Postdoctoral Fellow from February to October 1999.<\/strong><br \/>\nMoved to the CNRS in Nantes (France).<\/p>\n<p><strong>Prof. Javier Tamayo, Graduate student from 1993-1998.<\/strong><br \/>\nCurrent position: Principal Investigator at BioNanoMechanics Laboratory, Instituto de Micro y Nanotecnolog\u00eda, CSIC<\/p>\n","protected":false},"excerpt":{"rendered":"<p>&nbsp; Ricardo Garc\u00eda Garc\u00eda L\u00e1zaro Alejandro Dom\u00ednguez Rodr\u00edguez Francisco Espinosa Barea Luca Franco Gioele Gorgone Marta Molina P\u00e9rez Jaime Tejedor Reyes Zhen Tang &nbsp; Former members 2024 &nbsp; 2023 2022 2021 2019 &nbsp; 2015&#46;&#46;&#46;<\/p>\n","protected":false},"author":58,"featured_media":0,"parent":0,"menu_order":1,"comment_status":"closed","ping_status":"open","template":"","meta":{"ngg_post_thumbnail":0,"footnotes":""},"class_list":["post-14","page","type-page","status-publish","hentry"],"_links":{"self":[{"href":"https:\/\/wp.icmm.csic.es\/forcetool\/wp-json\/wp\/v2\/pages\/14","targetHints":{"allow":["GET"]}}],"collection":[{"href":"https:\/\/wp.icmm.csic.es\/forcetool\/wp-json\/wp\/v2\/pages"}],"about":[{"href":"https:\/\/wp.icmm.csic.es\/forcetool\/wp-json\/wp\/v2\/types\/page"}],"author":[{"embeddable":true,"href":"https:\/\/wp.icmm.csic.es\/forcetool\/wp-json\/wp\/v2\/users\/58"}],"replies":[{"embeddable":true,"href":"https:\/\/wp.icmm.csic.es\/forcetool\/wp-json\/wp\/v2\/comments?post=14"}],"version-history":[{"count":28,"href":"https:\/\/wp.icmm.csic.es\/forcetool\/wp-json\/wp\/v2\/pages\/14\/revisions"}],"predecessor-version":[{"id":1830,"href":"https:\/\/wp.icmm.csic.es\/forcetool\/wp-json\/wp\/v2\/pages\/14\/revisions\/1830"}],"wp:attachment":[{"href":"https:\/\/wp.icmm.csic.es\/forcetool\/wp-json\/wp\/v2\/media?parent=14"}],"curies":[{"name":"wp","href":"https:\/\/api.w.org\/{rel}","templated":true}]}}