{"id":17,"date":"2015-05-28T11:23:56","date_gmt":"2015-05-28T11:23:56","guid":{"rendered":"http:\/\/www.icmm.csic.es\/forcetool\/?page_id=15"},"modified":"2015-05-28T11:23:56","modified_gmt":"2015-05-28T11:23:56","slug":"collaborations","status":"publish","type":"page","link":"https:\/\/wp.icmm.csic.es\/forcetool\/collaborations\/","title":{"rendered":"Collaborations"},"content":{"rendered":"<h3 style=\"text-align: center\"><span style=\"color: #0000ff\">ACADEMIC<\/span><\/h3>\n<h3><span style=\"color: #0000ff\">ACTIVE<\/span><\/h3>\n<ul>\n<li>Dr. Fabio Biscarini, CNR, Bologna<\/li>\n<li>Prof. Valent\u00edn Ce\u00f1a Callejo, Universidad de Castilla la Mancha<\/li>\n<li>Prof. Julio G\u00f3mez Herrero, Universidad Aut\u00f3noma de Madrid<\/li>\n<li>Prof. Takeshi Fukuma,Kanazawa University, Japan<\/li>\n<li>Dr. Yves Huttel, Instituto de Ciencia de Materiales, Madrid<\/li>\n<li>Prof. Malgorzata Lekka, Institute of Nuclear Physics, Krakow, Poland<\/li>\n<li>Dr. Rub\u00e9n P\u00e9rez, Universidad Aut\u00f3noma de Madrid<\/li>\n<li>Prof. Miguel \u00c1ngel del Pozo, Centro Nacional de Investigaciones Cardiovasculares, Madrid, Spain<\/li>\n<li>Dr. Roger Proksch, Asylum Research, USA<\/li>\n<li>Prof. Arvind Raman, Purdue University, USA<\/li>\n<li>Prof. Francesco Stellaci, Massachussets Institute of Technology, USA<\/li>\n<li>Prof. Francesco Zerbetto, Universita di Bologna, Italy<\/li>\n<\/ul>\n<h3><span style=\"color: #0000ff\">PAST<\/span><\/h3>\n<ul>\n<li>Prof. Carlos Bustamante, University of California, Berkeley, USA<\/li>\n<li>Dr. Adriana Gil, Nanotec Electronics<\/li>\n<li>Dr. Peter Hinterdorfer, Biophysics University of Linz<\/li>\n<li>Dr. Dago de Leeuw, Philiphs Electronics, Eindhoven, The Netherlands<\/li>\n<li>Dr. Robert Magerle, Chemnitz University of Technology, Germany<\/li>\n<li>Dr. Ernesto Moreno, Centro de Inmunolog\u00eda Molecular, La Habana, Cuba<\/li>\n<li>Ignacio Rodr\u00edguez, ELDISA, Madrid<\/li>\n<li>Dr. Juan Jos\u00e9 S\u00e1ez, Universidad Aut\u00f3noma de Madrid<\/li>\n<li>Dr. Robert Stark, University of Munich, Germany<\/li>\n<li>Dr. Thomas Sulzbach, Nanoworld Services GmbH, Germany<\/li>\n<li>Prof. G.Julius Vancso, University of Twente, The Netherlands.<\/li>\n<\/ul>\n<h3 style=\"text-align: center\"><span style=\"color: #0000ff\">COMPANIES<\/span><\/h3>\n<p><a href=\"https:\/\/wp.icmm.csic.es\/forcetool\/wp-content\/uploads\/sites\/32\/2015\/11\/Asylum.jpg\" target=\"_blank\"><img loading=\"lazy\" decoding=\"async\" class=\"aligncenter wp-image-872 size-large\" src=\"https:\/\/wp.icmm.csic.es\/forcetool\/wp-content\/uploads\/sites\/32\/2015\/11\/Asylum-724x1024.jpg\" alt=\"\" width=\"720\" height=\"1018\" \/><\/a><\/p>\n<p><a href=\"https:\/\/wp.icmm.csic.es\/forcetool\/wp-content\/uploads\/sites\/32\/2015\/11\/Nanotec1.jpg\" target=\"_blank\"><img loading=\"lazy\" decoding=\"async\" class=\"aligncenter wp-image-878 size-large\" src=\"https:\/\/wp.icmm.csic.es\/forcetool\/wp-content\/uploads\/sites\/32\/2015\/11\/Nanotec1-724x1024.jpg\" alt=\"\" width=\"720\" height=\"1018\" \/><\/a><\/p>\n","protected":false},"excerpt":{"rendered":"<p>ACADEMIC ACTIVE Dr. Fabio Biscarini, CNR, Bologna Prof. Valent\u00edn Ce\u00f1a Callejo, Universidad de Castilla la Mancha Prof. Julio G\u00f3mez Herrero, Universidad Aut\u00f3noma de Madrid Prof. Takeshi Fukuma,Kanazawa University, Japan Dr. Yves Huttel, Instituto de&#46;&#46;&#46;<\/p>\n","protected":false},"author":58,"featured_media":0,"parent":0,"menu_order":4,"comment_status":"closed","ping_status":"open","template":"","meta":{"ngg_post_thumbnail":0,"footnotes":""},"class_list":["post-17","page","type-page","status-publish","hentry"],"_links":{"self":[{"href":"https:\/\/wp.icmm.csic.es\/forcetool\/wp-json\/wp\/v2\/pages\/17","targetHints":{"allow":["GET"]}}],"collection":[{"href":"https:\/\/wp.icmm.csic.es\/forcetool\/wp-json\/wp\/v2\/pages"}],"about":[{"href":"https:\/\/wp.icmm.csic.es\/forcetool\/wp-json\/wp\/v2\/types\/page"}],"author":[{"embeddable":true,"href":"https:\/\/wp.icmm.csic.es\/forcetool\/wp-json\/wp\/v2\/users\/58"}],"replies":[{"embeddable":true,"href":"https:\/\/wp.icmm.csic.es\/forcetool\/wp-json\/wp\/v2\/comments?post=17"}],"version-history":[{"count":0,"href":"https:\/\/wp.icmm.csic.es\/forcetool\/wp-json\/wp\/v2\/pages\/17\/revisions"}],"wp:attachment":[{"href":"https:\/\/wp.icmm.csic.es\/forcetool\/wp-json\/wp\/v2\/media?parent=17"}],"curies":[{"name":"wp","href":"https:\/\/api.w.org\/{rel}","templated":true}]}}