{"id":834,"date":"2015-11-18T11:57:10","date_gmt":"2015-11-18T10:57:10","guid":{"rendered":"http:\/\/www.icmm.csic.es\/forcetool\/?page_id=834"},"modified":"2015-11-18T11:57:10","modified_gmt":"2015-11-18T10:57:10","slug":"seminars","status":"publish","type":"page","link":"https:\/\/wp.icmm.csic.es\/forcetool\/seminars\/","title":{"rendered":"Seminars"},"content":{"rendered":"<h4 style=\"text-align: center\"><span style=\"color: #993300\"><strong>MATERIALS SCIENCE FACTORY COLLOQUIUM<\/strong><\/span><\/h4>\n<h3 style=\"text-align: center\"><strong><span style=\"color: #0000ff\">Characterization of organic self-assembled monolayers using bimodal<\/span><\/strong><br \/>\n<strong> <span style=\"color: #0000ff\"> Atomic Force Microscopy<\/span><\/strong><\/h3>\n<p style=\"text-align: center\"><strong>Dr. Evangelia-Nefeli Athanasopoulou<\/strong><\/p>\n<p style=\"text-align: center\"><strong>\u00c9cole Polytechnique F\u00e9d\u00e9rale de Lausanne (EPFL)<\/strong><\/p>\n<p style=\"text-align: center\"><span style=\"color: #ff0000\">16th\u00a0 Jan 2018, 12 h, Sala de Seminarios, Instituto de Ciencia de Materiales de Madrid<\/span><\/p>\n<h3 style=\"text-align: center\"><strong><span style=\"color: #0000ff\">Frontiers in high resolution microscopy:<\/span><\/strong><br \/>\n<strong><span style=\"color: #0000ff\"> The emergence of multifrequency force microscopy<\/span><\/strong><\/h3>\n<p style=\"text-align: center\"><strong>Prof. Ricardo Garcia<\/strong><\/p>\n<p style=\"text-align: center\"><span style=\"color: #ff0000\">4th Dec 2017, Center for Nanoscale Systems, Harvard\u00a0<\/span><\/p>\n<h4 style=\"text-align: center\"><strong><span style=\"color: #993300\">MATERIALS SCIENCE FACTORY COLLOQUIUM<\/span><\/strong><\/h4>\n<h3 style=\"text-align: center\"><strong><span style=\"color: #0000ff\">Thermal Scanning Probe Lithography: nano-patterning and nano-devices witgh high-resolution, within less processing steps, on novel materials<\/span><\/strong><\/h3>\n<p style=\"text-align: center\"><strong>Dr.Yu Kyoung Ryu Cho<\/strong><\/p>\n<p style=\"text-align: center\"><strong>Postdoctoral researcher at Dr. Armin Knoll\u2019s group, IBM Research Laboratory Zurich<\/strong>, <strong>CH<\/strong><\/p>\n<p style=\"text-align: center\"><span style=\"color: #ff0000\">5th \u00a0Sept 2017, 12 h, Sala de Seminarios, ICMM<\/span><\/p>\n<h4 style=\"text-align: center\"><span style=\"color: #993300\"><strong>MATERIALS SCIENCE FACTORY COLLOQUIUM<\/strong><\/span><\/h4>\n<h3 style=\"text-align: center\"><strong><span style=\"color: #0000ff\">Organic field effect transistors in biosensing and neurosciences<\/span><span style=\"text-decoration: underline;color: #0000ff\"><br \/>\n<\/span><\/strong><\/h3>\n<p style=\"text-align: center\"><strong>Prof. Fabio Biscarini<br \/>\n<\/strong><\/p>\n<p style=\"text-align: center\"><strong>Life Sciences Department, Universit\u00e1 di Modena e Reggio Emilia, Modena, Italy<br \/>\n<\/strong><\/p>\n<p style=\"text-align: center\"><span style=\"color: #ff0000\">16th\u00a0 Mar 2017, 12 h, Sala de Seminarios, Instituto de Ciencia de Materiales de Madrid<\/span><\/p>\n<h4 style=\"text-align: center\"><span style=\"color: #993300\"><strong>MATERIALS SCIENCE FACTORY COLLOQUIUM<\/strong><\/span><\/h4>\n<h3 style=\"text-align: center\"><span style=\"color: #0000ff\"><strong>Atomic Force Microscopy in controlled environment: A powerful tool for original experiments on hybrid systems, biomaterials, and biocomposites<\/strong> <\/span><\/h3>\n<p style=\"text-align: center\"><strong>Dr. David Siniscalco<br \/>\n<\/strong><\/p>\n<p style=\"text-align: center\"><strong>Universit\u00e9 Bretagne Sud, CNRS. Centre de Recherche C. Huygens, France<br \/>\n<\/strong><\/p>\n<p style=\"text-align: center\"><span style=\"color: #ff0000\">21th\u00a0 Feb 2017, 12 h, Sala de Seminarios, Instituto de Ciencia de Materiales de Madrid<\/span><\/p>\n<p>&nbsp;<\/p>\n<h3 style=\"text-align: center\"><strong><span style=\"color: #0000ff\">Role of ions in solid-liquid interfaces investigated by molecular simulations<\/span><\/strong><\/h3>\n<p style=\"text-align: center\"><strong><span style=\"color: #000000\">Lidija Zivanovic<\/span><\/strong><\/p>\n<p style=\"text-align: center\"><strong>Aalto University, Department of Applied Physics<\/strong><\/p>\n<p style=\"text-align: center\"><span style=\"color: #ff0000\">13th December 2016, 12 h, Sala de Juntas, ICMM<\/span><\/p>\n<p>&nbsp;<\/p>\n<h3 style=\"text-align: center\"><span style=\"color: #0000ff\"><strong>Single-molecule mechanobiochemistry: from the regulation of muscle elasticity to the production of muscle-mimicking biomaterials<\/strong><\/span><\/h3>\n<p style=\"text-align: center\"><strong>\u00a0Jorge Alegre Cebollada<br \/>\n<\/strong><\/p>\n<p style=\"text-align: center\"><strong><em> Assistant Professor<\/em>, National Institute of Cardiovascular Research (CNIC)<\/strong><\/p>\n<p style=\"text-align: center\"><span style=\"color: #ff0000\">28th October 2015<\/span><\/p>\n<h3 style=\"text-align: justify\"><\/h3>\n<h3 style=\"text-align: center\"><span style=\"color: #0000ff\"><strong>High-speed Atomic Force Microscopy: Dynamics and Interactions of Membrane Proteins<\/strong><\/span><\/h3>\n<p style=\"text-align: center\"><strong>\u00a0Prof. Simon Scheuring<\/strong><\/p>\n<p style=\"text-align: center\"><strong>U1006 INSERM, Aix-Marseille University, Campus Luminy, 13009 Marseille, France<\/strong><\/p>\n<p style=\"text-align: center\">\u00a0<span style=\"color: #ff0000\">16th October 2015<\/span><\/p>\n","protected":false},"excerpt":{"rendered":"<p>MATERIALS SCIENCE FACTORY COLLOQUIUM Characterization of organic self-assembled monolayers using bimodal Atomic Force Microscopy Dr. Evangelia-Nefeli Athanasopoulou \u00c9cole Polytechnique F\u00e9d\u00e9rale de Lausanne (EPFL) 16th\u00a0 Jan 2018, 12 h, Sala de Seminarios, Instituto de Ciencia&#46;&#46;&#46;<\/p>\n","protected":false},"author":59,"featured_media":0,"parent":0,"menu_order":0,"comment_status":"closed","ping_status":"open","template":"","meta":{"ngg_post_thumbnail":0,"footnotes":""},"class_list":["post-834","page","type-page","status-publish","hentry"],"_links":{"self":[{"href":"https:\/\/wp.icmm.csic.es\/forcetool\/wp-json\/wp\/v2\/pages\/834","targetHints":{"allow":["GET"]}}],"collection":[{"href":"https:\/\/wp.icmm.csic.es\/forcetool\/wp-json\/wp\/v2\/pages"}],"about":[{"href":"https:\/\/wp.icmm.csic.es\/forcetool\/wp-json\/wp\/v2\/types\/page"}],"author":[{"embeddable":true,"href":"https:\/\/wp.icmm.csic.es\/forcetool\/wp-json\/wp\/v2\/users\/59"}],"replies":[{"embeddable":true,"href":"https:\/\/wp.icmm.csic.es\/forcetool\/wp-json\/wp\/v2\/comments?post=834"}],"version-history":[{"count":0,"href":"https:\/\/wp.icmm.csic.es\/forcetool\/wp-json\/wp\/v2\/pages\/834\/revisions"}],"wp:attachment":[{"href":"https:\/\/wp.icmm.csic.es\/forcetool\/wp-json\/wp\/v2\/media?parent=834"}],"curies":[{"name":"wp","href":"https:\/\/api.w.org\/{rel}","templated":true}]}}