{"id":15,"date":"2023-06-28T17:38:30","date_gmt":"2023-06-28T15:38:30","guid":{"rendered":"https:\/\/wp.icmm.csic.es\/icmmdays\/?page_id=15"},"modified":"2025-04-23T10:01:11","modified_gmt":"2025-04-23T08:01:11","slug":"what-are-the-icmm-days","status":"publish","type":"page","link":"https:\/\/wp.icmm.csic.es\/icmmdays\/","title":{"rendered":"What are the ICMM Days?"},"content":{"rendered":"<p>El<strong> Instituto de Ciencia de Materiales de Madrid<\/strong> (ICMM), es el mayor instituto del \u00e1rea de ciencia y tecnolog\u00eda de materiales del CSIC. Eso significa que somos alrededor de 350 personas trabajando cada d\u00eda en el mismo edificio, comiendo en la misma cafeter\u00eda\u2026 y, en la mayor\u00eda de los casos, ignorando a otras personas que a\u00fan no conocemos.<\/p>\n<p><strong>Queremos solucionar esto.<\/strong><\/p>\n<p>\u00bfQu\u00e9 est\u00e1 haciendo esa persona en los servicios administrativos que siempre me ayuda con paciencia? \u00bfEn qu\u00e9 est\u00e1n trabajando en el laboratorio frente al m\u00edo? \u00bfPodemos colaborar? \u00bfDices que hay casi diez comisiones? \u00bfTenemos un taller mec\u00e1nico? \u00bfC\u00f3mo puedo utilizar los servicios t\u00e9cnicos?<\/p>\n<p>Esperamos que todas estas preguntas queden respondidas los pr\u00f3ximos<strong> 14 y 15 de octubre<\/strong> en un encuentro del ICMM con contenido <strong>cient\u00edfico, t\u00e9cnico y humano en Guadarrama,<\/strong> donde disfrutaremos de la compa\u00f1\u00eda de todo el personal del instituto en un entorno relajado. Adem\u00e1s, tendremos la oportunidad de compartir esta experiencia con parte de los miembros de nuestro <strong>Comit\u00e9 Cient\u00edfico Asesor Internacional.<\/strong><\/p>\n<p>Un encuentro de 2 d\u00edas lleno de experiencias y ciencia, pensado para todo el personal que hace del ICMM un buen lugar para trabajar.<\/p>\n<hr \/>\n<p>The<strong> Material Science Institute of Madrid<\/strong> (ICMM), is the largest institute in the materials science and technology area of CSIC. That means we are around 350 people working every day in the same building, eating in the same cafeteria\u2026 and, in most cases, ignoring other people we do not have met yet.<\/p>\n<p><strong>We want to solve this.<\/strong><\/p>\n<p>What is that person doing in the administrative services who always helps me with patience? What are they doing in the lab in front of mine? Can we collaborate? Do you say that there are almost ten commissions? Do we have a mechanical workshop? How do I access the technical services?<\/p>\n<p>We hope that all these questions find an answer next <strong>14th and 15th October 2025<\/strong>, in an ICMM meeting with <strong>scientific, technical and social<\/strong> contents, in Guadarrama, where we will enjoy each other\u2019s company in a relaxed environment. Also, we will have the opportunity to share this experience with part of the members of our <strong>International Scientific Advisory Board<\/strong><\/p>\n<p>A 2-day meeting to get to know better each other for all the personnel that makes ICMM a good place to work.<\/p>\n","protected":false},"excerpt":{"rendered":"<p>El Instituto de Ciencia de Materiales de Madrid (ICMM), es el mayor instituto del \u00e1rea de ciencia y tecnolog\u00eda de materiales del CSIC. Eso significa que somos alrededor de 350 personas trabajando cada d\u00eda en el mismo edificio, comiendo en la misma cafeter\u00eda\u2026 y, en la mayor\u00eda de los casos, ignorando a otras personas que [&hellip;]<\/p>\n","protected":false},"author":110,"featured_media":0,"parent":0,"menu_order":0,"comment_status":"closed","ping_status":"closed","template":"","meta":{"footnotes":""},"class_list":["post-15","page","type-page","status-publish","hentry"],"_links":{"self":[{"href":"https:\/\/wp.icmm.csic.es\/icmmdays\/wp-json\/wp\/v2\/pages\/15","targetHints":{"allow":["GET"]}}],"collection":[{"href":"https:\/\/wp.icmm.csic.es\/icmmdays\/wp-json\/wp\/v2\/pages"}],"about":[{"href":"https:\/\/wp.icmm.csic.es\/icmmdays\/wp-json\/wp\/v2\/types\/page"}],"author":[{"embeddable":true,"href":"https:\/\/wp.icmm.csic.es\/icmmdays\/wp-json\/wp\/v2\/users\/110"}],"replies":[{"embeddable":true,"href":"https:\/\/wp.icmm.csic.es\/icmmdays\/wp-json\/wp\/v2\/comments?post=15"}],"version-history":[{"count":7,"href":"https:\/\/wp.icmm.csic.es\/icmmdays\/wp-json\/wp\/v2\/pages\/15\/revisions"}],"predecessor-version":[{"id":99,"href":"https:\/\/wp.icmm.csic.es\/icmmdays\/wp-json\/wp\/v2\/pages\/15\/revisions\/99"}],"wp:attachment":[{"href":"https:\/\/wp.icmm.csic.es\/icmmdays\/wp-json\/wp\/v2\/media?parent=15"}],"curies":[{"name":"wp","href":"https:\/\/api.w.org\/{rel}","templated":true}]}}