{"id":80,"date":"2025-04-22T16:46:09","date_gmt":"2025-04-22T14:46:09","guid":{"rendered":"https:\/\/wp.icmm.csic.es\/icmmdays\/?page_id=80"},"modified":"2025-10-02T16:50:35","modified_gmt":"2025-10-02T14:50:35","slug":"program-2","status":"publish","type":"page","link":"https:\/\/wp.icmm.csic.es\/icmmdays\/program-2\/","title":{"rendered":"Program"},"content":{"rendered":"\n<p><\/p>\n\n\n\n<p>Tuesday 14th October<br>SESI\u00d3N I [ES] 10:00-12:00<br>Bienvenida. Novedades en los servicios de gesti\u00f3n y apoyo a la investigaci\u00f3n<br>Moderadora Sesi\u00f3n: Mar\u00eda Gonz\u00e1lez (Gestora Severo Ochoa)<br>10:00 &#8211; Bienvenida y presentaci\u00f3n. Jos\u00e9 \u00c1ngel Mart\u00edn Gago (Director)<br>10:10 &#8211; Estructura gesti\u00f3n administrativa. Presentaci\u00f3n protocolos internos. Patricia Capit\u00e1n (Gerente)<br>10:30 &#8211; Implementaci\u00f3n plan de seguridad inform\u00e1tica. Raquel de Marcos (Jefa de Seguridad. Secretaria General Adjunta de Inform\u00e1tica CSIC)<br>11:00 &#8211; Debate: Servicios de gesti\u00f3n y apoyo a la investigaci\u00f3n<br>11:20 &#8211; Acoso en el trabajo: c\u00f3mo actuar. Elena Vicente. La Enredadera<br>12:00 &#8211; Fin de la sesi\u00f3n<br>CAF\u00c9<br>SESSION II [ES] 12:30-14:00<br>Excelencia y participaci\u00f3n en el ICMM<br>Moderadora Sesi\u00f3n: Patricia Capit\u00e1n (Gerente ICMM)<br>COMISIONES TRANSVERSALES<br>12:30 &#8211; Unidad de Cultura Cient\u00edfica (antigua comisi\u00f3n de Divulgaci\u00f3n). \u00cd\u00f1igo Bretos<br>12:40 &#8211; Igualdad. Amalia Coro.<br>12:50 &#8211; Transici\u00f3n Ecol\u00f3gica. Carlos S\u00e1nchez.<br>13:00 &#8211; Prevenci\u00f3n de Riesgos Laborales. Pilar Aranda.<\/p>\n\n\n\n<p>PROYECTO DE CENTRO<br>13:10 &#8211; Severo Ochoa \u201cpara todos los p\u00fablicos\u201d. Jos\u00e9 \u00c1ngel Mart\u00edn Gago.<br>13:30 &#8211; Debate: C\u00f3mo participar en la vida del centro<br>14:00 &#8211; Fin de la sesi\u00f3n<br>SESSION III [EN] 15:30-17:30<br>Scientific Challenges<br>Session Chair: Marta Iglesias (Severo Ochoa Monitoring Committee)<br>15:30 &#8211; Strategic Objectives of the Severo Ochoa project. Pilar Aranda (Deputy Director)<br>15:40 &#8211; Towards materials and devices for energy-efficient information handling. Ceferino L\u00f3pez.<br>15:55 &#8211; Design of materials for quantum technologies. Ram\u00f3n Aguado.<br>16:10 &#8211; Development of atomically\/molecularly engineered materials of increasing complexity. Francisco del Monte.<br>16:25 &#8211; Safe-by-design materials for circular economy. Lourdes Calzada.<br>16:40 &#8211; Design of advanced materials, instruments and devices for personalized medicine. Puerto Morales.<br>16:55 &#8211; Scientific Monitoring Board: indicators and timeline. Concepci\u00f3n Serrano.<br>17:10 &#8211; Discussion: Scientific research at a Severo Ochoa Centre<br>17:30 &#8211; End of session<\/p>\n\n\n\n<p>Wednesday 15th October<br>DESAYUNO DE 8.30 A 9.30<br>SESI\u00d3N IV [ES-EN] 10:00-11:30<br>Contribuciones de las comisiones del ICMM al proyecto Severo Ochoa<br>Moderadora Sesi\u00f3n: Concepci\u00f3n Serrano (Comit\u00e9 de Seguimiento Severo Ochoa)<br>COMISIONES CIENT\u00cdFICAS<br>10:00 &#8211; Formaci\u00f3n y Seminarios. Jes\u00fas Ricote.<br>10:10 &#8211; Internacionalizaci\u00f3n. Sonia L\u00f3pez.<br>10:20 &#8211; Transferencia Tecnol\u00f3gica. Jes\u00fas Gonz\u00e1lez.<br>10:30 &#8211; Inform\u00e1tica. Pablo San Jos\u00e9.<br>10:40 &#8211; Promoci\u00f3n y Visibilidad. Carlos Prieto.<br>10:50 &#8211; Debate: Funcionamiento y papel de las comisiones en el proyecto Severo Ochoa<br>SEVERO OCHOA STRATEGIC PLAN<br>11:20 &#8211; Horizontal Strategic Objectives and Activities<br>Jes\u00fas Ricote (Deputy Director)<br>11:30 Fin de la sesi\u00f3n<\/p>\n\n\n\n<p>CAF\u00c9<\/p>\n\n\n\n<p>SESSION V [EN] 12:00-14:00<br>Supporting scientific excellence: development plans for ICMM technical offices and facilities<br>Session Chair: Lluis Cord\u00f3n (International Projects Office)<br>12:00 &#8211; Communication Office. \u00c1ngela R. Bonachera<br>12:10 &#8211; International Projects Office. Bel\u00e9n Illana<br>12:20 &#8211; Knowledge Transfer Office. Jes\u00fas Ricote<br>12:30 &#8211; Integrated Scientific-Technical Unit. Eva C\u00e9spedes<br>12:45 &#8211; Virtual Labs. Pilar Aranda<br>12:50 &#8211; Library: Supporting Open Access. Yolanda de la Pe\u00f1a<br>13:00 &#8211; Singular Facilities: STARDUST. Jos\u00e9 \u00c1ngel Mart\u00edn Gago<br>13:10 &#8211; Singular Facilities: SPLINE. Sylwia Pawl\u0119dzio<br>13:20 &#8211; Discussion: How to support efficiently the research at ICMM<br>13:50 &#8211; End of session<\/p>\n\n\n\n<p>14-15 COMIDA<\/p>\n\n\n\n<p>SESSION VI [EN] 15:30-17:30<br>Implementation Actions<br>Session Chair: Puerto Morales (SO monitoring board)<br>15:30 &#8211; Cross Platforms: ARTIFICIAL INTELLIGENCE LABORATORY. Eduardo Hern\u00e1ndez<br>16:00 &#8211; Cross Platforms: PROTOTYPES DESIGN LABORATORY. Rodrigo G\u00f3mez\/Juanjo Riquelme<br>16:30 &#8211; Cross Platforms: NANOFABRICATION LABORATORY. Andr\u00e9s Castellanos<br>17:00 &#8211; Budget and specific actions to promote competitiveness. Jos\u00e9 \u00c1ngel Mart\u00edn Gago (Director)<br>17:15 &#8211; Conclusions and comments of the ICMM days<br>17:30 End of session<\/p>\n\n\n\n<p>A CASA<\/p>\n\n\n\n<p><\/p>\n","protected":false},"excerpt":{"rendered":"<p>Tuesday 14th OctoberSESI\u00d3N I [ES] 10:00-12:00Bienvenida. Novedades en los servicios de gesti\u00f3n y apoyo a la investigaci\u00f3nModeradora Sesi\u00f3n: Mar\u00eda Gonz\u00e1lez (Gestora Severo Ochoa)10:00 &#8211; Bienvenida y presentaci\u00f3n. Jos\u00e9 \u00c1ngel Mart\u00edn Gago (Director)10:10 &#8211; Estructura gesti\u00f3n administrativa. Presentaci\u00f3n protocolos internos. Patricia Capit\u00e1n (Gerente)10:30 &#8211; Implementaci\u00f3n plan de seguridad inform\u00e1tica. Raquel de Marcos (Jefa de Seguridad. Secretaria [&hellip;]<\/p>\n","protected":false},"author":110,"featured_media":0,"parent":0,"menu_order":0,"comment_status":"closed","ping_status":"closed","template":"","meta":{"footnotes":""},"class_list":["post-80","page","type-page","status-publish","hentry"],"_links":{"self":[{"href":"https:\/\/wp.icmm.csic.es\/icmmdays\/wp-json\/wp\/v2\/pages\/80","targetHints":{"allow":["GET"]}}],"collection":[{"href":"https:\/\/wp.icmm.csic.es\/icmmdays\/wp-json\/wp\/v2\/pages"}],"about":[{"href":"https:\/\/wp.icmm.csic.es\/icmmdays\/wp-json\/wp\/v2\/types\/page"}],"author":[{"embeddable":true,"href":"https:\/\/wp.icmm.csic.es\/icmmdays\/wp-json\/wp\/v2\/users\/110"}],"replies":[{"embeddable":true,"href":"https:\/\/wp.icmm.csic.es\/icmmdays\/wp-json\/wp\/v2\/comments?post=80"}],"version-history":[{"count":5,"href":"https:\/\/wp.icmm.csic.es\/icmmdays\/wp-json\/wp\/v2\/pages\/80\/revisions"}],"predecessor-version":[{"id":137,"href":"https:\/\/wp.icmm.csic.es\/icmmdays\/wp-json\/wp\/v2\/pages\/80\/revisions\/137"}],"wp:attachment":[{"href":"https:\/\/wp.icmm.csic.es\/icmmdays\/wp-json\/wp\/v2\/media?parent=80"}],"curies":[{"name":"wp","href":"https:\/\/api.w.org\/{rel}","templated":true}]}}