{"id":17,"date":"2015-09-15T10:12:48","date_gmt":"2015-09-15T10:12:48","guid":{"rendered":"http:\/\/www.icmm.csic.es\/jji\/?page_id=17"},"modified":"2015-09-15T10:12:48","modified_gmt":"2015-09-15T10:12:48","slug":"octubre","status":"publish","type":"page","link":"https:\/\/wp.icmm.csic.es\/jji\/index.php\/segunda-edicion\/octubre\/","title":{"rendered":"octubre"},"content":{"rendered":"<div style=\"float: left;width: 45%\"><span style=\"color: #000000\"><span style=\"color: #000000\"><span style=\"color: #000000\"><strong><img loading=\"lazy\" decoding=\"async\" class=\"alignleft wp-image-384 size-full\" src=\"https:\/\/wp.icmm.csic.es\/jji\/wp-content\/uploads\/sites\/16\/2015\/09\/Andra-Dumitru-250.jpg\" alt=\"\" width=\"155\" height=\"250\" srcset=\"https:\/\/wp.icmm.csic.es\/jji\/wp-content\/uploads\/sites\/16\/2015\/09\/Andra-Dumitru-250.jpg 155w, https:\/\/wp.icmm.csic.es\/jji\/wp-content\/uploads\/sites\/16\/2015\/09\/Andra-Dumitru-250-93x150.jpg 93w\" sizes=\"auto, (max-width: 155px) 100vw, 155px\" \/><\/strong><\/span><\/span><\/span><span style=\"color: #ff0000\"><strong><span style=\"color: #000000\">Andra Dumitru\u00a0<\/span><\/strong><br \/>\n\u00abNew Atomic Force Microscopy-based techniques for biomedical applications<\/span><span style=\"color: #ff0000\">\u00bb<br \/>\n<\/span><span style=\"color: #000000\"><a href=\"http:\/\/www.icmm.csic.es\/forcetool\/\" target=\"_blank\">Grupo de microscop\u00eda de fuerzas avanzada y nanolitograf\u00eda<\/a> <\/span><\/div>\n<div style=\"float: right;width: 45%;text-align: left;padding-left: 30px\"><span style=\"color: #000000\"><strong><img loading=\"lazy\" decoding=\"async\" class=\"alignleft wp-image-385 size-full\" src=\"https:\/\/wp.icmm.csic.es\/jji\/wp-content\/uploads\/sites\/16\/2015\/09\/Lucia-Gutierrez-250.jpg\" alt=\"\" width=\"146\" height=\"250\" srcset=\"https:\/\/wp.icmm.csic.es\/jji\/wp-content\/uploads\/sites\/16\/2015\/09\/Lucia-Gutierrez-250.jpg 146w, https:\/\/wp.icmm.csic.es\/jji\/wp-content\/uploads\/sites\/16\/2015\/09\/Lucia-Gutierrez-250-88x150.jpg 88w\" sizes=\"auto, (max-width: 146px) 100vw, 146px\" \/><\/strong><\/span><span style=\"color: #ff0000\"><strong><span style=\"color: #000000\">Dra. Luc\u00eda Guti\u00e9rrez<\/span><\/strong><br \/>\n\u00abNanotoxicity: Is our body able to deal with magnetic particles?\u00bb<br \/>\n<\/span><span style=\"color: #000000\"><a href=\"http:\/\/www.icmm.csic.es\/csc\/\" target=\"_blank\">Grupo de nanocristales y qu\u00edmica<\/a> <\/span><\/div>\n","protected":false},"excerpt":{"rendered":"<p>Andra Dumitru\u00a0 \u00abNew Atomic Force Microscopy-based techniques for biomedical applications\u00bb Grupo de microscop\u00eda de fuerzas avanzada y nanolitograf\u00eda Dra. Luc\u00eda Guti\u00e9rrez \u00abNanotoxicity: Is our body able to deal with magnetic particles?\u00bb Grupo de nanocristales y qu\u00edmica<\/p>\n<p> <a class=\"continue-reading-link\" href=\"https:\/\/wp.icmm.csic.es\/jji\/index.php\/segunda-edicion\/octubre\/\"><span>Continue reading<\/span><i class=\"crycon-right-dir\"><\/i><\/a> <\/p>\n","protected":false},"author":25,"featured_media":0,"parent":7,"menu_order":1,"comment_status":"closed","ping_status":"open","template":"","meta":{"ngg_post_thumbnail":0,"footnotes":""},"class_list":["post-17","page","type-page","status-publish","hentry"],"_links":{"self":[{"href":"https:\/\/wp.icmm.csic.es\/jji\/index.php\/wp-json\/wp\/v2\/pages\/17","targetHints":{"allow":["GET"]}}],"collection":[{"href":"https:\/\/wp.icmm.csic.es\/jji\/index.php\/wp-json\/wp\/v2\/pages"}],"about":[{"href":"https:\/\/wp.icmm.csic.es\/jji\/index.php\/wp-json\/wp\/v2\/types\/page"}],"author":[{"embeddable":true,"href":"https:\/\/wp.icmm.csic.es\/jji\/index.php\/wp-json\/wp\/v2\/users\/25"}],"replies":[{"embeddable":true,"href":"https:\/\/wp.icmm.csic.es\/jji\/index.php\/wp-json\/wp\/v2\/comments?post=17"}],"version-history":[{"count":0,"href":"https:\/\/wp.icmm.csic.es\/jji\/index.php\/wp-json\/wp\/v2\/pages\/17\/revisions"}],"up":[{"embeddable":true,"href":"https:\/\/wp.icmm.csic.es\/jji\/index.php\/wp-json\/wp\/v2\/pages\/7"}],"wp:attachment":[{"href":"https:\/\/wp.icmm.csic.es\/jji\/index.php\/wp-json\/wp\/v2\/media?parent=17"}],"curies":[{"name":"wp","href":"https:\/\/api.w.org\/{rel}","templated":true}]}}