{"id":57,"date":"2015-09-15T13:22:27","date_gmt":"2015-09-15T13:22:27","guid":{"rendered":"http:\/\/www.icmm.csic.es\/jji\/?page_id=57"},"modified":"2015-09-15T13:22:27","modified_gmt":"2015-09-15T13:22:27","slug":"comite-organizador","status":"publish","type":"page","link":"https:\/\/wp.icmm.csic.es\/jji\/index.php\/jornadas-anteriores\/ii-jji-2015-2016\/comite-organizador\/","title":{"rendered":"comit\u00e9 organizador"},"content":{"rendered":"<p>De izquierda a derecha:Dra. Marzia Marciello, Dra. Roc\u00edo Costo, Dra. Violeta Barranco, Dra. Luc\u00eda Guti\u00e9rrez.<br \/>\n<img loading=\"lazy\" decoding=\"async\" class=\"alignleft size-full wp-image-263\" src=\"https:\/\/wp.icmm.csic.es\/jji\/wp-content\/uploads\/sites\/16\/2015\/09\/comite-organizador-I-JJI-bw.jpg\" alt=\"comite organizador I JJI - b&amp;w\" width=\"2724\" height=\"1632\" srcset=\"https:\/\/wp.icmm.csic.es\/jji\/wp-content\/uploads\/sites\/16\/2015\/09\/comite-organizador-I-JJI-bw.jpg 2724w, https:\/\/wp.icmm.csic.es\/jji\/wp-content\/uploads\/sites\/16\/2015\/09\/comite-organizador-I-JJI-bw-300x180.jpg 300w, https:\/\/wp.icmm.csic.es\/jji\/wp-content\/uploads\/sites\/16\/2015\/09\/comite-organizador-I-JJI-bw-768x460.jpg 768w, https:\/\/wp.icmm.csic.es\/jji\/wp-content\/uploads\/sites\/16\/2015\/09\/comite-organizador-I-JJI-bw-1024x613.jpg 1024w, https:\/\/wp.icmm.csic.es\/jji\/wp-content\/uploads\/sites\/16\/2015\/09\/comite-organizador-I-JJI-bw-250x150.jpg 250w, https:\/\/wp.icmm.csic.es\/jji\/wp-content\/uploads\/sites\/16\/2015\/09\/comite-organizador-I-JJI-bw-150x90.jpg 150w\" sizes=\"auto, (max-width: 2724px) 100vw, 2724px\" \/><\/p>\n<p>&nbsp;<\/p>\n","protected":false},"excerpt":{"rendered":"<p>De izquierda a derecha:Dra. Marzia Marciello, Dra. Roc\u00edo Costo, Dra. Violeta Barranco, Dra. Luc\u00eda Guti\u00e9rrez. &nbsp;<\/p>\n<p> <a class=\"continue-reading-link\" href=\"https:\/\/wp.icmm.csic.es\/jji\/index.php\/jornadas-anteriores\/ii-jji-2015-2016\/comite-organizador\/\"><span>Continue reading<\/span><i class=\"crycon-right-dir\"><\/i><\/a> <\/p>\n","protected":false},"author":25,"featured_media":0,"parent":22,"menu_order":0,"comment_status":"closed","ping_status":"open","template":"","meta":{"ngg_post_thumbnail":0,"footnotes":""},"class_list":["post-57","page","type-page","status-publish","hentry"],"_links":{"self":[{"href":"https:\/\/wp.icmm.csic.es\/jji\/index.php\/wp-json\/wp\/v2\/pages\/57","targetHints":{"allow":["GET"]}}],"collection":[{"href":"https:\/\/wp.icmm.csic.es\/jji\/index.php\/wp-json\/wp\/v2\/pages"}],"about":[{"href":"https:\/\/wp.icmm.csic.es\/jji\/index.php\/wp-json\/wp\/v2\/types\/page"}],"author":[{"embeddable":true,"href":"https:\/\/wp.icmm.csic.es\/jji\/index.php\/wp-json\/wp\/v2\/users\/25"}],"replies":[{"embeddable":true,"href":"https:\/\/wp.icmm.csic.es\/jji\/index.php\/wp-json\/wp\/v2\/comments?post=57"}],"version-history":[{"count":0,"href":"https:\/\/wp.icmm.csic.es\/jji\/index.php\/wp-json\/wp\/v2\/pages\/57\/revisions"}],"up":[{"embeddable":true,"href":"https:\/\/wp.icmm.csic.es\/jji\/index.php\/wp-json\/wp\/v2\/pages\/22"}],"wp:attachment":[{"href":"https:\/\/wp.icmm.csic.es\/jji\/index.php\/wp-json\/wp\/v2\/media?parent=57"}],"curies":[{"name":"wp","href":"https:\/\/api.w.org\/{rel}","templated":true}]}}