{"id":660,"date":"2016-05-23T09:29:56","date_gmt":"2016-05-23T09:29:56","guid":{"rendered":"http:\/\/www.icmm.csic.es\/jji\/?page_id=660"},"modified":"2016-05-23T09:29:56","modified_gmt":"2016-05-23T09:29:56","slug":"mayo","status":"publish","type":"page","link":"https:\/\/wp.icmm.csic.es\/jji\/index.php\/mayo\/","title":{"rendered":"mayo"},"content":{"rendered":"<div style=\"float: left;width: 45%\"><\/div>\n<div style=\"float: left;width: 45%\"><\/div>\n<div style=\"float: left;width: 45%\"><span style=\"color: #000000\"><span style=\"color: #000000\"><span style=\"color: #000000\"><strong><img loading=\"lazy\" decoding=\"async\" class=\"alignleft wp-image-639 size-full\" src=\"https:\/\/wp.icmm.csic.es\/jji\/wp-content\/uploads\/sites\/16\/2016\/05\/Karmen-Fernandez.png\" alt=\"\" width=\"193\" height=\"250\" srcset=\"https:\/\/wp.icmm.csic.es\/jji\/wp-content\/uploads\/sites\/16\/2016\/05\/Karmen-Fernandez.png 193w, https:\/\/wp.icmm.csic.es\/jji\/wp-content\/uploads\/sites\/16\/2016\/05\/Karmen-Fernandez-116x150.png 116w\" sizes=\"auto, (max-width: 193px) 100vw, 193px\" \/><\/strong><\/span><\/span><\/span><span style=\"color: #ff0000\"><strong><span style=\"color: #000000\">Carmen M. Fern\u00e1ndez<br \/>\n<\/span><\/strong>\u00abDise\u00f1o de fases \u00fanicas multiferroicas magnetoel\u00e9ctricas\u00bb<strong><span style=\"color: #000000\"><br \/>\n<\/span><\/strong><span style=\"color: #000000\"><a href=\"http:\/\/www.icmm.csic.es\/eosmad\/\" target=\"_blank\">Grupo de \u00f3xidos electroactivos para dispositivos inteligentes<\/a>\u00a0<\/span><strong><span style=\"color: #000000\">\u00a0<\/span><\/strong><br \/>\n<\/span><span style=\"color: #000000\"><br \/>\n<\/span><\/div>\n<div style=\"float: right;width: 45%;text-align: left;padding-left: 30px\"><span style=\"color: #ff0000\"><strong><span style=\"color: #000000\"><img loading=\"lazy\" decoding=\"async\" class=\"alignleft wp-image-648 size-full\" src=\"https:\/\/wp.icmm.csic.es\/jji\/wp-content\/uploads\/sites\/16\/2016\/05\/Antonio-Consoli-250.png\" alt=\"\" width=\"214\" height=\"250\" srcset=\"https:\/\/wp.icmm.csic.es\/jji\/wp-content\/uploads\/sites\/16\/2016\/05\/Antonio-Consoli-250.png 214w, https:\/\/wp.icmm.csic.es\/jji\/wp-content\/uploads\/sites\/16\/2016\/05\/Antonio-Consoli-250-128x150.png 128w\" sizes=\"auto, (max-width: 214px) 100vw, 214px\" \/>Dr. Antonio\u00a0Consoli<br \/>\n<\/span><\/strong><\/span><span style=\"color: #000000\"><span style=\"color: #ff0000\">\u00abTwo grains of sand for making a laser source\u00bb<\/span><strong><span style=\"color: #000000\"><br \/>\n<\/span><\/strong><a href=\"http:\/\/luxrerum.icmm.csic.es\" target=\"_blank\">Grupo de\u00a0cristales fot\u00f3nicos<\/a><\/span><\/div>\n","protected":false},"excerpt":{"rendered":"<p>Carmen M. Fern\u00e1ndez \u00abDise\u00f1o de fases \u00fanicas multiferroicas magnetoel\u00e9ctricas\u00bb Grupo de \u00f3xidos electroactivos para dispositivos inteligentes\u00a0\u00a0 Dr. Antonio\u00a0Consoli \u00abTwo grains of sand for making a laser source\u00bb Grupo de\u00a0cristales fot\u00f3nicos<\/p>\n<p> <a class=\"continue-reading-link\" href=\"https:\/\/wp.icmm.csic.es\/jji\/index.php\/mayo\/\"><span>Continue reading<\/span><i class=\"crycon-right-dir\"><\/i><\/a> <\/p>\n","protected":false},"author":25,"featured_media":0,"parent":0,"menu_order":0,"comment_status":"closed","ping_status":"closed","template":"","meta":{"ngg_post_thumbnail":0,"footnotes":""},"class_list":["post-660","page","type-page","status-publish","hentry"],"_links":{"self":[{"href":"https:\/\/wp.icmm.csic.es\/jji\/index.php\/wp-json\/wp\/v2\/pages\/660","targetHints":{"allow":["GET"]}}],"collection":[{"href":"https:\/\/wp.icmm.csic.es\/jji\/index.php\/wp-json\/wp\/v2\/pages"}],"about":[{"href":"https:\/\/wp.icmm.csic.es\/jji\/index.php\/wp-json\/wp\/v2\/types\/page"}],"author":[{"embeddable":true,"href":"https:\/\/wp.icmm.csic.es\/jji\/index.php\/wp-json\/wp\/v2\/users\/25"}],"replies":[{"embeddable":true,"href":"https:\/\/wp.icmm.csic.es\/jji\/index.php\/wp-json\/wp\/v2\/comments?post=660"}],"version-history":[{"count":0,"href":"https:\/\/wp.icmm.csic.es\/jji\/index.php\/wp-json\/wp\/v2\/pages\/660\/revisions"}],"wp:attachment":[{"href":"https:\/\/wp.icmm.csic.es\/jji\/index.php\/wp-json\/wp\/v2\/media?parent=660"}],"curies":[{"name":"wp","href":"https:\/\/api.w.org\/{rel}","templated":true}]}}