{"id":163,"date":"2012-01-16T13:20:38","date_gmt":"2012-01-16T12:20:38","guid":{"rendered":"http:\/\/www.icmm.csic.es\/lam\/?page_id=163"},"modified":"2025-04-24T08:50:23","modified_gmt":"2025-04-24T06:50:23","slug":"2012-2","status":"publish","type":"page","link":"https:\/\/wp.icmm.csic.es\/lam\/?page_id=163","title":{"rendered":"2012"},"content":{"rendered":"<p>&#8211;&nbsp;&nbsp;&nbsp;&nbsp;&nbsp;&nbsp; <strong>Generation of nanoclusters with adjustable size and controlled stoichiometry: recent advances. <\/strong>L. Mart\u00ednez, M. D\u00edaz, E. Rom\u00e1n, M. Ruano, D. Llamosa P. and Y. Huttel, Langmuir 28, 11241 (2012).<\/p>\n<p>&#8211;&nbsp;&nbsp;&nbsp;&nbsp;&nbsp;&nbsp; <strong>X-Ray Photoelectron Spectroscopy for Characterization of Engineered Elastomer Surfaces<\/strong><strong>. <\/strong>Lidia Mart\u00ednez, Elisa Rom\u00e1n, Roman Nevshupa. Book chapter of <strong>Advanced Aspects of Spectroscopy<\/strong>, ISBN 978-953-51-0715-6, Publisher: InTech.<\/p>\n<p>&nbsp;<\/p>\n","protected":false},"excerpt":{"rendered":"<p>&#8211;&nbsp;&nbsp;&nbsp;&nbsp;&nbsp;&nbsp; Generation of nanoclusters with adjustable size and controlled stoichiometry: recent advances. L. Mart\u00ednez, M. D\u00edaz, E. Rom\u00e1n, M. Ruano, D. Llamosa P. and Y. Huttel, Langmuir 28, 11241 (2012). &#8211;&nbsp;&nbsp;&nbsp;&nbsp;&nbsp;&nbsp; X-Ray Photoelectron Spectroscopy for Characterization of Engineered Elastomer Surfaces. Lidia Mart\u00ednez, Elisa Rom\u00e1n, Roman Nevshupa. Book chapter of Advanced Aspects of Spectroscopy, ISBN 978-953-51-0715-6, Publisher: InTech. &nbsp;<\/p>\n","protected":false},"author":82,"featured_media":0,"parent":79,"menu_order":14,"comment_status":"closed","ping_status":"closed","template":"","meta":{"ngg_post_thumbnail":0,"footnotes":""},"class_list":["post-163","page","type-page","status-publish","hentry"],"_links":{"self":[{"href":"https:\/\/wp.icmm.csic.es\/lam\/index.php?rest_route=\/wp\/v2\/pages\/163","targetHints":{"allow":["GET"]}}],"collection":[{"href":"https:\/\/wp.icmm.csic.es\/lam\/index.php?rest_route=\/wp\/v2\/pages"}],"about":[{"href":"https:\/\/wp.icmm.csic.es\/lam\/index.php?rest_route=\/wp\/v2\/types\/page"}],"author":[{"embeddable":true,"href":"https:\/\/wp.icmm.csic.es\/lam\/index.php?rest_route=\/wp\/v2\/users\/82"}],"replies":[{"embeddable":true,"href":"https:\/\/wp.icmm.csic.es\/lam\/index.php?rest_route=%2Fwp%2Fv2%2Fcomments&post=163"}],"version-history":[{"count":2,"href":"https:\/\/wp.icmm.csic.es\/lam\/index.php?rest_route=\/wp\/v2\/pages\/163\/revisions"}],"predecessor-version":[{"id":427,"href":"https:\/\/wp.icmm.csic.es\/lam\/index.php?rest_route=\/wp\/v2\/pages\/163\/revisions\/427"}],"up":[{"embeddable":true,"href":"https:\/\/wp.icmm.csic.es\/lam\/index.php?rest_route=\/wp\/v2\/pages\/79"}],"wp:attachment":[{"href":"https:\/\/wp.icmm.csic.es\/lam\/index.php?rest_route=%2Fwp%2Fv2%2Fmedia&parent=163"}],"curies":[{"name":"wp","href":"https:\/\/api.w.org\/{rel}","templated":true}]}}