{"id":20,"date":"2011-01-27T15:28:14","date_gmt":"2011-01-27T14:28:14","guid":{"rendered":"http:\/\/www.icmm.csic.es\/lam\/?page_id=20"},"modified":"2024-09-13T10:23:58","modified_gmt":"2024-09-13T08:23:58","slug":"projects","status":"publish","type":"page","link":"https:\/\/wp.icmm.csic.es\/lam\/?page_id=20","title":{"rendered":"Projects"},"content":{"rendered":"<p><i>National<\/i> <i>project<\/i><i>: <\/i><i>nanocolumnS<\/i><i> and <\/i><i>nanopartiCles<\/i> <i>bAsed<\/i><i> dual <\/i><i>ScAle<\/i> <i>stRuctures<\/i><i> (SCALAR)<\/i><i>.<\/i><\/p>\n<p>From: 01\/09\/2022&nbsp; to: 31\/08\/2025<\/p>\n<p>Funding: 84 700 \u20ac<\/p>\n<p>PI: Yves Huttel<\/p>\n<p>Entities: ICMM-CSIC, IMN-CSIC<\/p>\n<p>&nbsp;<\/p>\n<p><i>CSIC Project: Optimizaci\u00f3n de la producci\u00f3n de materiales nanoestructurados por m\u00e9todos sostenibles para aplicaciones biom\u00e9dicas<\/i><i>.<\/i><\/p>\n<p>Funding: 24 000 \u20ac<\/p>\n<p>From: 01\/01\/2023&nbsp; to: 31\/12\/2024<\/p>\n<p>PI: Lidia Mart\u00ednez<\/p>\n<p>Entities: ICMM-CSIC, IMN-CSIC, Tecnol\u00f3gico Monterrey (Mexico)<\/p>\n<p>&nbsp;<\/p>\n<p><i>CSIC project: Catalytic properties of nanostructured films with nanocolumns and nanoparticles<\/i><i>.<\/i><\/p>\n<p>Funding: 24 000 \u20ac<\/p>\n<p>From: 01\/01\/2023&nbsp; to: 31\/12\/2024<\/p>\n<p>PI: Jos\u00e9 Miguel Garc\u00eda Mart\u00edn (IMN-CSIC)<\/p>\n<p>Entities: ICMM-CSIC, IMN-CSIC, INRS (Canada), Jo\u017eef Stefan Institute (Slovenia)<\/p>\n","protected":false},"excerpt":{"rendered":"<p>National project: nanocolumnS and nanopartiCles bAsed dual ScAle stRuctures (SCALAR). From: 01\/09\/2022&nbsp; to: 31\/08\/2025 Funding: 84 700 \u20ac PI: Yves Huttel Entities: ICMM-CSIC, IMN-CSIC &nbsp; CSIC Project: Optimizaci\u00f3n de la producci\u00f3n de materiales nanoestructurados por m\u00e9todos sostenibles para aplicaciones biom\u00e9dicas. Funding: 24 000 \u20ac From: 01\/01\/2023&nbsp; to: 31\/12\/2024 PI: Lidia Mart\u00ednez Entities: ICMM-CSIC, IMN-CSIC, Tecnol\u00f3gico Monterrey (Mexico) &nbsp; CSIC project: Catalytic properties of nanostructured films with nanocolumns and nanoparticles. Funding: 24 000 \u20ac From: 01\/01\/2023&nbsp; to: 31\/12\/2024 PI: Jos\u00e9 Miguel&#8230;<\/p>\n<p class=\"read-more\"><a class=\"btn btn-default\" href=\"https:\/\/wp.icmm.csic.es\/lam\/?page_id=20\"> Read More<span class=\"screen-reader-text\">  Read More<\/span><\/a><\/p>\n","protected":false},"author":82,"featured_media":0,"parent":0,"menu_order":5,"comment_status":"closed","ping_status":"closed","template":"","meta":{"ngg_post_thumbnail":0,"footnotes":""},"class_list":["post-20","page","type-page","status-publish","hentry"],"_links":{"self":[{"href":"https:\/\/wp.icmm.csic.es\/lam\/index.php?rest_route=\/wp\/v2\/pages\/20","targetHints":{"allow":["GET"]}}],"collection":[{"href":"https:\/\/wp.icmm.csic.es\/lam\/index.php?rest_route=\/wp\/v2\/pages"}],"about":[{"href":"https:\/\/wp.icmm.csic.es\/lam\/index.php?rest_route=\/wp\/v2\/types\/page"}],"author":[{"embeddable":true,"href":"https:\/\/wp.icmm.csic.es\/lam\/index.php?rest_route=\/wp\/v2\/users\/82"}],"replies":[{"embeddable":true,"href":"https:\/\/wp.icmm.csic.es\/lam\/index.php?rest_route=%2Fwp%2Fv2%2Fcomments&post=20"}],"version-history":[{"count":5,"href":"https:\/\/wp.icmm.csic.es\/lam\/index.php?rest_route=\/wp\/v2\/pages\/20\/revisions"}],"predecessor-version":[{"id":486,"href":"https:\/\/wp.icmm.csic.es\/lam\/index.php?rest_route=\/wp\/v2\/pages\/20\/revisions\/486"}],"wp:attachment":[{"href":"https:\/\/wp.icmm.csic.es\/lam\/index.php?rest_route=%2Fwp%2Fv2%2Fmedia&parent=20"}],"curies":[{"name":"wp","href":"https:\/\/api.w.org\/{rel}","templated":true}]}}