{"id":228,"date":"2014-02-02T19:34:12","date_gmt":"2014-02-02T18:34:12","guid":{"rendered":"http:\/\/www.icmm.csic.es\/lam\/?page_id=228"},"modified":"2025-04-24T08:50:11","modified_gmt":"2025-04-24T06:50:11","slug":"2014-2","status":"publish","type":"page","link":"https:\/\/wp.icmm.csic.es\/lam\/?page_id=228","title":{"rendered":"2014"},"content":{"rendered":"<p>&#8211;&nbsp;&nbsp;&nbsp;&nbsp;&nbsp; <strong>The Ultimate Step Towards a Tailored Engineering of Core@Shell and Core@Shell@Shell Nanopartilces.<\/strong> D. Llamosa P, M. Ruano, L. Mart\u00ednez, A. Mayoral, E. Rom\u00e1n, M. Garc\u00eda-Hern\u00e1ndez and Y. Huttel, Nanoscale 6, 13483 (2014).<\/p>\n<p>&#8211;&nbsp;&nbsp;&nbsp;&nbsp;&nbsp; <strong>Growth and characterization of FeB nanoparticles for potential application as magnetic resonance imaging contrast agent.<\/strong> B. Oprea, L. Mart\u00ednez, E. Rom\u00e1n, A. Espinosa, M. Ruano, D. Llamosa P., M. Garc\u00eda-Hern\u00e1ndez, C. Ballesteros and Y. Huttel, Materials Research Express, 1, 025008 (2014).<\/p>\n<p>&#8211;&nbsp;&nbsp;&nbsp;&nbsp;&nbsp; <strong>Critical insight into mechanochemical and thermal degradation of Imidazolium-based ionic liquids with Alkyl and Monomethoxypoly(ethylene glycol) side chains.<\/strong> M. Mahrova, M. Conte, E. Roman and R. Nevshupa, J. Phys, Chem. C 118, 22544-22552 (2014).<\/p>\n<p><strong>&#8211;&nbsp;&nbsp;&nbsp;&nbsp;&nbsp; <strong>Multiple Ion Cluster Source for the Generation of Magnetic Nanoparticles. Investigation of the Efficiency as a Function of the Working Parameters for the case of Cobalt. <\/strong><\/strong>D. Llamosa P, L. Mart\u00ednez and Y. Huttel, Dataset Papers in Nanotechnology, vol. 2014, Article ID 584391, 9 pages, 2014. doi:10.1155\/2014\/584391.<\/p>\n<p><strong>&#8211; &nbsp; &nbsp; <\/strong><strong>Alcances de la Microscop\u00eda de Fuerzas At\u00f3micas en la caracterizaci\u00f3n de nanoestructuras. Una alternativa novedosa para mejorar resoluci\u00f3n y durabilidad de las puntas<\/strong>. Mercedes D\u00edaz, Lidia Mart\u00ednez. Revista Nano Ciencia y Tecnolog\u00eda, 2, 33 (2014).<\/p>\n<p>&#8211;&nbsp;&nbsp;&nbsp;&nbsp;&nbsp; <strong>Synthesis and Characterization of Fe-B Nanoparticles for Potential Magnetic applications.<\/strong> B. Galiana, B. Oprea, Y. Huttel and C. Ballesteros, Journal of Materials Science: Materials in Electronics (JMSE), 25, 659 (2014).<\/p>\n","protected":false},"excerpt":{"rendered":"<p>&#8211;&nbsp;&nbsp;&nbsp;&nbsp;&nbsp; The Ultimate Step Towards a Tailored Engineering of Core@Shell and Core@Shell@Shell Nanopartilces. D. Llamosa P, M. Ruano, L. Mart\u00ednez, A. Mayoral, E. Rom\u00e1n, M. Garc\u00eda-Hern\u00e1ndez and Y. Huttel, Nanoscale 6, 13483 (2014). &#8211;&nbsp;&nbsp;&nbsp;&nbsp;&nbsp; Growth and characterization of FeB nanoparticles for potential application as magnetic resonance imaging contrast agent. B. Oprea, L. Mart\u00ednez, E. Rom\u00e1n, A. Espinosa, M. Ruano, D. Llamosa P., M. Garc\u00eda-Hern\u00e1ndez, C. Ballesteros and Y. Huttel, Materials Research Express, 1, 025008 (2014). &#8211;&nbsp;&nbsp;&nbsp;&nbsp;&nbsp; Critical insight into mechanochemical&#8230;<\/p>\n<p class=\"read-more\"><a class=\"btn btn-default\" href=\"https:\/\/wp.icmm.csic.es\/lam\/?page_id=228\"> Read More<span class=\"screen-reader-text\">  Read More<\/span><\/a><\/p>\n","protected":false},"author":82,"featured_media":0,"parent":79,"menu_order":12,"comment_status":"closed","ping_status":"closed","template":"","meta":{"ngg_post_thumbnail":0,"footnotes":""},"class_list":["post-228","page","type-page","status-publish","hentry"],"_links":{"self":[{"href":"https:\/\/wp.icmm.csic.es\/lam\/index.php?rest_route=\/wp\/v2\/pages\/228","targetHints":{"allow":["GET"]}}],"collection":[{"href":"https:\/\/wp.icmm.csic.es\/lam\/index.php?rest_route=\/wp\/v2\/pages"}],"about":[{"href":"https:\/\/wp.icmm.csic.es\/lam\/index.php?rest_route=\/wp\/v2\/types\/page"}],"author":[{"embeddable":true,"href":"https:\/\/wp.icmm.csic.es\/lam\/index.php?rest_route=\/wp\/v2\/users\/82"}],"replies":[{"embeddable":true,"href":"https:\/\/wp.icmm.csic.es\/lam\/index.php?rest_route=%2Fwp%2Fv2%2Fcomments&post=228"}],"version-history":[{"count":2,"href":"https:\/\/wp.icmm.csic.es\/lam\/index.php?rest_route=\/wp\/v2\/pages\/228\/revisions"}],"predecessor-version":[{"id":426,"href":"https:\/\/wp.icmm.csic.es\/lam\/index.php?rest_route=\/wp\/v2\/pages\/228\/revisions\/426"}],"up":[{"embeddable":true,"href":"https:\/\/wp.icmm.csic.es\/lam\/index.php?rest_route=\/wp\/v2\/pages\/79"}],"wp:attachment":[{"href":"https:\/\/wp.icmm.csic.es\/lam\/index.php?rest_route=%2Fwp%2Fv2%2Fmedia&parent=228"}],"curies":[{"name":"wp","href":"https:\/\/api.w.org\/{rel}","templated":true}]}}