{"id":420,"date":"2021-02-09T14:23:39","date_gmt":"2021-02-09T13:23:39","guid":{"rendered":"https:\/\/wp.icmm.csic.es\/lam\/?page_id=420"},"modified":"2025-04-24T08:49:28","modified_gmt":"2025-04-24T06:49:28","slug":"2021-2","status":"publish","type":"page","link":"https:\/\/wp.icmm.csic.es\/lam\/?page_id=420","title":{"rendered":"2021"},"content":{"rendered":"<p><strong>Photoinduced Charge Transfer and Trapping on Single Gold Metal Nanoparticles on TiO<sub>2<\/sub>.<\/strong><\/p>\n<p>M. Luna, M. Barawi, S. G\u00f3mez-Mo\u00f1ivas, J. Colchero, M. Rodr\u00edguez-Pe\u00f1a, S. Yang, X. Zhao, Yi-Hsien Lu, R. Chintala, P. Re\u00f1ones, V. Altoe, L. Mart\u00ednez, Y. Huttel, S. Kawasaki, A. Weber-Bargioni, V. A. de la Pe\u00f1a O\u00b4Shea, P. Yang, P. D. Ashby, M. Salmeron.<\/p>\n<div class=\"search-results-number\">\n<div>\n<p class=\"FR_field\">ACS Applied Materials &amp; Interfaces 13, 50531 (2021).<\/p>\n<\/div>\n<\/div>\n<p>&nbsp;<\/p>\n<p><strong>Green synthesis of starch-capped Cu2O nanocubes and their application in the direct electrochemical detection of glucose.<\/strong><\/p>\n<p>A. Jimenez-Rodriguez, E. Sotelo, L. Mart\u00ednez, Y. Huttel, M. U. Gonz\u00e1lez, A. Mayoral, <span id=\"more_authors_authors_txt_label\">J. M. Garc\u00eda-Mart\u00edn<\/span>, M. Videa, J. L. Cholula-D\u00edaz.<\/p>\n<div class=\"search-results-number\">\n<div>\n<p class=\"FR_field\"><span class=\"sourceTitle\"> RSC Advances 11, <\/span>13711 (2021).<\/p>\n<\/div>\n<\/div>\n<p>&nbsp;<\/p>\n<p><strong>Photo-Induced Self-Cleaning and Wettability in TiO2 Nanocolumn Arrays Obtained by Glancing-Angle Deposition with Sputtering.<\/strong><\/p>\n<p>F. Fresno, M. U. Gonz\u00e1lez, L. Mart\u00ednez, M. Fern\u00e1ndez-Castro, M. Barawi, I. J. Villar-Garcia, J. Soler-Morala, P. Renones, M. Luna, Y. Huttel, V. A. <span id=\"more_authors_authors_txt_label\">Pena O&#8217;Shea, J. M. Garc\u00eda-Mart\u00edn.<\/span><\/p>\n<div class=\"search-results-number\">\n<div>\n<p><span class=\"sourceTitle\"> Advanced Sustainable Systems, <\/span><span class=\"FR_label\">Article Number: <\/span>2100071 (2021).<\/p>\n<\/div>\n<\/div>\n<div class=\"search-results-content\">\n<div>\n<div>&nbsp;<\/div>\n<\/div>\n<\/div>\n<p><strong>Aloe vera-mediated Te nanostructures: highly potent antibacterial agents and moderated anticancer effects<\/strong><strong>.<\/strong><\/p>\n<p>D. Medina, A. Vernet-Crua, E. Mostafavi, M. U. Gonz\u00e1lez, L. Mart\u00ednez, A-Andrew D. Jones, III, M. Kusper, E. Sotelo, M. Gao, L. D. Geoffrion, V. Shah, G. Guisbiers, J. L. Cholula-D\u00edaz, C. Guillermier, F. Khanom, Y. Huttel, J. M. Garc\u00eda-Mart\u00edn and T. J. Webster.<\/p>\n<p>Nanomaterials 11, 514 (2021).&nbsp;&nbsp;&nbsp;&nbsp;&nbsp;&nbsp;<\/p>\n<p>&nbsp;<\/p>\n<h4 id=\"FullRTa-fullRecordtitle-0\" class=\"title text--large\" data-ta=\"FullRTa-fullRecordtitle-0\">Metal-catalyst-free gas-phase synthesis of long-chain hydrocarbons<\/h4>\n<p>L. Mart\u00ednez et al.<\/p>\n<p>Nature Communications 12, 5937 (2021).&nbsp;&nbsp;&nbsp;&nbsp;<\/p>\n<p>&nbsp;<\/p>\n<div class=\"ng-star-inserted\">\n<div class=\"ng-star-inserted\">\n<div class=\"ng-star-inserted\">\n<h4 id=\"FullRTa-fullRecordtitle-0\" class=\"title text--large\" data-ta=\"FullRTa-fullRecordtitle-0\">Silicon and Hydrogen Chemistry under Laboratory Conditions Mimicking the Atmosphere of Evolved Stars<\/h4>\n<\/div>\n<\/div>\n<\/div>\n<div class=\"patent-info-top\">\n<div id=\"SumAuthTa-MainDiv-author-en\" class=\"authors-div ng-star-inserted\" data-ta=\"SumAuthTa-MainDiv-author-en\"><span id=\"author-0\" class=\"value ng-star-inserted\"><span id=\"SumAuthTa-FrAuthStandard-author-en-0\" class=\"ng-star-inserted\" data-ta=\"SumAuthTa-FrAuthStandard-author-en-0\">M. <span class=\"font-size-14 value\" lang=\"en\">Accolla, G. Santoro, P. Merino, L. Mart\u00ednez, et al.<br \/>\n<\/span><\/span><\/span><\/div>\n<\/div>\n<p><span id=\"author-0\" class=\"value ng-star-inserted\"><\/span><span id=\"author-1\" class=\"value ng-star-inserted\"><a id=\"SumAuthTa-DisplayName-author-en-1\" class=\"mat-tooltip-trigger authors value ng-star-inserted\" href=\"https:\/\/www.webofscience.com\/wos\/alldb\/general-summary?queryJson=%5B%7B%22rowBoolean%22:null,%22rowField%22:%22AU%22,%22rowText%22:%22Santoro,%20Gonzalo%22%7D%5D&amp;eventMode=oneClickSearch\" data-ta=\"SumAuthTa-DisplayName-author-en-1\" aria-describedby=\"cdk-describedby-message-120\"><\/a><\/span><span id=\"author-12\" class=\"value ng-star-inserted\"><span id=\"SumAuthTa-FrAuthStandard-author-en-12\" class=\"ng-star-inserted\" data-ta=\"SumAuthTa-FrAuthStandard-author-en-12\">Astrophysical Journal 906, 44 (2021).<br \/>\n<\/span><\/span><\/p>\n<h2 id=\"FullRTa-fullRecordtitle-0\" class=\"title text--large\" data-ta=\"FullRTa-fullRecordtitle-0\">&nbsp;<\/h2>\n","protected":false},"excerpt":{"rendered":"<p>Photoinduced Charge Transfer and Trapping on Single Gold Metal Nanoparticles on TiO2. M. Luna, M. Barawi, S. G\u00f3mez-Mo\u00f1ivas, J. Colchero, M. Rodr\u00edguez-Pe\u00f1a, S. Yang, X. Zhao, Yi-Hsien Lu, R. Chintala, P. Re\u00f1ones, V. Altoe, L. Mart\u00ednez, Y. Huttel, S. Kawasaki, A. Weber-Bargioni, V. A. de la Pe\u00f1a O\u00b4Shea, P. Yang, P. D. Ashby, M. Salmeron. ACS Applied Materials &amp; Interfaces 13, 50531 (2021). &nbsp; Green synthesis of starch-capped Cu2O nanocubes and their application in the direct electrochemical detection of glucose&#8230;.<\/p>\n<p class=\"read-more\"><a class=\"btn btn-default\" href=\"https:\/\/wp.icmm.csic.es\/lam\/?page_id=420\"> Read More<span class=\"screen-reader-text\">  Read More<\/span><\/a><\/p>\n","protected":false},"author":82,"featured_media":0,"parent":79,"menu_order":5,"comment_status":"closed","ping_status":"closed","template":"","meta":{"ngg_post_thumbnail":0,"footnotes":""},"class_list":["post-420","page","type-page","status-publish","hentry"],"_links":{"self":[{"href":"https:\/\/wp.icmm.csic.es\/lam\/index.php?rest_route=\/wp\/v2\/pages\/420","targetHints":{"allow":["GET"]}}],"collection":[{"href":"https:\/\/wp.icmm.csic.es\/lam\/index.php?rest_route=\/wp\/v2\/pages"}],"about":[{"href":"https:\/\/wp.icmm.csic.es\/lam\/index.php?rest_route=\/wp\/v2\/types\/page"}],"author":[{"embeddable":true,"href":"https:\/\/wp.icmm.csic.es\/lam\/index.php?rest_route=\/wp\/v2\/users\/82"}],"replies":[{"embeddable":true,"href":"https:\/\/wp.icmm.csic.es\/lam\/index.php?rest_route=%2Fwp%2Fv2%2Fcomments&post=420"}],"version-history":[{"count":9,"href":"https:\/\/wp.icmm.csic.es\/lam\/index.php?rest_route=\/wp\/v2\/pages\/420\/revisions"}],"predecessor-version":[{"id":450,"href":"https:\/\/wp.icmm.csic.es\/lam\/index.php?rest_route=\/wp\/v2\/pages\/420\/revisions\/450"}],"up":[{"embeddable":true,"href":"https:\/\/wp.icmm.csic.es\/lam\/index.php?rest_route=\/wp\/v2\/pages\/79"}],"wp:attachment":[{"href":"https:\/\/wp.icmm.csic.es\/lam\/index.php?rest_route=%2Fwp%2Fv2%2Fmedia&parent=420"}],"curies":[{"name":"wp","href":"https:\/\/api.w.org\/{rel}","templated":true}]}}