{"id":48,"date":"2011-01-27T17:31:34","date_gmt":"2011-01-27T16:31:34","guid":{"rendered":"http:\/\/www.icmm.csic.es\/lam\/?page_id=48"},"modified":"2025-04-24T08:50:30","modified_gmt":"2025-04-24T06:50:30","slug":"2011-2","status":"publish","type":"page","link":"https:\/\/wp.icmm.csic.es\/lam\/?page_id=48","title":{"rendered":"2011"},"content":{"rendered":"<p>&#8211;&nbsp;&nbsp;&nbsp;&nbsp;&nbsp;&nbsp; <strong>Experimental observation of thermal activation mechanisms in magnetic iron and iron oxide core-shell systems.<\/strong> F. Jimen\u00e9z-Villacorta, C. Prieto, Y. Huttel, N. D. Telling and G. van der Laan. Physical review B 82, 172404 (2011) Brief Report.<\/p>\n<p>&#8211;&nbsp;&nbsp;&nbsp;&nbsp;&nbsp;&nbsp; <strong>Orientation and shape selection of self-assembled epitaxial Ce1-xGdxO2-y nanostructures grown by chemical solution deposition<strong>.<\/strong><\/strong> M. Gibert, P. Abell\u00e1n, L. Mart\u00ednez, E. Rom\u00e1n, A. Crespi, F. Sandiumenge, T. Puig and X. Obradors. Crystal Engineering Communications 13, 6719 (2011).<\/p>\n<p>&#8211;&nbsp;&nbsp;&nbsp;&nbsp;&nbsp;&nbsp; <strong>Morphological, structural and magnetic properties of Co nanoparticles in a silicon oxide matrix<strong>.<\/strong><\/strong> M. D\u00edaz, L. Mart\u00ednez, M. M. Ruano, D. Llamosa P., E. Roman, M. Garc\u00eda-Hernandez, C. Ballesteros, R. Fermento, A. Cebollada, G. Armelles and Y. Huttel.&nbsp;Journal of Nanoparticle Research 13, 5321 (2011).<\/p>\n<p>&#8211; &nbsp; &nbsp; &nbsp;&nbsp;<strong>Surface study of cerium oxide based coatings obtained by cathodic electrodeposition on zinc. <\/strong>L. Mart\u00ednez, E. Rom\u00e1n J. L. de Segovia, S. Poupard, J. Creus and F. Pedraza. Applied Surface Science 257, 6202 (2011).<\/p>\n<p>&#8211; &nbsp; &nbsp; &nbsp;&nbsp;<strong>Aspect-ratio and lateral-resolution enhancement in force microscopy by attaching nanoclusters generated by an ion cluster source at the end of a silicon tip. <\/strong>L. Mart\u00ednez, M. Tello, M. D\u00edaz, E. Rom\u00e1n, R. Garcia and Y. Huttel.&nbsp;Review of Scientific Instruments 82, 023710 (2011).<\/p>\n<p>&#8211;&nbsp;&nbsp;&nbsp;&nbsp;&nbsp;&nbsp;<strong> Influence of thermal ageing on surface degradation of ethylene-propylene-diene (EPDM) elastomer used in tribological applications.<\/strong> R. Nevshupa, L. Mart\u00ednez, L. \u00c1lvarez, M. F. L\u00f3pez, Y. Huttel, J. M\u00e9ndez, and E. Rom\u00e1n.&nbsp;Journal of Applied Polymer Science&nbsp;119, 242 (2011).<\/p>\n<p>&#8211;&nbsp;&nbsp;&nbsp;&nbsp;&nbsp;&nbsp;&nbsp;<strong>Optical and magneto-optical properties of Co \u2013 SiOx thin films.<\/strong> R. Fermento, J. B. Gonz\u00e1lez-D\u00edaz, A. Cebollada, G. Armelles, M. D\u00edaz, L. Mart\u00ednez, E. Rom\u00e1n, Y. Huttel, C. Ballesteros.&nbsp;Journal of Nanoparticle Research 13, 2653 (2011).<\/p>\n<p>&#8211;&nbsp;&nbsp;&nbsp;&nbsp;&nbsp;&nbsp;<strong> Influence of Friction on the Surface Characteristics of EPDM Elastomers with Different Carbon Black Contents. <\/strong>L. Mart\u00ednez, R. Nevshupa, D. Felh\u00f6s, J.L. de Segovia, E. Rom\u00e1n, Tribology International, 44, 996 (2011).<\/p>\n","protected":false},"excerpt":{"rendered":"<p>&#8211;&nbsp;&nbsp;&nbsp;&nbsp;&nbsp;&nbsp; Experimental observation of thermal activation mechanisms in magnetic iron and iron oxide core-shell systems. F. Jimen\u00e9z-Villacorta, C. Prieto, Y. Huttel, N. D. Telling and G. van der Laan. Physical review B 82, 172404 (2011) Brief Report. &#8211;&nbsp;&nbsp;&nbsp;&nbsp;&nbsp;&nbsp; Orientation and shape selection of self-assembled epitaxial Ce1-xGdxO2-y nanostructures grown by chemical solution deposition. M. Gibert, P. Abell\u00e1n, L. Mart\u00ednez, E. Rom\u00e1n, A. Crespi, F. Sandiumenge, T. Puig and X. Obradors. Crystal Engineering Communications 13, 6719 (2011). &#8211;&nbsp;&nbsp;&nbsp;&nbsp;&nbsp;&nbsp; Morphological, structural and magnetic&#8230;<\/p>\n<p class=\"read-more\"><a class=\"btn btn-default\" href=\"https:\/\/wp.icmm.csic.es\/lam\/?page_id=48\"> Read More<span class=\"screen-reader-text\">  Read More<\/span><\/a><\/p>\n","protected":false},"author":82,"featured_media":0,"parent":79,"menu_order":15,"comment_status":"closed","ping_status":"closed","template":"","meta":{"ngg_post_thumbnail":0,"footnotes":""},"class_list":["post-48","page","type-page","status-publish","hentry"],"_links":{"self":[{"href":"https:\/\/wp.icmm.csic.es\/lam\/index.php?rest_route=\/wp\/v2\/pages\/48","targetHints":{"allow":["GET"]}}],"collection":[{"href":"https:\/\/wp.icmm.csic.es\/lam\/index.php?rest_route=\/wp\/v2\/pages"}],"about":[{"href":"https:\/\/wp.icmm.csic.es\/lam\/index.php?rest_route=\/wp\/v2\/types\/page"}],"author":[{"embeddable":true,"href":"https:\/\/wp.icmm.csic.es\/lam\/index.php?rest_route=\/wp\/v2\/users\/82"}],"replies":[{"embeddable":true,"href":"https:\/\/wp.icmm.csic.es\/lam\/index.php?rest_route=%2Fwp%2Fv2%2Fcomments&post=48"}],"version-history":[{"count":2,"href":"https:\/\/wp.icmm.csic.es\/lam\/index.php?rest_route=\/wp\/v2\/pages\/48\/revisions"}],"predecessor-version":[{"id":428,"href":"https:\/\/wp.icmm.csic.es\/lam\/index.php?rest_route=\/wp\/v2\/pages\/48\/revisions\/428"}],"up":[{"embeddable":true,"href":"https:\/\/wp.icmm.csic.es\/lam\/index.php?rest_route=\/wp\/v2\/pages\/79"}],"wp:attachment":[{"href":"https:\/\/wp.icmm.csic.es\/lam\/index.php?rest_route=%2Fwp%2Fv2%2Fmedia&parent=48"}],"curies":[{"name":"wp","href":"https:\/\/api.w.org\/{rel}","templated":true}]}}