{"id":509,"date":"2024-09-13T09:58:12","date_gmt":"2024-09-13T07:58:12","guid":{"rendered":"https:\/\/wp.icmm.csic.es\/lam\/?page_id=509"},"modified":"2025-04-24T08:49:20","modified_gmt":"2025-04-24T06:49:20","slug":"2022-2","status":"publish","type":"page","link":"https:\/\/wp.icmm.csic.es\/lam\/?page_id=509","title":{"rendered":"2022"},"content":{"rendered":"<p><a href=\"https:\/\/pubs.rsc.org\/en\/content\/articlelanding\/2022\/tc\/d2tc02160a\"><strong>High-pressure synthesis, spin-glass behaviour, and magnetocaloric effects in FexTi2S4 heideite sulphides<\/strong><\/a><\/p>\n<p>R. Silva Jr, J. Gainza, J. E. Rodrigues, L. Mart\u00ednez, E. C\u00e9spedes, N. M. Nemes, J. L. Mart\u00ednez, J. A. Alonso<\/p>\n<p><em>J. Mater. Chem. C<\/em>, 10 (2022) 15929.&nbsp;<\/p>\n<p><a href=\"https:\/\/www.mdpi.com\/2079-4991\/12\/5\/779\"><strong>Composition-Dependent Cytotoxic and Antibacterial Activity of Biopolymer-Capped Ag\/Au Bimetallic Nanoparticles against Melanoma and Multidrug-Resistant Pathogens<\/strong><\/a><\/p>\n<p>Alfonso Nieto-Arg\u00fcello, David Medina-Cruz, Yeremi S. P\u00e9rez-Ram\u00edrez, Sergio A. P\u00e9rez-Garc\u00eda, Miguel A. Velasco-Soto, Zeinab Jafari, Israel De Leon, Mar\u00eda Uju\u00e9 Gonz\u00e1lez, Yves Huttel, Lidia Mart\u00ednez, \u00c1lvaro Mayoral, Thomas J. Webster, Jos\u00e9 M. Garc\u00eda-Mart\u00edn, Jorge L. Cholula-D\u00edaz<\/p>\n<p><em>Nanomaterials<\/em>, 12 (2022) 779. &nbsp;<\/p>\n<p><a href=\"https:\/\/pubs.acs.org\/doi\/full\/10.1021\/acs.chemmater.1c03747\"><strong>Atomic structure and lattice dynamics of CoSb3 skutterudite-based thermoelectrics<\/strong><\/a><\/p>\n<p>J. E. Rodrigues, J. Gainza, F. Serrano-S\u00e1nchez, C. Marini, Y. Huttel, N. M. Nemes, J. L. Mart\u00ednez, J. A. Alonso.<\/p>\n<p>&nbsp;Chemistry of Materials 34, 1213 (2022).<\/p>\n<p><a href=\"https:\/\/pubs.acs.org\/doi\/full\/10.1021\/acsami.1c17998\"><strong>Steering Hydrocarbon Selectivity in CO2 Electroreduction over Soft-Landed CuOx Nanoparticle-Functionalized Gas Diffusion Electrodes<\/strong><\/a><\/p>\n<p>Nick Daems, Daniel Choukroun, Pablo Merino, Clara Rettenmaier, Lien Pacquets, Arno Bergmann, Gonzalo Santoro, Luis V\u00e1zquez, Lidia Mart\u00ednez, Beatriz Roldan Cuenya, Jose Angel Mart\u00edn Gago, and Tom Breugelmans<\/p>\n<p><em>ACS Applied Materials &amp; Interfaces<\/em>, 14 (2022) 2691-2702.<\/p>\n","protected":false},"excerpt":{"rendered":"<p>High-pressure synthesis, spin-glass behaviour, and magnetocaloric effects in FexTi2S4 heideite sulphides R. Silva Jr, J. Gainza, J. E. Rodrigues, L. Mart\u00ednez, E. C\u00e9spedes, N. M. Nemes, J. L. Mart\u00ednez, J. A. Alonso J. Mater. Chem. C, 10 (2022) 15929.&nbsp; Composition-Dependent Cytotoxic and Antibacterial Activity of Biopolymer-Capped Ag\/Au Bimetallic Nanoparticles against Melanoma and Multidrug-Resistant Pathogens Alfonso Nieto-Arg\u00fcello, David Medina-Cruz, Yeremi S. P\u00e9rez-Ram\u00edrez, Sergio A. P\u00e9rez-Garc\u00eda, Miguel A. Velasco-Soto, Zeinab Jafari, Israel De Leon, Mar\u00eda Uju\u00e9 Gonz\u00e1lez, Yves Huttel, Lidia Mart\u00ednez, \u00c1lvaro&#8230;<\/p>\n<p class=\"read-more\"><a class=\"btn btn-default\" href=\"https:\/\/wp.icmm.csic.es\/lam\/?page_id=509\"> Read More<span class=\"screen-reader-text\">  Read More<\/span><\/a><\/p>\n","protected":false},"author":115,"featured_media":0,"parent":79,"menu_order":4,"comment_status":"closed","ping_status":"closed","template":"","meta":{"ngg_post_thumbnail":0,"footnotes":""},"class_list":["post-509","page","type-page","status-publish","hentry"],"_links":{"self":[{"href":"https:\/\/wp.icmm.csic.es\/lam\/index.php?rest_route=\/wp\/v2\/pages\/509","targetHints":{"allow":["GET"]}}],"collection":[{"href":"https:\/\/wp.icmm.csic.es\/lam\/index.php?rest_route=\/wp\/v2\/pages"}],"about":[{"href":"https:\/\/wp.icmm.csic.es\/lam\/index.php?rest_route=\/wp\/v2\/types\/page"}],"author":[{"embeddable":true,"href":"https:\/\/wp.icmm.csic.es\/lam\/index.php?rest_route=\/wp\/v2\/users\/115"}],"replies":[{"embeddable":true,"href":"https:\/\/wp.icmm.csic.es\/lam\/index.php?rest_route=%2Fwp%2Fv2%2Fcomments&post=509"}],"version-history":[{"count":3,"href":"https:\/\/wp.icmm.csic.es\/lam\/index.php?rest_route=\/wp\/v2\/pages\/509\/revisions"}],"predecessor-version":[{"id":637,"href":"https:\/\/wp.icmm.csic.es\/lam\/index.php?rest_route=\/wp\/v2\/pages\/509\/revisions\/637"}],"up":[{"embeddable":true,"href":"https:\/\/wp.icmm.csic.es\/lam\/index.php?rest_route=\/wp\/v2\/pages\/79"}],"wp:attachment":[{"href":"https:\/\/wp.icmm.csic.es\/lam\/index.php?rest_route=%2Fwp%2Fv2%2Fmedia&parent=509"}],"curies":[{"name":"wp","href":"https:\/\/api.w.org\/{rel}","templated":true}]}}