{"id":18,"date":"2024-03-04T14:45:19","date_gmt":"2024-03-04T13:45:19","guid":{"rendered":"https:\/\/wp.icmm.csic.es\/nanoworkshop2025\/?page_id=18"},"modified":"2025-09-05T18:14:43","modified_gmt":"2025-09-05T16:14:43","slug":"venue-and-accommodation","status":"publish","type":"page","link":"https:\/\/wp.icmm.csic.es\/nanoworkshop2025\/venue-and-accommodation\/","title":{"rendered":"Venue and Accomodation"},"content":{"rendered":"<p><img loading=\"lazy\" decoding=\"async\" class=\"alignnone size-full wp-image-61\" src=\"https:\/\/wp.icmm.csic.es\/nanoworkshop2025\/wp-content\/uploads\/sites\/67\/2024\/10\/Puebla-del-Rio.-Flamencos.jpg\" alt=\"\" width=\"800\" height=\"600\" srcset=\"https:\/\/wp.icmm.csic.es\/nanoworkshop2025\/wp-content\/uploads\/sites\/67\/2024\/10\/Puebla-del-Rio.-Flamencos.jpg 800w, https:\/\/wp.icmm.csic.es\/nanoworkshop2025\/wp-content\/uploads\/sites\/67\/2024\/10\/Puebla-del-Rio.-Flamencos-300x225.jpg 300w, https:\/\/wp.icmm.csic.es\/nanoworkshop2025\/wp-content\/uploads\/sites\/67\/2024\/10\/Puebla-del-Rio.-Flamencos-644x483.jpg 644w, https:\/\/wp.icmm.csic.es\/nanoworkshop2025\/wp-content\/uploads\/sites\/67\/2024\/10\/Puebla-del-Rio.-Flamencos-768x576.jpg 768w\" sizes=\"auto, (max-width: 800px) 100vw, 800px\" \/><\/p>\n<p style=\"text-align: justify\"><span style=\"font-weight: 400\">Nanoworkshop 2025 will be held in a historic and unique place: the Santa Mar\u00eda de La R\u00e1bida complex (currently belonging to the<\/span><a href=\"https:\/\/www.unia.es\/\"><span style=\"font-weight: 400\"> International University of Andalusia -UNIA-)<\/span><\/a><span style=\"font-weight: 400\">. The background of this building dates back to 1943 when the facilities belonged to the Universidad Hispanoamericana de La R\u00e1bida, an international scientific forum focused on Americanist studies and research.<\/span><\/p>\n<p style=\"text-align: justify\"><span style=\"font-weight: 400\">The headquarters of La R\u00e1bida is located in a very special place due to its proximity to the<\/span><a href=\"https:\/\/www.youtube.com\/watch?v=5kXbwIkldSk\"><span style=\"font-weight: 400\"> Do\u00f1ana National Park<\/span><\/a><span style=\"font-weight: 400\"> and throughout its history, some of the most important personalities in science, literature, arts and politics have passed through its classrooms, such as Daniel V\u00e1zquez D\u00edaz, Mario Benedetti, Juan Velarde, Jos\u00e9 Saramago, Esperanza Brito, Jaime Garc\u00eda A\u00f1overos, Pedro La\u00edn Entralgo, Juan de Mata Carriazo, Cesar Antonio Molina S\u00e1nchez, Agust\u00edn Ibarrola and Manuel Olivencia, among others.<\/span><\/p>\n<p style=\"text-align: justify\"><span style=\"font-weight: 400\">It is currently the headquarters of the UNIA, a public institution created to contribute to the creation, development, transmission, and criticism of science, technology, and culture through teaching, coordinated research, and the exchange of scientific and technological information of international and inter-regional interest.<\/span><\/p>\n<p style=\"text-align: justify\"><span style=\"font-weight: 400\">In this context, presiding over and bringing together more than 80 universities from the other side of the Atlantic, the links of solidarity and support for the improvement of the Ibero-American university structure have been nurtured. At the same time, this center has become a preferential destination for students from the other side of the Atlantic who seek to improve their curricular preparation, preferably at the postgraduate level.<\/span><\/p>\n<p style=\"text-align: justify\"><span style=\"font-weight: 400\">For all these reasons, the Santa Mar\u00eda de La R\u00e1bida campus is heir to a trajectory that has left a deep mark: what has come to be known as \u2018The Spirit of La R\u00e1bida\u2019. A spirit that shapes its unique soul, impregnated, among others, with the values of excellence, creative encounter and solidarity.<\/span><\/p>\n<p><a href=\"http:\/\/www.google.es\/maps\/search\/la+r%C3%A1bida+universidad\/@37.2853097,-7.0699313,9z?hl=es&amp;entry=ttu\"><img loading=\"lazy\" decoding=\"async\" class=\"alignnone wp-image-45 \" src=\"https:\/\/wp.icmm.csic.es\/nanoworkshop2025\/wp-content\/uploads\/sites\/67\/2024\/07\/maps-300x177.jpg\" alt=\"\" width=\"637\" height=\"376\" srcset=\"https:\/\/wp.icmm.csic.es\/nanoworkshop2025\/wp-content\/uploads\/sites\/67\/2024\/07\/maps-300x177.jpg 300w, https:\/\/wp.icmm.csic.es\/nanoworkshop2025\/wp-content\/uploads\/sites\/67\/2024\/07\/maps-644x380.jpg 644w, https:\/\/wp.icmm.csic.es\/nanoworkshop2025\/wp-content\/uploads\/sites\/67\/2024\/07\/maps-768x453.jpg 768w, https:\/\/wp.icmm.csic.es\/nanoworkshop2025\/wp-content\/uploads\/sites\/67\/2024\/07\/maps.jpg 1147w\" sizes=\"auto, (max-width: 637px) 100vw, 637px\" \/><\/a><\/p>\n<p style=\"text-align: justify\"><strong>ACCOMODATION<\/strong><\/p>\n<p style=\"text-align: justify\"><span style=\"font-weight: 400\">The UNIA headquarters has the Santa Mar\u00eda de la R\u00e1bida Residence Hall with 66 rooms that will be distributed according to the order of registration, so we recommend registering as soon as possible.\u00a0<\/span><\/p>\n<p><strong>IMPORTANT GENERAL INFORMATION<br \/>\n<\/strong>We want you to enjoy your experience at Nanoworkshop 2025 fully. For this reason, we recommend:<\/p>\n<p>&#8211; <u>Light clothing<\/u>. In September, temperatures in Andalusia can be very high during the day. Although, all conference venues are well air-conditioned, for outdoors this type of clothing is highly recommended.<br \/>\n&#8211; <u>Sunscreen, mosquito repellent, and comfortable shoes<\/u>. The visit to Do\u00f1ana Natural Park will take place in an air-conditioned 4&#215;4 vehicle, but bringing these three items will help you make the most of the excursion.<\/p>\n<p><strong>THE DO\u00d1ANA EXCURSION (September 9)<br \/>\n<\/strong>This excursion includes visits to all of Do\u00f1ana National Park\u2019s ecosystems, including beaches and dunes. During this guided tour in English, you will explore one of Spain\u2019s and the world\u2019s most exceptional natural sites, while learning fascinating facts about the park\u2019s flora and fauna.<\/p>\n<p>During the visit, you will travel through Do\u00f1ana, reach the mouth of the Guadalquivir River, and cross all the ecosystems that make up this unique natural reserve. You will witness its incredible biodiversity, striking landscapes, and rich ecological contrasts, as well as its diverse flora and fauna.<\/p>\n<p>Do\u00f1ana National Park is home to a large group of researchers from the Do\u00f1ana Biological Station (EBD-CSIC), a public research institute dedicated to the study of ecology, evolution, and the conservation of biodiversity. It is part of the Spanish National Research Council (CSIC). If you&#8217;d like to learn more about the work we do at the CSIC in this natural area, you can consult<a href=\"https:\/\/wp.icmm.csic.es\/nanoworkshop2025\/wp-content\/uploads\/sites\/67\/2025\/09\/media-kit-icts-donana-v4.pdf\"> this dossier.<\/a><\/p>\n<p>&nbsp;<\/p>\n<p>&nbsp;<\/p>\n<p>&nbsp;<\/p>\n<p>&nbsp;<\/p>\n","protected":false},"excerpt":{"rendered":"<p>Nanoworkshop 2025 will be held in a historic and unique place: the Santa Mar\u00eda de La R\u00e1bida complex (currently belonging to the International University of Andalusia -UNIA-). The background of this building dates back to 1943 when the facilities belonged to the Universidad Hispanoamericana de La R\u00e1bida, an international scientific forum focused on Americanist studies &hellip; <a href=\"https:\/\/wp.icmm.csic.es\/nanoworkshop2025\/venue-and-accommodation\/\" class=\"more-link\">Continue reading <span class=\"screen-reader-text\">Venue and Accomodation<\/span> <span class=\"meta-nav\">&rarr;<\/span><\/a><\/p>\n","protected":false},"author":115,"featured_media":0,"parent":0,"menu_order":0,"comment_status":"closed","ping_status":"closed","template":"","meta":{"footnotes":""},"class_list":["post-18","page","type-page","status-publish","hentry"],"yoast_head":"<!-- This site is optimized with the Yoast SEO plugin v27.2 - https:\/\/yoast.com\/product\/yoast-seo-wordpress\/ -->\n<title>Venue and Accomodation - Nanoworkshop 2025<\/title>\n<meta name=\"robots\" content=\"index, follow, max-snippet:-1, max-image-preview:large, max-video-preview:-1\" \/>\n<link rel=\"canonical\" href=\"https:\/\/wp.icmm.csic.es\/nanoworkshop2025\/venue-and-accommodation\/\" \/>\n<meta property=\"og:locale\" content=\"en_GB\" \/>\n<meta property=\"og:type\" content=\"article\" \/>\n<meta property=\"og:title\" content=\"Venue and Accomodation - Nanoworkshop 2025\" \/>\n<meta property=\"og:description\" content=\"Nanoworkshop 2025 will be held in a historic and unique place: the Santa Mar\u00eda de La R\u00e1bida complex (currently belonging to the International University of Andalusia -UNIA-). The background of this building dates back to 1943 when the facilities belonged to the Universidad Hispanoamericana de La R\u00e1bida, an international scientific forum focused on Americanist studies &hellip; Continue reading Venue and Accomodation &rarr;\" \/>\n<meta property=\"og:url\" content=\"https:\/\/wp.icmm.csic.es\/nanoworkshop2025\/venue-and-accommodation\/\" \/>\n<meta property=\"og:site_name\" content=\"Nanoworkshop 2025\" \/>\n<meta property=\"article:modified_time\" content=\"2025-09-05T16:14:43+00:00\" \/>\n<meta property=\"og:image\" content=\"https:\/\/wp.icmm.csic.es\/nanoworkshop2025\/wp-content\/uploads\/sites\/67\/2024\/10\/Puebla-del-Rio.-Flamencos.jpg\" \/>\n\t<meta property=\"og:image:width\" content=\"800\" \/>\n\t<meta property=\"og:image:height\" content=\"600\" \/>\n\t<meta property=\"og:image:type\" content=\"image\/jpeg\" \/>\n<meta name=\"twitter:card\" content=\"summary_large_image\" \/>\n<meta name=\"twitter:label1\" content=\"Estimated reading time\" \/>\n\t<meta name=\"twitter:data1\" content=\"3 minutes\" \/>\n<script type=\"application\/ld+json\" class=\"yoast-schema-graph\">{\"@context\":\"https:\/\/schema.org\",\"@graph\":[{\"@type\":\"WebPage\",\"@id\":\"https:\/\/wp.icmm.csic.es\/nanoworkshop2025\/venue-and-accommodation\/\",\"url\":\"https:\/\/wp.icmm.csic.es\/nanoworkshop2025\/venue-and-accommodation\/\",\"name\":\"Venue and Accomodation - Nanoworkshop 2025\",\"isPartOf\":{\"@id\":\"https:\/\/wp.icmm.csic.es\/nanoworkshop2025\/#website\"},\"primaryImageOfPage\":{\"@id\":\"https:\/\/wp.icmm.csic.es\/nanoworkshop2025\/venue-and-accommodation\/#primaryimage\"},\"image\":{\"@id\":\"https:\/\/wp.icmm.csic.es\/nanoworkshop2025\/venue-and-accommodation\/#primaryimage\"},\"thumbnailUrl\":\"https:\/\/wp.icmm.csic.es\/nanoworkshop2025\/wp-content\/uploads\/sites\/67\/2024\/10\/Puebla-del-Rio.-Flamencos.jpg\",\"datePublished\":\"2024-03-04T13:45:19+00:00\",\"dateModified\":\"2025-09-05T16:14:43+00:00\",\"breadcrumb\":{\"@id\":\"https:\/\/wp.icmm.csic.es\/nanoworkshop2025\/venue-and-accommodation\/#breadcrumb\"},\"inLanguage\":\"en-GB\",\"potentialAction\":[{\"@type\":\"ReadAction\",\"target\":[\"https:\/\/wp.icmm.csic.es\/nanoworkshop2025\/venue-and-accommodation\/\"]}]},{\"@type\":\"ImageObject\",\"inLanguage\":\"en-GB\",\"@id\":\"https:\/\/wp.icmm.csic.es\/nanoworkshop2025\/venue-and-accommodation\/#primaryimage\",\"url\":\"https:\/\/wp.icmm.csic.es\/nanoworkshop2025\/wp-content\/uploads\/sites\/67\/2024\/10\/Puebla-del-Rio.-Flamencos.jpg\",\"contentUrl\":\"https:\/\/wp.icmm.csic.es\/nanoworkshop2025\/wp-content\/uploads\/sites\/67\/2024\/10\/Puebla-del-Rio.-Flamencos.jpg\",\"width\":800,\"height\":600},{\"@type\":\"BreadcrumbList\",\"@id\":\"https:\/\/wp.icmm.csic.es\/nanoworkshop2025\/venue-and-accommodation\/#breadcrumb\",\"itemListElement\":[{\"@type\":\"ListItem\",\"position\":1,\"name\":\"Home\",\"item\":\"https:\/\/wp.icmm.csic.es\/nanoworkshop2025\/\"},{\"@type\":\"ListItem\",\"position\":2,\"name\":\"Venue and Accomodation\"}]},{\"@type\":\"WebSite\",\"@id\":\"https:\/\/wp.icmm.csic.es\/nanoworkshop2025\/#website\",\"url\":\"https:\/\/wp.icmm.csic.es\/nanoworkshop2025\/\",\"name\":\"Nanoworkshop 2025\",\"description\":\"12th International Workshop on Functional Nanocomposites\",\"potentialAction\":[{\"@type\":\"SearchAction\",\"target\":{\"@type\":\"EntryPoint\",\"urlTemplate\":\"https:\/\/wp.icmm.csic.es\/nanoworkshop2025\/?s={search_term_string}\"},\"query-input\":{\"@type\":\"PropertyValueSpecification\",\"valueRequired\":true,\"valueName\":\"search_term_string\"}}],\"inLanguage\":\"en-GB\"}]}<\/script>\n<!-- \/ Yoast SEO plugin. -->","yoast_head_json":{"title":"Venue and Accomodation - Nanoworkshop 2025","robots":{"index":"index","follow":"follow","max-snippet":"max-snippet:-1","max-image-preview":"max-image-preview:large","max-video-preview":"max-video-preview:-1"},"canonical":"https:\/\/wp.icmm.csic.es\/nanoworkshop2025\/venue-and-accommodation\/","og_locale":"en_GB","og_type":"article","og_title":"Venue and Accomodation - Nanoworkshop 2025","og_description":"Nanoworkshop 2025 will be held in a historic and unique place: the Santa Mar\u00eda de La R\u00e1bida complex (currently belonging to the International University of Andalusia -UNIA-). The background of this building dates back to 1943 when the facilities belonged to the Universidad Hispanoamericana de La R\u00e1bida, an international scientific forum focused on Americanist studies &hellip; Continue reading Venue and Accomodation &rarr;","og_url":"https:\/\/wp.icmm.csic.es\/nanoworkshop2025\/venue-and-accommodation\/","og_site_name":"Nanoworkshop 2025","article_modified_time":"2025-09-05T16:14:43+00:00","og_image":[{"width":800,"height":600,"url":"https:\/\/wp.icmm.csic.es\/nanoworkshop2025\/wp-content\/uploads\/sites\/67\/2024\/10\/Puebla-del-Rio.-Flamencos.jpg","type":"image\/jpeg"}],"twitter_card":"summary_large_image","twitter_misc":{"Estimated reading time":"3 minutes"},"schema":{"@context":"https:\/\/schema.org","@graph":[{"@type":"WebPage","@id":"https:\/\/wp.icmm.csic.es\/nanoworkshop2025\/venue-and-accommodation\/","url":"https:\/\/wp.icmm.csic.es\/nanoworkshop2025\/venue-and-accommodation\/","name":"Venue and Accomodation - Nanoworkshop 2025","isPartOf":{"@id":"https:\/\/wp.icmm.csic.es\/nanoworkshop2025\/#website"},"primaryImageOfPage":{"@id":"https:\/\/wp.icmm.csic.es\/nanoworkshop2025\/venue-and-accommodation\/#primaryimage"},"image":{"@id":"https:\/\/wp.icmm.csic.es\/nanoworkshop2025\/venue-and-accommodation\/#primaryimage"},"thumbnailUrl":"https:\/\/wp.icmm.csic.es\/nanoworkshop2025\/wp-content\/uploads\/sites\/67\/2024\/10\/Puebla-del-Rio.-Flamencos.jpg","datePublished":"2024-03-04T13:45:19+00:00","dateModified":"2025-09-05T16:14:43+00:00","breadcrumb":{"@id":"https:\/\/wp.icmm.csic.es\/nanoworkshop2025\/venue-and-accommodation\/#breadcrumb"},"inLanguage":"en-GB","potentialAction":[{"@type":"ReadAction","target":["https:\/\/wp.icmm.csic.es\/nanoworkshop2025\/venue-and-accommodation\/"]}]},{"@type":"ImageObject","inLanguage":"en-GB","@id":"https:\/\/wp.icmm.csic.es\/nanoworkshop2025\/venue-and-accommodation\/#primaryimage","url":"https:\/\/wp.icmm.csic.es\/nanoworkshop2025\/wp-content\/uploads\/sites\/67\/2024\/10\/Puebla-del-Rio.-Flamencos.jpg","contentUrl":"https:\/\/wp.icmm.csic.es\/nanoworkshop2025\/wp-content\/uploads\/sites\/67\/2024\/10\/Puebla-del-Rio.-Flamencos.jpg","width":800,"height":600},{"@type":"BreadcrumbList","@id":"https:\/\/wp.icmm.csic.es\/nanoworkshop2025\/venue-and-accommodation\/#breadcrumb","itemListElement":[{"@type":"ListItem","position":1,"name":"Home","item":"https:\/\/wp.icmm.csic.es\/nanoworkshop2025\/"},{"@type":"ListItem","position":2,"name":"Venue and Accomodation"}]},{"@type":"WebSite","@id":"https:\/\/wp.icmm.csic.es\/nanoworkshop2025\/#website","url":"https:\/\/wp.icmm.csic.es\/nanoworkshop2025\/","name":"Nanoworkshop 2025","description":"12th International Workshop on Functional Nanocomposites","potentialAction":[{"@type":"SearchAction","target":{"@type":"EntryPoint","urlTemplate":"https:\/\/wp.icmm.csic.es\/nanoworkshop2025\/?s={search_term_string}"},"query-input":{"@type":"PropertyValueSpecification","valueRequired":true,"valueName":"search_term_string"}}],"inLanguage":"en-GB"}]}},"_links":{"self":[{"href":"https:\/\/wp.icmm.csic.es\/nanoworkshop2025\/wp-json\/wp\/v2\/pages\/18","targetHints":{"allow":["GET"]}}],"collection":[{"href":"https:\/\/wp.icmm.csic.es\/nanoworkshop2025\/wp-json\/wp\/v2\/pages"}],"about":[{"href":"https:\/\/wp.icmm.csic.es\/nanoworkshop2025\/wp-json\/wp\/v2\/types\/page"}],"author":[{"embeddable":true,"href":"https:\/\/wp.icmm.csic.es\/nanoworkshop2025\/wp-json\/wp\/v2\/users\/115"}],"replies":[{"embeddable":true,"href":"https:\/\/wp.icmm.csic.es\/nanoworkshop2025\/wp-json\/wp\/v2\/comments?post=18"}],"version-history":[{"count":15,"href":"https:\/\/wp.icmm.csic.es\/nanoworkshop2025\/wp-json\/wp\/v2\/pages\/18\/revisions"}],"predecessor-version":[{"id":377,"href":"https:\/\/wp.icmm.csic.es\/nanoworkshop2025\/wp-json\/wp\/v2\/pages\/18\/revisions\/377"}],"wp:attachment":[{"href":"https:\/\/wp.icmm.csic.es\/nanoworkshop2025\/wp-json\/wp\/v2\/media?parent=18"}],"curies":[{"name":"wp","href":"https:\/\/api.w.org\/{rel}","templated":true}]}}