{"id":1457,"date":"2019-09-01T16:57:17","date_gmt":"2019-09-01T14:57:17","guid":{"rendered":"https:\/\/wp.icmm.csic.es\/npqsic\/?page_id=1457"},"modified":"2022-10-03T16:59:06","modified_gmt":"2022-10-03T14:59:06","slug":"earlier-years","status":"publish","type":"page","link":"https:\/\/wp.icmm.csic.es\/npqsic\/publications\/earlier-years\/","title":{"rendered":"Earlier years"},"content":{"rendered":"<p><a href=\"http:\/\/prb.aps.org\/abstract\/PRB\/v86\/i14\/e140503\"><strong>On the Dynamical detection of Majorana fermions in current-biased nanowires<\/strong><\/a><br \/>\nF. Dom\u00ednguez, F. Hassler and G. Platero<br \/>\n<span style=\"color: #8eaebd\">Phys. Rev. B&nbsp;<strong>86<\/strong>, 140503 (R) &nbsp;(2012)<\/span><\/p>\n<p><a href=\"http:\/\/prb.aps.org\/abstract\/PRB\/v86\/i3\/e035112\"><strong>Helical edge states coupled to a spin bath: Current-induced magnetization,&nbsp;<\/strong><\/a><br \/>\nM. Lunde and G. Platero<br \/>\n<span style=\"color: #8eaebd\">Phys. Rev. B <strong>86<\/strong>, 035112 (2012)<\/span><\/p>\n<p><a href=\"http:\/\/prb.aps.org\/abstract\/PRB\/v86\/i11\/e115452\"><strong>Coherent quantum ratchets driven by tunnel oscillations: Fluctuations and correlations<\/strong><\/a><br \/>\nR. Hussein and S. Kohler<br \/>\n<span style=\"color: #8eaebd\">Phys. Rev. B,&nbsp;<strong>86<\/strong>, 115452 (2012)<\/span><\/p>\n<p><a href=\"http:\/\/prb.aps.org\/abstract\/PRB\/v86\/i11\/e115318\"><strong>Topological Phases in adiabatic and non-adiabatic driven systems<\/strong><\/a><br \/>\nA. G\u00f3mez-Le\u00f3n and G. Platero,&nbsp;<br \/>\n<span style=\"color: #8eaebd\">Phys. Rev. B <strong>86<\/strong>, 115318 (2012)<\/span><\/p>\n<p><a href=\"http:\/\/prb.aps.org\/abstract\/PRB\/v85\/i15\/e155449\"><strong>Dynamical polarizability of graphene irradiated by circularly polarized ac electric fields,&nbsp;<\/strong><\/a><br \/>\nM. Busl, G. Platero and A.P. Jauho,&nbsp;<br \/>\n<span style=\"color: #8eaebd\">Phys. Rev. B <strong>85<\/strong>, 155449 (2012)<\/span><\/p>\n<p><a href=\"http:\/\/pra.aps.org\/abstract\/PRA\/v85\/i6\/e062123\"><strong>Non Markovian qubit decoherence during dispersive readout,&nbsp;<\/strong><\/a><br \/>\nGeorg M. Reuther, Peter H\u00e4nggi, and Sigmund Kohler,&nbsp;<br \/>\n<span style=\"color: #8eaebd\">Phys. Rev. A <strong>85<\/strong>, 062123 (2012)<\/span><\/p>\n<p><a href=\"http:\/\/prb.aps.org\/abstract\/PRB\/v85\/i4\/e045301\"><strong>&nbsp;Limit cycles and chaos in the current through a quantum dot<\/strong><\/a><br \/>\nC. L\u00f3pez-Mon\u00eds, C. Emary, G. Kiesslich, G. Platero, and T. Brandes,<br \/>\n<span style=\"color: #8eaebd\">Phys. Rev. B&nbsp;<strong>85<\/strong>, 045301 (2012)<\/span><\/p>\n<p><a href=\"http:\/\/prb.aps.org\/abstract\/PRB\/v85\/i24\/e245319\"><strong>Transport blocking and topological phases using ac-magnetic fields<br \/>\n<\/strong><\/a>A. G\u00f3mez-Le\u00f3n and G. Platero,&nbsp;<br \/>\n<span style=\"color: #8eaebd\">Phys. Rev. B <strong>85<\/strong>, 245319 (2012)<\/span><\/p>\n<p><strong><a href=\"https:\/\/journals.aps.org\/prb\/abstract\/10.1103\/PhysRevB.86.165424\">Double coupled electron shuttle<br \/>\n<\/a><\/strong>M. Prada and G. Platero,&nbsp;<br \/>\n<span style=\"color: #8eaebd\">Phys. Rev. B <strong>86<\/strong>, 165424 (2012)<\/span><\/p>\n<p><a href=\"http:\/\/prb.aps.org\/abstract\/PRB\/v84\/i12\/e121310\"><strong>Charge localization and dynamical spin locking in double quantum dots driven by ac magnetic fields&nbsp;<\/strong><\/a><br \/>\nA. G\u00f3mez-Le\u00f3n and G. Platero&nbsp;<br \/>\n<span style=\"color: #8eaebd\">Phys. Rev. B <strong>84<\/strong>, 121310(R) (2011).<\/span><\/p>\n<p><a href=\"http:\/\/prb.aps.org\/abstract\/PRB\/v83\/i23\/e235319\"><strong>Phonon-mediated decoherence in triple quantum dot interferometers&nbsp;<\/strong><\/a><br \/>\nF. Dom\u00ednguez, S. Kohler and G. Platero<br \/>\n<span style=\"color: #8eaebd\">Phys. Rev. B <strong>83<\/strong>, 235319 (2011)<\/span><\/p>\n<p><strong><a href=\"http:\/\/prb.aps.org\/abstract\/PRB\/v84\/i7\/e075313\">Microwave-induced resistance oscillations and zero-resistance states in two-dimensional electron systems with two occupied subbands&nbsp;<\/a><\/strong><br \/>\nJ. I\u00f1arrea and G. Platero<br \/>\n<span style=\"color: #8eaebd\">Phys. Rev. B&nbsp;<strong>84<\/strong>, 075313 (2011).<\/span><\/p>\n<p><a href=\"http:\/\/iopscience.iop.org\/1367-2630\/13\/5\/053010\/\"><strong>Dynamical nuclear spin polarization induced by electronic current through double quantum dots&nbsp;<\/strong><\/a><br \/>\nC. L\u00f3pez-Mon\u00eds, J. I\u00f1arrea and G. Platero<br \/>\n<span style=\"color: #8eaebd\">New Journal of Physics&nbsp;<strong>13<\/strong>, 053010 (2011).<\/span><\/p>\n<p><a href=\"http:\/\/iopscience.iop.org\/1367-2630\/13\/2\/023032\/\"><strong>Quasienergy spectrum and tunneling current in ac-driven triple quantum dot shuttles<\/strong><\/a><br \/>\nJ. Villavicencio, I. Maldonado, E. Cota and G. Platero,<br \/>\n<span style=\"color: #8eaebd\">&nbsp;New Journal of Physics&nbsp;<strong>13<\/strong>, 023032 (2011)<\/span><\/p>\n<p><a href=\"http:\/\/prb.aps.org\/abstract\/PRB\/v82\/i20\/e205304\"><strong>Spin-polarized currents in double and triple quantum dots driven by ac magnetic fields&nbsp;<\/strong><\/a><br \/>\nM. Busl and G. Platero<br \/>\n<span style=\"color: #8eaebd\">Phys. Rev. B <strong>82<\/strong>, 205304 (2010).<\/span><\/p>\n<p><a href=\"http:\/\/prl.aps.org\/abstract\/PRL\/v105\/i8\/e086804\"><strong>Coherent control of interacting particles using dynamical and Aharonov-Bohm phases&nbsp;<\/strong><\/a><br \/>\nC. E. Creffield and G. Platero<br \/>\n<span style=\"color: #8eaebd\">Phys. Rev. Lett. <strong>105<\/strong>, 086804 (2010)<\/span><\/p>\n<p><a href=\"http:\/\/www.sciencedirect.com\/science\/article\/pii\/S0301010410002855\"><strong>Electron bunching in triple quantum dot interferometers&nbsp;<\/strong><\/a><br \/>\nF. Dom\u00ednguez, G. Platero and S. Kohler<br \/>\n<span style=\"color: #8eaebd\">Chemical Physics <strong>375<\/strong>, 234 (2010).<\/span><\/p>\n<p><a href=\"http:\/\/iopscience.iop.org\/0957-4484\/21\/31\/315401\"><strong>Microwave-induced resistance oscillations versus magnetoabsorption in two-dimensional electron systems: role of temperature<\/strong><\/a><br \/>\nJ. I\u00f1arrea and G. Platero<em><br \/>\n<\/em><span style=\"color: #8eaebd\">&nbsp;Nanotechnology&nbsp;<strong>21<\/strong>, 315401 (2010).<\/span><\/p>\n<p><a href=\"http:\/\/prb.aps.org\/abstract\/PRB\/v81\/i16\/e165107\"><strong>Transport properties of a molecule embedded in an Aharonov-Bohm interferometer&nbsp;<\/strong><\/a><br \/>\nJ. S. Lim, R. L\u00f3pez, G. Platero, and P. Simon<br \/>\n<span style=\"color: #8eaebd\">Phys. Rev. B <strong>81<\/strong>, 165107 (2010).<\/span><\/p>\n<p><a href=\"http:\/\/prb.aps.org\/abstract\/PRB\/v81\/i12\/e121306\"><strong>Control of spin blockade by ac magnetic fields in triple quantum dots<\/strong><\/a><br \/>\nM. Busl, R. S\u00e1nchez, and G. Platero<br \/>\n<span style=\"color: #8eaebd\">&nbsp;Phys. Rev. B&nbsp;<strong>81<\/strong>, 121306(R), (2010).<\/span><\/p>\n","protected":false},"excerpt":{"rendered":"<p>On the Dynamical detection of Majorana fermions in current-biased nanowires F. Dom\u00ednguez, F. Hassler and G. Platero Phys. Rev. B&nbsp;86, 140503 (R) &nbsp;(2012) Helical edge states coupled to a spin bath: Current-induced magnetization,&nbsp; M. Lunde and G. Platero Phys. Rev. B 86, 035112 (2012) Coherent quantum ratchets driven by tunnel&#8230;<\/p>\n<p class=\"continue-reading-button\"> <a class=\"continue-reading-link\" href=\"https:\/\/wp.icmm.csic.es\/npqsic\/publications\/earlier-years\/\">Continue reading<i class=\"crycon-right-dir\"><\/i><\/a><\/p>\n","protected":false},"author":36,"featured_media":0,"parent":23,"menu_order":0,"comment_status":"closed","ping_status":"closed","template":"","meta":{"ngg_post_thumbnail":0,"footnotes":""},"class_list":["post-1457","page","type-page","status-publish","hentry"],"_links":{"self":[{"href":"https:\/\/wp.icmm.csic.es\/npqsic\/wp-json\/wp\/v2\/pages\/1457","targetHints":{"allow":["GET"]}}],"collection":[{"href":"https:\/\/wp.icmm.csic.es\/npqsic\/wp-json\/wp\/v2\/pages"}],"about":[{"href":"https:\/\/wp.icmm.csic.es\/npqsic\/wp-json\/wp\/v2\/types\/page"}],"author":[{"embeddable":true,"href":"https:\/\/wp.icmm.csic.es\/npqsic\/wp-json\/wp\/v2\/users\/36"}],"replies":[{"embeddable":true,"href":"https:\/\/wp.icmm.csic.es\/npqsic\/wp-json\/wp\/v2\/comments?post=1457"}],"version-history":[{"count":5,"href":"https:\/\/wp.icmm.csic.es\/npqsic\/wp-json\/wp\/v2\/pages\/1457\/revisions"}],"predecessor-version":[{"id":1881,"href":"https:\/\/wp.icmm.csic.es\/npqsic\/wp-json\/wp\/v2\/pages\/1457\/revisions\/1881"}],"up":[{"embeddable":true,"href":"https:\/\/wp.icmm.csic.es\/npqsic\/wp-json\/wp\/v2\/pages\/23"}],"wp:attachment":[{"href":"https:\/\/wp.icmm.csic.es\/npqsic\/wp-json\/wp\/v2\/media?parent=1457"}],"curies":[{"name":"wp","href":"https:\/\/api.w.org\/{rel}","templated":true}]}}