{"id":1464,"date":"2019-09-01T17:32:41","date_gmt":"2019-09-01T15:32:41","guid":{"rendered":"https:\/\/wp.icmm.csic.es\/npqsic\/?page_id=1464"},"modified":"2023-06-26T18:47:24","modified_gmt":"2023-06-26T16:47:24","slug":"1464-2","status":"publish","type":"page","link":"https:\/\/wp.icmm.csic.es\/npqsic\/publications\/1464-2\/","title":{"rendered":"2019"},"content":{"rendered":"<p><span style=\"color: #000000\"><a href=\"https:\/\/journals.aps.org\/prb\/abstract\/10.1103\/PhysRevB.100.075412\">Floquet engineering of Dirac cones on the surface of a topological insulator<\/a><br \/>\nA D\u00edaz-Fern\u00e1ndez, E D\u00edaz, A G\u00f3mez-Le\u00f3n, G Platero, F Dom\u00ednguez-Adame<br \/>\n<span style=\"color: #8eaebd\">Physical Review B 100 (7), 075412 (2019)<\/span><\/span><\/p>\n<p><a href=\"https:\/\/advances.sciencemag.org\/content\/5\/7\/eaaw0297\">Unconventional quantum optics in topological waveguide QED<\/a><br \/>\nM Bello, G Platero, JI Cirac, A Gonz\u00e1lez-Tudela<br \/>\n<span style=\"color: #8eaebd\"><cite>Science Advances 5, n\u00ba 7,<\/cite> eaaw0297 (2019)<\/span><\/p>\n<p><span style=\"text-decoration: underline\"><a class=\"gsc_vcd_title_link\" href=\"https:\/\/journals.aps.org\/prb\/abstract\/10.1103\/PhysRevB.99.155421\" data-clk=\"hl=es&amp;sa=T&amp;ei=heJrXbnENpC0mgGfw5Ro\">Direct transfer of two-electron quantum states in ac-driven triple quantum dots<\/a><\/span><br \/>\nJordi Pic\u00f3-Cort\u00e9s, Fernando Gallego-Marcos, Gloria Platero<br \/>\n<span style=\"color: #8eaebd\">Phys. Rev. B&nbsp;<b>99<\/b>, 155421&nbsp;<\/span><\/p>\n<p><span style=\"color: #cf6766\"><a style=\"color: #cf6766\" href=\"https:\/\/onlinelibrary.wiley.com\/doi\/abs\/10.1002\/qute.201900048\">Spin entangled state transfer in quantum dot arrays: Coherent adiabatic and speed-up protocols<\/a><\/span><br \/>\nY Ban, X Chen, S Kohler, G Platero<br \/>\n<span style=\"color: #8eaebd\">Adv. Quantum Technol., 2: 1900048<\/span><\/p>\n<p><a href=\"https:\/\/journals.aps.org\/prl\/abstract\/10.1103\/PhysRevLett.123.126401\">Simulation of chiral topological phases in driven quantum dot arrays<\/a><br \/>\nB P\u00e9rez-Gonz\u00e1lez, M Bello, G Platero, \u00c1 G\u00f3mez-Le\u00f3n&nbsp;<br \/>\n<span style=\"color: #8eaebd\">Phys. Rev. Lett. 123, 126401<\/span><\/p>\n<p><a class=\"gsc_a_at\" href=\"https:\/\/journals.aps.org\/prl\/abstract\/10.1103\/PhysRevLett.123.120602\" data-href=\"\/citations?view_op=view_citation&amp;hl=es&amp;user=9aOym4cAAAAJ&amp;sortby=pubdate&amp;citation_for_view=9aOym4cAAAAJ:PVgj2kMGcgYC\"><span style=\"text-decoration: underline\">Discontinuities in driven spin-boson systems due to coherent destruction of tunneling: breakdown of the Floquet-Gibbs distribution<\/span><br \/>\n<\/a>Georg Engelhardt, Gloria Platero, Jianshu Cao<br \/>\n<span style=\"color: #8eaebd\">Phys. Rev. Lett. 123, 120602<\/span><\/p>\n<p><a class=\"gsc_a_at\" href=\"https:\/\/journals.aps.org\/prb\/abstract\/10.1103\/PhysRevB.100.075412\" data-href=\"\/citations?view_op=view_citation&amp;hl=es&amp;user=9aOym4cAAAAJ&amp;sortby=pubdate&amp;citation_for_view=9aOym4cAAAAJ:6yz0xqPARnAC\"><span style=\"text-decoration: underline\">Floquet engineering of Dirac cones on the surface of a topological insulator<\/span><br \/>\n<\/a>A Diaz-Fernandez, E Diaz, \u00c1lvaro G\u00f3mez-Le\u00f3n, Gloria Platero, F Dom\u00ednguez-Adame<br \/>\n<span style=\"color: #8eaebd\">Phys. Rev. B, 100, 075412<\/span><\/p>\n<p><a class=\"gsc_a_at\" href=\"https:\/\/journals.aps.org\/prb\/abstract\/10.1103\/PhysRevB.99.035146\" data-href=\"\/citations?view_op=view_citation&amp;hl=es&amp;user=9aOym4cAAAAJ&amp;sortby=pubdate&amp;citation_for_view=9aOym4cAAAAJ:ZzlSgRqYykMC\"><span style=\"text-decoration: underline\">Interplay between long-range hopping and disorder in topological systems<\/span><br \/>\n<\/a>B P\u00e9rez-Gonz\u00e1lez, M Bello, \u00c1 G\u00f3mez-Le\u00f3n, G Platero<br \/>\n<span style=\"color: #8eaebd\">Phys. Rev. B&nbsp;<b>99<\/b>, 035146&nbsp;<\/span><\/p>\n<p>&nbsp;<\/p>\n<p>&nbsp;<\/p>\n<div class=\"gs_scl\">&nbsp;<\/div>\n<p>&nbsp;<\/p>\n<div class=\"gs_scl\">&nbsp;<\/div>\n<p>&nbsp;<\/p>\n<p>&nbsp;<\/p>\n<p>&nbsp;<\/p>\n<p>&nbsp;<\/p>\n<p>&nbsp;<\/p>\n<p>&nbsp;<\/p>\n","protected":false},"excerpt":{"rendered":"<p>Floquet engineering of Dirac cones on the surface of a topological insulator A D\u00edaz-Fern\u00e1ndez, E D\u00edaz, A G\u00f3mez-Le\u00f3n, G Platero, F Dom\u00ednguez-Adame Physical Review B 100 (7), 075412 (2019) Unconventional quantum optics in topological waveguide QED M Bello, G Platero, JI Cirac, A Gonz\u00e1lez-Tudela Science Advances 5, n\u00ba 7, eaaw0297&#8230;<\/p>\n<p class=\"continue-reading-button\"> <a class=\"continue-reading-link\" href=\"https:\/\/wp.icmm.csic.es\/npqsic\/publications\/1464-2\/\">Continue reading<i class=\"crycon-right-dir\"><\/i><\/a><\/p>\n","protected":false},"author":36,"featured_media":0,"parent":23,"menu_order":0,"comment_status":"closed","ping_status":"closed","template":"","meta":{"ngg_post_thumbnail":0,"footnotes":""},"class_list":["post-1464","page","type-page","status-publish","hentry"],"_links":{"self":[{"href":"https:\/\/wp.icmm.csic.es\/npqsic\/wp-json\/wp\/v2\/pages\/1464","targetHints":{"allow":["GET"]}}],"collection":[{"href":"https:\/\/wp.icmm.csic.es\/npqsic\/wp-json\/wp\/v2\/pages"}],"about":[{"href":"https:\/\/wp.icmm.csic.es\/npqsic\/wp-json\/wp\/v2\/types\/page"}],"author":[{"embeddable":true,"href":"https:\/\/wp.icmm.csic.es\/npqsic\/wp-json\/wp\/v2\/users\/36"}],"replies":[{"embeddable":true,"href":"https:\/\/wp.icmm.csic.es\/npqsic\/wp-json\/wp\/v2\/comments?post=1464"}],"version-history":[{"count":11,"href":"https:\/\/wp.icmm.csic.es\/npqsic\/wp-json\/wp\/v2\/pages\/1464\/revisions"}],"predecessor-version":[{"id":2036,"href":"https:\/\/wp.icmm.csic.es\/npqsic\/wp-json\/wp\/v2\/pages\/1464\/revisions\/2036"}],"up":[{"embeddable":true,"href":"https:\/\/wp.icmm.csic.es\/npqsic\/wp-json\/wp\/v2\/pages\/23"}],"wp:attachment":[{"href":"https:\/\/wp.icmm.csic.es\/npqsic\/wp-json\/wp\/v2\/media?parent=1464"}],"curies":[{"name":"wp","href":"https:\/\/api.w.org\/{rel}","templated":true}]}}