{"id":1474,"date":"2019-09-02T17:06:43","date_gmt":"2019-09-02T15:06:43","guid":{"rendered":"https:\/\/wp.icmm.csic.es\/npqsic\/?page_id=1474"},"modified":"2024-07-10T15:14:45","modified_gmt":"2024-07-10T13:14:45","slug":"former-members","status":"publish","type":"page","link":"https:\/\/wp.icmm.csic.es\/npqsic\/our-people\/former-members\/","title":{"rendered":"Former members"},"content":{"rendered":"<div id=\"pl-1474\"  class=\"panel-layout\" ><div id=\"pg-1474-0\"  class=\"panel-grid panel-no-style\" ><div id=\"pgc-1474-0-0\"  class=\"panel-grid-cell\" ><div id=\"panel-1474-0-0-0\" class=\"so-panel widget widget_sow-headline panel-first-child\" data-index=\"0\" ><div\n\t\t\t\n\t\t\tclass=\"so-widget-sow-headline so-widget-sow-headline-default-98dc6fff397f-1474\"\n\t\t\t\n\t\t><div class=\"sow-headline-container \">\n\t\t\t\t\t\t\t<h3 class=\"sow-headline\">\n\t\t\t\t\t\tPostdoctoral Researchers\t\t\t\t\t\t<\/h3>\n\t\t\t\t\t\t\t\t\t\t\t<div class=\"decoration\">\n\t\t\t\t\t\t<div class=\"decoration-inside\"><\/div>\n\t\t\t\t\t<\/div>\n\t\t\t\t\t<\/div>\n<\/div><\/div><div id=\"panel-1474-0-0-1\" class=\"so-panel widget widget_sow-editor panel-last-child\" data-index=\"1\" ><div\n\t\t\t\n\t\t\tclass=\"so-widget-sow-editor so-widget-sow-editor-base\"\n\t\t\t\n\t\t>\n<div class=\"siteorigin-widget-tinymce textwidget\">\n\t<ul>\n<li>Andr\u00e9s Agust\u00ed Casado, Postdoctoral researcher (2022-2024)<\/li>\n<li>Beatriz P\u00e9rez Gonz\u00e1lez, Postdoctoral researcher (2023-2024)<\/li>\n<li>\u00c1lvaro G\u00f3mez Le\u00f3n, Postdoctoral researcher (2018-2020)<\/li>\n<li>J. Huneke, Innovative Training Network contract, from Marie Curie Network (2012-2013)<\/li>\n<li>Yue Ban, Juan de la Cierva Fellow (2017-2019)<\/li>\n<li>Rafael S\u00e1nchez Rodrigo, JAE Doc (2011-2012) and Juan de la Cierva Fellow (2012-2015)<\/li>\n<li>Mathias Lunde, &nbsp;Juan de la Cierva fellow (2009-2012)<\/li>\n<li>Jorge Villavicencio, Postdoctoral researcher (2010)<\/li>\n<li>Marta Prada, contract from Ministry of Education (2010)<\/li>\n<li>Charles E. Creffield, EU TMR Project (1999-2002)<\/li>\n<\/ul>\n<\/div>\n<\/div><\/div><\/div><\/div><div id=\"pg-1474-1\"  class=\"panel-grid panel-no-style\" ><div id=\"pgc-1474-1-0\"  class=\"panel-grid-cell\" ><div id=\"panel-1474-1-0-0\" class=\"so-panel widget widget_sow-headline panel-first-child\" data-index=\"2\" ><div\n\t\t\t\n\t\t\tclass=\"so-widget-sow-headline so-widget-sow-headline-default-98dc6fff397f-1474\"\n\t\t\t\n\t\t><div class=\"sow-headline-container \">\n\t\t\t\t\t\t\t<h3 class=\"sow-headline\">\n\t\t\t\t\t\tPhD Students (since 2010)\t\t\t\t\t\t<\/h3>\n\t\t\t\t\t\t\t\t\t\t\t<div class=\"decoration\">\n\t\t\t\t\t\t<div class=\"decoration-inside\"><\/div>\n\t\t\t\t\t<\/div>\n\t\t\t\t\t<\/div>\n<\/div><\/div><div id=\"panel-1474-1-0-1\" class=\"so-panel widget widget_sow-editor panel-last-child\" data-index=\"3\" ><div\n\t\t\t\n\t\t\tclass=\"so-widget-sow-editor so-widget-sow-editor-base\"\n\t\t\t\n\t\t>\n<div class=\"siteorigin-widget-tinymce textwidget\">\n\t<ul>\n<li>Beatriz P\u00e9rez Gonz\u00e1lez: \"Topological Systems Interacting with Classical and Quantum Light\", supervised by Gloria Platero and \u00c1lvaro G\u00f3mez Le\u00f3n, 2023<\/li>\n<li>Jordi Pic\u00f3 Cort\u00e9s: \"AC Dynamics of Quantum Dots and Josephson Junctions for Quantum Technologies\", supervised by Gloria Platero, 2021<\/li>\n<li>Miguel Bello: \"Quantum Dynamics in Low Dimensional Topological Systems\", supervised by Gloria Platero, 2019<\/li>\n<li>Fernando Gallego: \"Electronic, Heat and Ultra Cold atoms transport in quantum dot systems\", supervised by Gloria Platero and Rafael S\u00e1nchez, 2017<\/li>\n<li>M\u00f3nica Benito: \"Floquet and dissipative engineering in mesoscopic systems\", supervised by Gloria Platero, 2017<\/li>\n<li>\u00c1lvaro G\u00f3mez-Le\u00f3n: \"Quantum coherence in semiconductor qubits\", supervised by Gloria Platero, 2014<\/li>\n<li>Fernando Dom\u00ednguez: \"Decoherence phenomena in quantum dot arrays and fractional Josephson effect\", supervised by Gloria Platero, 2012<\/li>\n<li>Maria Busl: \"Nanoscopic Systems driven by magnetic and electric AC fields\", supervised by Gloria Platero. Awarded with the \"Best theoretical PhD thesis\" from GEFES (Grupo Especializado de F\u00edsica del Estado S\u00f3lido), 2012<\/li>\n<li>Carlos L\u00f3pez Mon\u00eds:&nbsp; \"Spin dependent electron transport through single and<br \/>\ndouble quantum dots\", supervised by Gloria Platero, 2011<\/li>\n<li>Irene Maldonado: \"Nanoelectromechanical systems under the action of oscillating electric field\", supervised by Gloria Platero and Prof. E. Cota (UNAM, Mexico), 2011<\/li>\n<\/ul>\n<\/div>\n<\/div><\/div><\/div><\/div><div id=\"pg-1474-2\"  class=\"panel-grid panel-no-style\" ><div id=\"pgc-1474-2-0\"  class=\"panel-grid-cell\" ><div id=\"panel-1474-2-0-0\" class=\"so-panel widget widget_sow-headline panel-first-child\" data-index=\"4\" ><div\n\t\t\t\n\t\t\tclass=\"so-widget-sow-headline so-widget-sow-headline-default-98dc6fff397f-1474\"\n\t\t\t\n\t\t><div class=\"sow-headline-container \">\n\t\t\t\t\t\t\t<h3 class=\"sow-headline\">\n\t\t\t\t\t\tStudents (since 2010)\t\t\t\t\t\t<\/h3>\n\t\t\t\t\t\t\t\t\t\t\t<div class=\"decoration\">\n\t\t\t\t\t\t<div class=\"decoration-inside\"><\/div>\n\t\t\t\t\t<\/div>\n\t\t\t\t\t<\/div>\n<\/div><\/div><div id=\"panel-1474-2-0-1\" class=\"so-panel widget widget_sow-editor panel-last-child\" data-index=\"5\" ><div\n\t\t\t\n\t\t\tclass=\"so-widget-sow-editor so-widget-sow-editor-base\"\n\t\t\t\n\t\t>\n<div class=\"siteorigin-widget-tinymce textwidget\">\n\t<p>&nbsp;<\/p>\n<ul>\n<li>Paula Villan\u00faa Cordero: \"Transporte electr\u00f3nico en sistemas de puntos cu\u00e1nticos bajo el efecto de campos el\u00e9ctricos peri\u00f3dicos en el tiempo\", Universidad Aut\u00f3noma de Madrid, 2024<\/li>\n<li>Joel Mart\u00ednez, BSc student: \"Dynamics of semiconductor quantum dots\", Universidad Aut\u00f3noma de Madrid, 2024<\/li>\n<li>Abel Llanas, Pr\u00e1cticas Externas: \"Adiabatic transfer in multidomain topological chains\", Universidad Complutense de Madrid, 2024<\/li>\n<li>Pablo So\u00ebtard, BSc student: \"Long-range quantum information transfer assisted by machine learning\", Universidad Aut\u00f3noma de Madrid, 2023<\/li>\n<li>Marco D\u00edaz Maceda, Pr\u00e1cticas Externas: \"Multichromatic time evolution of non-interacting particles in topological chains\", Universidad Aut\u00f3noma de Madrid, 2023<\/li>\n<li>David Fern\u00e1ndez, MSc student: \"Hole spin qubits\", Universidad Aut\u00f3noma de Madrid, 2020<\/li>\n<li>Juan Zurita, MSc student: \"Controlled quantum state transfer and topology<br \/>\nin the Creutz and Creutz-Hubbard ladders\", Universidad Complutense de Madrid, 2020<\/li>\n<li>David Fern\u00e1ndez, BSc student: \"Hole spin qubits\", Universidad Aut\u00f3noma de Madrid, 2019<\/li>\n<li>Juan Zurita, BSc student: \"Topological insulators: Theoretical foundations, use in quantum computation and numerical treatment\", Universidad Complutense de Madrid, 2019<\/li>\n<li>Luc\u00eda Gonz\u00e1lez, MSc student: \"Spin decoherence in Quantum dot qubits: interplay between spin-orbit and hyperfine interaction\", Universidad Aut\u00f3noma de Madrid, 2017<\/li>\n<li>Marta Pe\u00f1a, BSc student: \"Qubit manipulation in AC driven quantum dots\", 2017<\/li>\n<li>Carlos Ayestar\u00e1n, MSc student: \"Quantum interferences in AC driven quantum dots\", Universidad Complutense de Madrid, 2017<\/li>\n<li>Beatriz P\u00e9rez, MSc student: \"Generalized SSH models for dimer chains\", Universidad Complutense de Madrid, 2017<\/li>\n<li>Marco Revelli, MSc student: \"Surface acoustic waves for long distant transport between quantum dots\", Universidad Complutense de Madrid, 2016<\/li>\n<li>Jordi Pic\u00f3: MSc student: \"Electron spin resonance in quantum dots\", Universidad Complutense de Madrid, 2015<\/li>\n<li>Miguel Bello, MSc student: \"Doublons transport through dimer chains\", Universidad Aut\u00f3noma de Madrid, 2015<\/li>\n<li>Miguel Bello, BSc student: \"Din\u00e1mica de doblones en redes at\u00f3micas\", Universidad Complutense de Madrid, 2014<\/li>\n<li>Laura Ortiz, MSc student: \"Spin-orbit interaction in topological insulators\", Universidad Complutense de Madrid, 2014<\/li>\n<li>Laura Ortiz, BSc student: \"Aislantes topol\u00f3gicos y estados de borde\", Universidad Complutense de Madrid, 2013<\/li>\n<li>Fernando Gallego, MSc student: \"Long-range transport and quantum interferences in quantum dot arrays\", Universidad Complutense de Madrid, 2013<\/li>\n<li>M\u00f3nica Benito, MSc student: \"Majorana fermions in quantum wires and Josephson junctions\", Universidad Aut\u00f3noma de Madrid, 2013<\/li>\n<\/ul>\n<p>&nbsp;<\/p>\n<\/div>\n<\/div><\/div><\/div><\/div><div id=\"pg-1474-3\"  class=\"panel-grid panel-no-style\" ><div id=\"pgc-1474-3-0\"  class=\"panel-grid-cell\" ><div id=\"panel-1474-3-0-0\" class=\"so-panel widget widget_sow-headline panel-first-child\" data-index=\"6\" ><div\n\t\t\t\n\t\t\tclass=\"so-widget-sow-headline so-widget-sow-headline-default-98dc6fff397f-1474\"\n\t\t\t\n\t\t><div class=\"sow-headline-container \">\n\t\t\t\t\t\t\t<h3 class=\"sow-headline\">\n\t\t\t\t\t\tInternational Students\t\t\t\t\t\t<\/h3>\n\t\t\t\t\t\t\t\t\t\t\t<div class=\"decoration\">\n\t\t\t\t\t\t<div class=\"decoration-inside\"><\/div>\n\t\t\t\t\t<\/div>\n\t\t\t\t\t<\/div>\n<\/div><\/div><div id=\"panel-1474-3-0-1\" class=\"so-panel widget widget_sow-editor\" data-index=\"7\" ><div\n\t\t\t\n\t\t\tclass=\"so-widget-sow-editor so-widget-sow-editor-base\"\n\t\t\t\n\t\t>\n<div class=\"siteorigin-widget-tinymce textwidget\">\n\t<p>&nbsp;<\/p>\n<ul>\n<li>Paul Faehrmann (Frei University, Berlin), RISE program (DAAD, Germany), July\/October 2016<\/li>\n<li>Anna Seiler, (Technical University, Munich), RISE program (DAAD, Germany), July\/October 2017<\/li>\n<\/ul>\n<p>&nbsp;<\/p>\n<\/div>\n<\/div><\/div><div id=\"panel-1474-3-0-2\" class=\"so-panel widget widget_sow-social-media-buttons panel-last-child\" data-index=\"8\" ><div\n\t\t\t\n\t\t\tclass=\"so-widget-sow-social-media-buttons so-widget-sow-social-media-buttons-flat-e7b7b3e181d4-1474\"\n\t\t\t\n\t\t>\n\n<div class=\"social-media-button-container\">\n\t\n\t\t<a \n\t\tclass=\"ow-button-hover sow-social-media-button-x-twitter-0 sow-social-media-button\" title=\"NOVEL PLATFORMS AND NANO-DEVICES FOR QUANTUM SIMULATION AND COMPUTATION en X Twitter\" aria-label=\"NOVEL PLATFORMS AND NANO-DEVICES FOR QUANTUM SIMULATION AND COMPUTATION en X Twitter\" target=\"_blank\" rel=\"noopener noreferrer\" href=\"https:\/\/twitter.com\/\" \t\t>\n\t\t\t<span>\n\t\t\t\t\t\t\t\t<span class=\"sow-icon-fontawesome sow-fab\" data-sow-icon=\"&#xe61b;\"\n\t\t \n\t\taria-hidden=\"true\"><\/span>\t\t\t\t\t\t\t<\/span>\n\t\t<\/a>\n\t<\/div>\n<\/div><\/div><\/div><\/div><\/div>","protected":false},"excerpt":{"rendered":"<p>Andr\u00e9s Agust\u00ed Casado, Postdoctoral researcher (2022-2024) Beatriz P\u00e9rez Gonz\u00e1lez, Postdoctoral researcher (2023-2024) \u00c1lvaro G\u00f3mez Le\u00f3n, Postdoctoral researcher (2018-2020) J. Huneke, Innovative Training Network contract, from Marie Curie Network (2012-2013) Yue Ban, Juan de la Cierva Fellow (2017-2019) Rafael S\u00e1nchez Rodrigo, JAE Doc (2011-2012) and Juan de la Cierva Fellow (2012-2015)&#8230;<\/p>\n<p class=\"continue-reading-button\"> <a class=\"continue-reading-link\" href=\"https:\/\/wp.icmm.csic.es\/npqsic\/our-people\/former-members\/\">Continue reading<i class=\"crycon-right-dir\"><\/i><\/a><\/p>\n","protected":false},"author":36,"featured_media":0,"parent":1585,"menu_order":0,"comment_status":"closed","ping_status":"closed","template":"","meta":{"ngg_post_thumbnail":0,"footnotes":""},"class_list":["post-1474","page","type-page","status-publish","hentry"],"_links":{"self":[{"href":"https:\/\/wp.icmm.csic.es\/npqsic\/wp-json\/wp\/v2\/pages\/1474","targetHints":{"allow":["GET"]}}],"collection":[{"href":"https:\/\/wp.icmm.csic.es\/npqsic\/wp-json\/wp\/v2\/pages"}],"about":[{"href":"https:\/\/wp.icmm.csic.es\/npqsic\/wp-json\/wp\/v2\/types\/page"}],"author":[{"embeddable":true,"href":"https:\/\/wp.icmm.csic.es\/npqsic\/wp-json\/wp\/v2\/users\/36"}],"replies":[{"embeddable":true,"href":"https:\/\/wp.icmm.csic.es\/npqsic\/wp-json\/wp\/v2\/comments?post=1474"}],"version-history":[{"count":23,"href":"https:\/\/wp.icmm.csic.es\/npqsic\/wp-json\/wp\/v2\/pages\/1474\/revisions"}],"predecessor-version":[{"id":2118,"href":"https:\/\/wp.icmm.csic.es\/npqsic\/wp-json\/wp\/v2\/pages\/1474\/revisions\/2118"}],"up":[{"embeddable":true,"href":"https:\/\/wp.icmm.csic.es\/npqsic\/wp-json\/wp\/v2\/pages\/1585"}],"wp:attachment":[{"href":"https:\/\/wp.icmm.csic.es\/npqsic\/wp-json\/wp\/v2\/media?parent=1474"}],"curies":[{"name":"wp","href":"https:\/\/api.w.org\/{rel}","templated":true}]}}