{"id":2008,"date":"2023-06-26T17:15:57","date_gmt":"2023-06-26T15:15:57","guid":{"rendered":"https:\/\/wp.icmm.csic.es\/npqsic\/?page_id=2008"},"modified":"2023-06-27T13:09:06","modified_gmt":"2023-06-27T11:09:06","slug":"2022-2","status":"publish","type":"page","link":"https:\/\/wp.icmm.csic.es\/npqsic\/2022-2\/","title":{"rendered":"2022"},"content":{"rendered":"<p><a href=\"https:\/\/journals.aps.org\/prapplied\/abstract\/10.1103\/PhysRevApplied.18.054090\"> Quantum Control of Hole Spin Qubits in Double Quantum Dots<\/a><br \/>\nD. Fern\u00e1ndez-Fern\u00e1ndez, Y. Ban, and G. Platero<br \/>\n<span style=\"color: #8eaebd\">Phys. Rev. Appl. <strong>18<\/strong>, 054090&nbsp;&nbsp;<\/span><\/p>\n<p><a href=\"https:\/\/journals.aps.org\/prl\/abstract\/10.1103\/PhysRevLett.129.207701\">Proposal for Detection of the 0\u2032 and \u03c0\u2032 Phases in Quantum-Dot Josepshon Junctions (Editors&#8217; Suggestion)<\/a><br \/>\nM. Lee, R. Lopez, H. Q. Xu, and G. Platero<br \/>\n<span style=\"color: #8eaebd\">Phys. Rev. Lett. <strong>129<\/strong>, 207701<\/span><\/p>\n<p><a href=\"https:\/\/onlinelibrary.wiley.com\/doi\/full\/10.1002\/pssb.202200266\">Terahertz-Induced Oscillations in Encapsulated Graphene<\/a><br \/>\nJ. I\u00f1arrea and G. Platero<br \/>\n<span style=\"color: #8eaebd\">Phys. Stat. Solidi B&nbsp;<strong>260<\/strong>, 5, 2200266<\/span><\/p>\n<p><a href=\"https:\/\/www.nature.com\/articles\/s41567-022-01573-4\">Encounter with a stranger metal<\/a><br \/>\nT. Stauber and J. Gonz\u00e1lez<br \/>\n<span style=\"color: #8eaebd\">Nature Physics&nbsp;<strong>18<\/strong>, 619-620<\/span><\/p>\n<p><a href=\"https:\/\/pubs.rsc.org\/en\/content\/articlelanding\/2022\/cp\/d2cp01806c\">Topology detection in cavity QED<\/a><br \/>\nB. P\u00e9rez-Gonz\u00e1lez, \u00c1. G\u00f3mez-Le\u00f3n and G, Platero<br \/>\n<span style=\"color: #8eaebd\">Phys. Chem. Chem. Phys.&nbsp;<strong>26<\/strong>, 15860-15870<\/span><\/p>\n<p><a href=\"https:\/\/www.nature.com\/articles\/s42005-022-01074-z\">Temperature-dependent broadening of coherent current peaks in InAs double quantum dots<\/a><br \/>\nO. Dani, R. Hussein, J.C. Bayer, S. Kohler and R.J. Haug<br \/>\n<span style=\"color: #8eaebd\">Communications Physics&nbsp;<strong>5<\/strong>, 292<\/span><\/p>\n<p><a href=\"https:\/\/journals.aps.org\/prapplied\/abstract\/10.1103\/PhysRevApplied.18.014009\">Entangling Nuclear Spins in Distant Quantum Dots via an Electron Bus (Editors&#8217; Suggestion)<\/a><br \/>\nMiguel Bello, M\u00f3nica Benito, Martin J. A. Schuetz, Gloria Platero, and G\u00e9za Giedke<br \/>\n<span style=\"color: #8eaebd\">Phys. Rev. Applied <strong>18<\/strong>, 014009<\/span><\/p>\n<p><a href=\"https:\/\/www.nature.com\/articles\/s41598-022-09025-y\">Photovoltage oscillations in encapsulated graphene<\/a><br \/>\nJ. I\u00f1arrea and G, Platero<br \/>\n<span style=\"color: #8eaebd\">Scientific Reports <strong>12<\/strong>, 5157<\/span><\/p>\n<p><a href=\"https:\/\/journals.aps.org\/prxquantum\/abstract\/10.1103\/PRXQuantum.3.010336\">Spin Many-Body Phases in Standard- and Topological-Waveguide QED Simulators<\/a><br \/>\nM. Bello, G. Platero and A. Gonz\u00e1lez-Tudela<br \/>\n<span style=\"color: #8eaebd\">PRX Quantum <strong>3<\/strong>, 010336<\/span><\/p>\n<p><a href=\"https:\/\/journals.aps.org\/prresearch\/abstract\/10.1103\/PhysRevResearch.4.013087\">4\u03c0-periodic supercurrent tuned by an axial magnetic flux in topological insulator nanowires<\/a><br \/>\nRalf Fischer, Jordi Pic\u00f3-Cort\u00e9s, Wolfgang Himmler, Gloria Platero, Milena Grifoni, Dmitriy A. Kozlov, N. N. Mikhailov, Sergey A. Dvoretsky, Christoph Strunk, and Dieter Weiss<br \/>\n<span style=\"color: #8eaebd\">Phys. Rev. Research <strong>4<\/strong>, 013087&nbsp;<\/span><\/p>\n<p>&nbsp;<\/p>\n<p>&nbsp;<\/p>\n<p>&nbsp;<\/p>\n<p>&nbsp;<\/p>\n<p>&nbsp;<\/p>\n","protected":false},"excerpt":{"rendered":"<p>Quantum Control of Hole Spin Qubits in Double Quantum Dots D. Fern\u00e1ndez-Fern\u00e1ndez, Y. Ban, and G. Platero Phys. Rev. Appl. 18, 054090&nbsp;&nbsp; Proposal for Detection of the 0\u2032 and \u03c0\u2032 Phases in Quantum-Dot Josepshon Junctions (Editors&#8217; Suggestion) M. Lee, R. Lopez, H. Q. Xu, and G. Platero Phys. Rev. Lett&#8230;.<\/p>\n<p class=\"continue-reading-button\"> <a class=\"continue-reading-link\" href=\"https:\/\/wp.icmm.csic.es\/npqsic\/2022-2\/\">Continue reading<i class=\"crycon-right-dir\"><\/i><\/a><\/p>\n","protected":false},"author":106,"featured_media":0,"parent":0,"menu_order":0,"comment_status":"closed","ping_status":"closed","template":"","meta":{"ngg_post_thumbnail":0,"footnotes":""},"class_list":["post-2008","page","type-page","status-publish","hentry"],"_links":{"self":[{"href":"https:\/\/wp.icmm.csic.es\/npqsic\/wp-json\/wp\/v2\/pages\/2008","targetHints":{"allow":["GET"]}}],"collection":[{"href":"https:\/\/wp.icmm.csic.es\/npqsic\/wp-json\/wp\/v2\/pages"}],"about":[{"href":"https:\/\/wp.icmm.csic.es\/npqsic\/wp-json\/wp\/v2\/types\/page"}],"author":[{"embeddable":true,"href":"https:\/\/wp.icmm.csic.es\/npqsic\/wp-json\/wp\/v2\/users\/106"}],"replies":[{"embeddable":true,"href":"https:\/\/wp.icmm.csic.es\/npqsic\/wp-json\/wp\/v2\/comments?post=2008"}],"version-history":[{"count":7,"href":"https:\/\/wp.icmm.csic.es\/npqsic\/wp-json\/wp\/v2\/pages\/2008\/revisions"}],"predecessor-version":[{"id":2051,"href":"https:\/\/wp.icmm.csic.es\/npqsic\/wp-json\/wp\/v2\/pages\/2008\/revisions\/2051"}],"wp:attachment":[{"href":"https:\/\/wp.icmm.csic.es\/npqsic\/wp-json\/wp\/v2\/media?parent=2008"}],"curies":[{"name":"wp","href":"https:\/\/api.w.org\/{rel}","templated":true}]}}