{"id":2010,"date":"2023-06-26T17:16:09","date_gmt":"2023-06-26T15:16:09","guid":{"rendered":"https:\/\/wp.icmm.csic.es\/npqsic\/?page_id=2010"},"modified":"2023-06-27T12:06:19","modified_gmt":"2023-06-27T10:06:19","slug":"2023-2","status":"publish","type":"page","link":"https:\/\/wp.icmm.csic.es\/npqsic\/2023-2\/","title":{"rendered":"2023"},"content":{"rendered":"<p><a href=\"https:\/\/doi.org\/10.22331\/q-2023-06-22-1043\">Fast quantum transfer mediated by topological domain walls<\/a><br \/>\nJ. Zurita, C.E. Creffield and G. Platero<br \/>\n<span style=\"color: #8eaebd\">Quantum&nbsp;<strong>7<\/strong>, 1043<\/span><\/p>\n<p><a href=\"https:\/\/journals.aps.org\/prl\/abstract\/10.1103\/PhysRevLett.130.233602\">Probing Two Driven Double Quantum Dots Strongly Coupled to a Cavity<\/a><br \/>\nSi-Si Gu, Sigmund Kohler, Yong-Qiang Xu, Rui Wu, Shun-Li Jiang, Shu-Kun Ye, Ting Lin, Bao-Chuan Wang, Hai-Ou Li, Gang Cao, and Guo-Ping Guo<br \/>\n<span style=\"color: #8eaebd\">Phys. Rev. Lett. <strong>130<\/strong>, 233602<\/span><\/p>\n<p><a href=\"https:\/\/www.nature.com\/articles\/s41467-023-38250-w\">Ising superconductivity induced from spin-selective valley symmetry breaking in twisted trilayer graphene<\/a><br \/>\nJ. Gonz\u00e1lez and T. Stauber<br \/>\n<span style=\"color: #8eaebd\">Nature Communications&nbsp;<strong>14<\/strong>, 2746<\/span><\/p>\n<p><a href=\"https:\/\/iopscience.iop.org\/article\/10.1088\/2515-7639\/acd1b7\">Photo-assisted spin transport in double quantum dots with spin-orbit interaction<\/a><br \/>\nD. Fern\u00e1ndez-Fern\u00e1ndez, J. Pic\u00f3-Cort\u00e9s, S. Vela-Li\u00f1an and G. Platero<br \/>\n<span style=\"color: #8eaebd\">J. Phys. Mater. <strong>6<\/strong>, 034004<\/span><\/p>\n<p><a href=\"https:\/\/journals.aps.org\/prresearch\/abstract\/10.1103\/PhysRevResearch.5.023021\">Topological synchronization of quantum van der Pol oscillators<\/a><br \/>\nChristopher W. W\u00e4chtler, Gloria Platero<br \/>\n<span style=\"color: #8eaebd\">&nbsp;Phys. Rev. Research <strong>5<\/strong>, 023021<\/span><\/p>\n<p>&nbsp;<\/p>\n<p>&nbsp;<\/p>\n<p>&nbsp;<\/p>\n<p>&nbsp;<\/p>\n","protected":false},"excerpt":{"rendered":"<p>Fast quantum transfer mediated by topological domain walls J. Zurita, C.E. Creffield and G. Platero Quantum&nbsp;7, 1043 Probing Two Driven Double Quantum Dots Strongly Coupled to a Cavity Si-Si Gu, Sigmund Kohler, Yong-Qiang Xu, Rui Wu, Shun-Li Jiang, Shu-Kun Ye, Ting Lin, Bao-Chuan Wang, Hai-Ou Li, Gang Cao, and Guo-Ping&#8230;<\/p>\n<p class=\"continue-reading-button\"> <a class=\"continue-reading-link\" href=\"https:\/\/wp.icmm.csic.es\/npqsic\/2023-2\/\">Continue reading<i class=\"crycon-right-dir\"><\/i><\/a><\/p>\n","protected":false},"author":106,"featured_media":0,"parent":0,"menu_order":0,"comment_status":"closed","ping_status":"closed","template":"","meta":{"ngg_post_thumbnail":0,"footnotes":""},"class_list":["post-2010","page","type-page","status-publish","hentry"],"_links":{"self":[{"href":"https:\/\/wp.icmm.csic.es\/npqsic\/wp-json\/wp\/v2\/pages\/2010","targetHints":{"allow":["GET"]}}],"collection":[{"href":"https:\/\/wp.icmm.csic.es\/npqsic\/wp-json\/wp\/v2\/pages"}],"about":[{"href":"https:\/\/wp.icmm.csic.es\/npqsic\/wp-json\/wp\/v2\/types\/page"}],"author":[{"embeddable":true,"href":"https:\/\/wp.icmm.csic.es\/npqsic\/wp-json\/wp\/v2\/users\/106"}],"replies":[{"embeddable":true,"href":"https:\/\/wp.icmm.csic.es\/npqsic\/wp-json\/wp\/v2\/comments?post=2010"}],"version-history":[{"count":5,"href":"https:\/\/wp.icmm.csic.es\/npqsic\/wp-json\/wp\/v2\/pages\/2010\/revisions"}],"predecessor-version":[{"id":2046,"href":"https:\/\/wp.icmm.csic.es\/npqsic\/wp-json\/wp\/v2\/pages\/2010\/revisions\/2046"}],"wp:attachment":[{"href":"https:\/\/wp.icmm.csic.es\/npqsic\/wp-json\/wp\/v2\/media?parent=2010"}],"curies":[{"name":"wp","href":"https:\/\/api.w.org\/{rel}","templated":true}]}}