{"id":133,"date":"2022-03-23T09:25:10","date_gmt":"2022-03-23T09:25:10","guid":{"rendered":"https:\/\/wp.icmm.csic.es\/optomechanics\/?page_id=133"},"modified":"2022-03-24T10:44:02","modified_gmt":"2022-03-24T10:44:02","slug":"nano-optofluidics","status":"publish","type":"page","link":"https:\/\/wp.icmm.csic.es\/optomechanics\/nano-optofluidics\/","title":{"rendered":"Nano-OptoFluidics"},"content":{"rendered":"<div id=\"metaslider-id-234\" style=\"width: 100%;\" class=\"ml-slider-3-108-0 metaslider metaslider-flex metaslider-234 ml-slider has-dots-nav ms-theme-default\" role=\"region\" aria-label=\"Nano-optofluidics\" data-height=\"300\" data-width=\"700\">\n    <div id=\"metaslider_container_234\">\n        <div id=\"metaslider_234\">\n            <ul class='slides'>\n                <li style=\"display: block; width: 100%;\" class=\"slide-239 ms-image \" aria-roledescription=\"slide\" data-date=\"2022-03-23 17:10:35\" data-filename=\"20x-fluor-after.bmp\" data-slide-type=\"image\"><img loading=\"lazy\" decoding=\"async\" width=\"2592\" height=\"1944\" src=\"https:\/\/wp.icmm.csic.es\/optomechanics\/wp-content\/uploads\/sites\/59\/2022\/03\/20x-fluor-after.bmp\" class=\"slider-234 slide-239 msDefaultImage\" alt=\"\" rel=\"\" title=\"20x fluor after\" style=\"margin: 0 auto; width: 57.142857142857%\" \/><\/li>\n                <li style=\"display: none; width: 100%;\" class=\"slide-240 ms-image \" aria-roledescription=\"slide\" data-date=\"2022-03-23 17:10:36\" data-filename=\"Imagen-1-4.png\" data-slide-type=\"image\"><img loading=\"lazy\" decoding=\"async\" width=\"754\" height=\"608\" src=\"https:\/\/wp.icmm.csic.es\/optomechanics\/wp-content\/uploads\/sites\/59\/2022\/03\/Imagen-1-4.png\" class=\"slider-234 slide-240 msDefaultImage\" alt=\"\" rel=\"\" title=\"Imagen 1\" style=\"margin: 0 auto; width: 53.148496240602%\" srcset=\"https:\/\/wp.icmm.csic.es\/optomechanics\/wp-content\/uploads\/sites\/59\/2022\/03\/Imagen-1-4.png 754w, https:\/\/wp.icmm.csic.es\/optomechanics\/wp-content\/uploads\/sites\/59\/2022\/03\/Imagen-1-4-300x242.png 300w, https:\/\/wp.icmm.csic.es\/optomechanics\/wp-content\/uploads\/sites\/59\/2022\/03\/Imagen-1-4-644x519.png 644w\" sizes=\"auto, (max-width: 754px) 100vw, 754px\" \/><\/li>\n                <li style=\"display: none; width: 100%;\" class=\"slide-241 ms-image \" aria-roledescription=\"slide\" data-date=\"2022-03-23 17:10:37\" data-filename=\"IMG_0128.jpg\" data-slide-type=\"image\"><img loading=\"lazy\" decoding=\"async\" width=\"2048\" height=\"1536\" src=\"https:\/\/wp.icmm.csic.es\/optomechanics\/wp-content\/uploads\/sites\/59\/2022\/03\/IMG_0128.jpg\" class=\"slider-234 slide-241 msDefaultImage\" alt=\"\" rel=\"\" title=\"IMG_0128\" style=\"margin: 0 auto; width: 57.142857142857%\" srcset=\"https:\/\/wp.icmm.csic.es\/optomechanics\/wp-content\/uploads\/sites\/59\/2022\/03\/IMG_0128.jpg 2048w, https:\/\/wp.icmm.csic.es\/optomechanics\/wp-content\/uploads\/sites\/59\/2022\/03\/IMG_0128-300x225.jpg 300w, https:\/\/wp.icmm.csic.es\/optomechanics\/wp-content\/uploads\/sites\/59\/2022\/03\/IMG_0128-644x483.jpg 644w, https:\/\/wp.icmm.csic.es\/optomechanics\/wp-content\/uploads\/sites\/59\/2022\/03\/IMG_0128-768x576.jpg 768w, https:\/\/wp.icmm.csic.es\/optomechanics\/wp-content\/uploads\/sites\/59\/2022\/03\/IMG_0128-1536x1152.jpg 1536w\" sizes=\"auto, (max-width: 2048px) 100vw, 2048px\" \/><\/li>\n                <li style=\"display: none; width: 100%;\" class=\"slide-242 ms-image \" aria-roledescription=\"slide\" data-date=\"2022-03-23 17:10:38\" data-filename=\"prueba3-scaled.jpg\" data-slide-type=\"image\"><img loading=\"lazy\" decoding=\"async\" width=\"2560\" height=\"1344\" src=\"https:\/\/wp.icmm.csic.es\/optomechanics\/wp-content\/uploads\/sites\/59\/2022\/03\/prueba3-scaled.jpg\" class=\"slider-234 slide-242 msDefaultImage\" alt=\"\" rel=\"\" title=\"prueba3\" style=\"margin: 0 auto; width: 81.632653061224%\" srcset=\"https:\/\/wp.icmm.csic.es\/optomechanics\/wp-content\/uploads\/sites\/59\/2022\/03\/prueba3-scaled.jpg 2560w, https:\/\/wp.icmm.csic.es\/optomechanics\/wp-content\/uploads\/sites\/59\/2022\/03\/prueba3-300x158.jpg 300w, https:\/\/wp.icmm.csic.es\/optomechanics\/wp-content\/uploads\/sites\/59\/2022\/03\/prueba3-644x338.jpg 644w, https:\/\/wp.icmm.csic.es\/optomechanics\/wp-content\/uploads\/sites\/59\/2022\/03\/prueba3-768x403.jpg 768w, https:\/\/wp.icmm.csic.es\/optomechanics\/wp-content\/uploads\/sites\/59\/2022\/03\/prueba3-1536x806.jpg 1536w, https:\/\/wp.icmm.csic.es\/optomechanics\/wp-content\/uploads\/sites\/59\/2022\/03\/prueba3-2048x1075.jpg 2048w\" sizes=\"auto, (max-width: 2560px) 100vw, 2560px\" \/><\/li>\n            <\/ul>\n        <\/div>\n        \n    <\/div>\n<\/div>\n<p>The combination of <strong>fluidics<\/strong> and <strong>optics<\/strong> at the <strong>nanoscale<\/strong> opens the door for a plethora of novel applications including sensors, biosensors, lab-on-a-chip devices and molecular imaging on nanostructured surfaces.<\/p>\n<h3>Related publications:<\/h3>\n<ul>\n<li>Oscar Malvar, Daniel Ramos, Adri\u00e1n Sanz-Jim\u00e9nez, \u00a0AlbertoMart\u00edn-P\u00e9rez <a href=\"https:\/\/www.zhinst.com\/europe\/en\/pdf-viewer\/plain?pdf_title=Optomechanical%20mass%20sensing&amp;pdf_url=\/libraries\/pdf.js\/web\/viewer.html%3Ffile%3Dhttps%253A%252F%252Fwww.zhinst.com%252Fsites%252Fdefault%252Ffiles%252Fdocuments%252F2022-01%252Fzi_appnote_mass_sensing.pdf\"><strong>&#8220;Optomechanical mass sensing&#8221;<\/strong><\/a>\u00a0<em>Zurich Instruments Application Note<\/em> (2022)<\/li>\n<li>Alberto Mart\u00edn-P\u00e9rez, Daniel Ramos, Marina L Yubero, Sergio Garc\u00eda-L\u00f3pez, Priscila M Kosaka, Javier Tamayo, Montserrat Calleja<a href=\"https:\/\/www.nature.com\/articles\/s41598-021-82708-0\"><strong> &#8220;Hydrodynamic assisted multiparametric particle spectrometry&#8221;<\/strong><\/a>\u00a0<em>Scientific Reports<\/em> <strong>11 (1)<\/strong>, 1-9 (2021)<\/li>\n<li>A Mart\u00edn-P\u00e9rez, D Ramos, J Tamayo, M Calleja <a href=\"https:\/\/www.mdpi.com\/1424-8220\/21\/10\/3337\"><strong>&#8220;Nanomechanical Molecular Mass Sensing Using Suspended Microchannel Resonators&#8221;<\/strong><\/a> <em>Sensors<\/em> <strong>21 (10)<\/strong>, 3337 (2021)<\/li>\n<li>JJ Ruz, O Malvar, E Gil-Santos, D Ramos, M Calleja, J Tamayo<a href=\"https:\/\/www.mdpi.com\/2227-9717\/9\/1\/164\"><strong> &#8220;A review on theory and modelling of nanomechanical sensors for biological applications&#8221;<\/strong><\/a> <em>Processes<\/em><strong> 9 (1)<\/strong>, 164 (2021)<\/li>\n<li>Alberto Martin-Perez, Daniel Ramos, Eduardo Gil-Santos, Sergio Garc\u00eda-L\u00f3pez, Marina L Yubero, Priscila M Kosaka, A\u0301lvaro San Paulo, Javier Tamayo, Montserrat Calleja <a href=\"https:\/\/pubs.acs.org\/doi\/abs\/10.1021\/acssensors.9b02038\"><strong>&#8220;Mechano-optical analysis of single cells with transparent microcapillary resonators&#8221;<\/strong> <\/a><em>ACS sensors<\/em> <strong>4 (12)<\/strong>, 3325-3332 (2019)<\/li>\n<li>A Mart\u00edn-P\u00e9rez, D Ramos, J Tamayo, M Calleja <a href=\"https:\/\/ieeexplore.ieee.org\/abstract\/document\/8808536\"><strong>&#8220;Real-time particle spectrometry in liquid environment using microfluidic-nanomechanical resonators&#8221;<\/strong> <\/a><em>2019 20th International Conference on Solid-State Sensors, Actuators and Microsystems &amp; Eurosensors XXXIII (TRANSDUCERS &amp; EUROSENSORS XXXIII)<\/em>\u00a0pp\u00a0<strong>2146-2149<\/strong> (2019)<\/li>\n<li>A Mart\u00edn-P\u00e9rez, D Ramos, J Tamayo, M Calleja <a href=\"https:\/\/www.mdpi.com\/1424-8220\/19\/23\/5069\"><strong>&#8220;Coherent optical transduction of suspended microcapillary resonators for multi-parameter sensing applications&#8221;<\/strong> <\/a><em>Sensors<\/em> <strong>19 (23)<\/strong>, 5069 (2019)<\/li>\n<li>O Malvar, D Ramos, C Mart\u00ednez, P Kosaka, J Tamayo, M Calleja <a href=\"https:\/\/www.mdpi.com\/1424-8220\/15\/4\/7650\"><strong>&#8220;Highly sensitive measurement of liquid density in air using suspended microcapillary resonators&#8221;<\/strong> <\/a><em>Sensors<\/em> <strong>15 (4)<\/strong>, 7650-7657 (2015)<\/li>\n<\/ul>\n","protected":false},"excerpt":{"rendered":"<p>The combination of fluidics and optics at the nanoscale opens the door for a plethora of novel applications including sensors, biosensors, lab-on-a-chip devices and molecular imaging on nanostructured surfaces. Related publications: Oscar Malvar, Daniel Ramos, Adri\u00e1n Sanz-Jim\u00e9nez, \u00a0AlbertoMart\u00edn-P\u00e9rez &#8220;Optomechanical mass sensing&#8221;\u00a0Zurich Instruments Application Note (2022) Alberto Mart\u00edn-P\u00e9rez, Daniel Ramos, Marina L Yubero, Sergio Garc\u00eda-L\u00f3pez, Priscila&#8230;<\/p>\n","protected":false},"author":102,"featured_media":0,"parent":0,"menu_order":0,"comment_status":"closed","ping_status":"closed","template":"","meta":{"footnotes":""},"class_list":["post-133","page","type-page","status-publish","hentry"],"_links":{"self":[{"href":"https:\/\/wp.icmm.csic.es\/optomechanics\/wp-json\/wp\/v2\/pages\/133","targetHints":{"allow":["GET"]}}],"collection":[{"href":"https:\/\/wp.icmm.csic.es\/optomechanics\/wp-json\/wp\/v2\/pages"}],"about":[{"href":"https:\/\/wp.icmm.csic.es\/optomechanics\/wp-json\/wp\/v2\/types\/page"}],"author":[{"embeddable":true,"href":"https:\/\/wp.icmm.csic.es\/optomechanics\/wp-json\/wp\/v2\/users\/102"}],"replies":[{"embeddable":true,"href":"https:\/\/wp.icmm.csic.es\/optomechanics\/wp-json\/wp\/v2\/comments?post=133"}],"version-history":[{"count":9,"href":"https:\/\/wp.icmm.csic.es\/optomechanics\/wp-json\/wp\/v2\/pages\/133\/revisions"}],"predecessor-version":[{"id":260,"href":"https:\/\/wp.icmm.csic.es\/optomechanics\/wp-json\/wp\/v2\/pages\/133\/revisions\/260"}],"wp:attachment":[{"href":"https:\/\/wp.icmm.csic.es\/optomechanics\/wp-json\/wp\/v2\/media?parent=133"}],"curies":[{"name":"wp","href":"https:\/\/api.w.org\/{rel}","templated":true}]}}