{"id":74,"date":"2012-09-19T22:01:24","date_gmt":"2012-09-19T22:01:24","guid":{"rendered":"http:\/\/www.icmm.csic.es\/phbhmg\/?page_id=74"},"modified":"2025-04-01T08:52:34","modified_gmt":"2025-04-01T08:52:34","slug":"prof-dr-eduardo-ruiz-hitzky","status":"publish","type":"page","link":"https:\/\/wp.icmm.csic.es\/phbhmg\/members\/permanent-staff\/prof-dr-eduardo-ruiz-hitzky\/","title":{"rendered":"Prof. Dr. Eduardo Ruiz-Hitzky"},"content":{"rendered":"<h4><a href=\"https:\/\/wp.icmm.csic.es\/phbhmg\/wp-content\/uploads\/sites\/40\/2025\/04\/CVA_Eduardo-RUIZ-HITZKY_2025_signed.pdf\"><strong>Short CV_April 2025<\/strong><\/a><\/h4>\n<h4><a href=\"https:\/\/wp.icmm.csic.es\/phbhmg\/wp-content\/uploads\/sites\/40\/2024\/04\/CV_EDUARDO-RUIZ-HITZKY_APRIL-2024.pdf\" target=\"_blank\" rel=\"noopener\"><strong>Extended CV<\/strong><\/a><\/h4>\n<h5><a href=\"https:\/\/wp.icmm.csic.es\/phbhmg\/wp-content\/uploads\/sites\/40\/2012\/09\/Foto-E.-RUIZ-HITZKY-2.jpg\"><img loading=\"lazy\" decoding=\"async\" class=\"alignleft wp-image-445\" title=\"Foto-E. RUIZ-HITZKY (2)\" src=\"https:\/\/wp.icmm.csic.es\/phbhmg\/wp-content\/uploads\/sites\/40\/2012\/09\/Foto-E.-RUIZ-HITZKY-2.jpg\" alt=\"\" width=\"229\" height=\"231\" srcset=\"https:\/\/wp.icmm.csic.es\/phbhmg\/wp-content\/uploads\/sites\/40\/2012\/09\/Foto-E.-RUIZ-HITZKY-2.jpg 763w, https:\/\/wp.icmm.csic.es\/phbhmg\/wp-content\/uploads\/sites\/40\/2012\/09\/Foto-E.-RUIZ-HITZKY-2-150x150.jpg 150w, https:\/\/wp.icmm.csic.es\/phbhmg\/wp-content\/uploads\/sites\/40\/2012\/09\/Foto-E.-RUIZ-HITZKY-2-298x300.jpg 298w, https:\/\/wp.icmm.csic.es\/phbhmg\/wp-content\/uploads\/sites\/40\/2012\/09\/Foto-E.-RUIZ-HITZKY-2-100x100.jpg 100w\" sizes=\"auto, (max-width: 229px) 100vw, 229px\" \/><\/a>Eduardo Ruiz-Hitzky, is currently an <em>Ad honorem<\/em> Research Professor at the Materials Science Institute of Madrid, Consejo Superior de Investigaciones Cient\u00edficas (CSIC, National Research Council of Spain). Graduate in Chemistry at the Universidad Complutense, Madrid in 1970; Docteur \u00e8s Sciences, Universit\u00e9 Catholique de Louvain, (Belgium) in 1974, and Ph.D. in Chemistry, Universidad Complutense, Madrid in 1979. Author of around 300 publications and 20 patents on the research topics: Nanostructured Functional Materials; Hybrid, Biohybrid, Intercalation Compounds &amp; Nanocomposites;&nbsp; Layered and Porous Inorganic Solids. Since 1987 has been Founder and First Director of several Departments at the CSIC including \u201cNew Architectures in Materials Chemistry Department\u201d in 2010. Member of the Direction Committee of the Spanish Royal Society of Chemistry (RSEQ) (1989-2013). Vice-President and President of the Spanish Clay Society (2002-2010), Member of the Direction Committee of the ICMM-CSIC (1990-2010). Invited Professor at the&nbsp; Coll\u00e8ge de France, Paris (France), September-December 2011. Editor-in-Chief of <em>Recent Patents in Nanotechnology<\/em> and Associated Editor of <em>Current Nanoscience<\/em>, since 2010. Member of the Editorial Board of various SCI journals. Awarded with the STAS Prize (Academie Royal des Sciences, des Lettres et Beaux Arts de Belgique, Belgium), the BRUYLANTS award (Association de Chimistes de l&#8217;Universit\u00e9 de Louvain, Belgium), the ICIDCA award (The Ministry of Sugar, Cuba), the AIPEA medal (Tokyo, 2005), the Guillaume Bud\u00e9 Medal (Coll\u00e8ge de France), and various Distinctions of the CSIC, Spain.<\/h5>\n<h5><strong>e-mail: eduardo@icmm.csic.es<\/strong><\/h5>\n<h5>Highlights &amp; Relevant Scientific Contributions:<\/h5>\n<h5><img loading=\"lazy\" decoding=\"async\" class=\"wp-image-1493 alignnone\" src=\"https:\/\/wp.icmm.csic.es\/phbhmg\/wp-content\/uploads\/sites\/40\/2018\/12\/highlights1-1024x193.jpg\" alt=\"\" width=\"548\" height=\"103\" srcset=\"https:\/\/wp.icmm.csic.es\/phbhmg\/wp-content\/uploads\/sites\/40\/2018\/12\/highlights1-1024x193.jpg 1024w, https:\/\/wp.icmm.csic.es\/phbhmg\/wp-content\/uploads\/sites\/40\/2018\/12\/highlights1-300x56.jpg 300w, https:\/\/wp.icmm.csic.es\/phbhmg\/wp-content\/uploads\/sites\/40\/2018\/12\/highlights1-768x145.jpg 768w, https:\/\/wp.icmm.csic.es\/phbhmg\/wp-content\/uploads\/sites\/40\/2018\/12\/highlights1.jpg 1621w\" sizes=\"auto, (max-width: 548px) 100vw, 548px\" \/><\/h5>\n<h5><img loading=\"lazy\" decoding=\"async\" class=\" wp-image-1498 alignleft\" src=\"https:\/\/wp.icmm.csic.es\/phbhmg\/wp-content\/uploads\/sites\/40\/2018\/12\/highlights2-1024x167.jpg\" alt=\"\" width=\"531\" height=\"87\" srcset=\"https:\/\/wp.icmm.csic.es\/phbhmg\/wp-content\/uploads\/sites\/40\/2018\/12\/highlights2-1024x167.jpg 1024w, https:\/\/wp.icmm.csic.es\/phbhmg\/wp-content\/uploads\/sites\/40\/2018\/12\/highlights2-300x49.jpg 300w, https:\/\/wp.icmm.csic.es\/phbhmg\/wp-content\/uploads\/sites\/40\/2018\/12\/highlights2-768x126.jpg 768w, https:\/\/wp.icmm.csic.es\/phbhmg\/wp-content\/uploads\/sites\/40\/2018\/12\/highlights2.jpg 1559w\" sizes=\"auto, (max-width: 531px) 100vw, 531px\" \/><\/h5>\n<h5><img loading=\"lazy\" decoding=\"async\" class=\" wp-image-1499 alignleft\" src=\"https:\/\/wp.icmm.csic.es\/phbhmg\/wp-content\/uploads\/sites\/40\/2018\/12\/highlights3-1024x311.jpg\" alt=\"\" width=\"524\" height=\"159\" srcset=\"https:\/\/wp.icmm.csic.es\/phbhmg\/wp-content\/uploads\/sites\/40\/2018\/12\/highlights3-1024x311.jpg 1024w, https:\/\/wp.icmm.csic.es\/phbhmg\/wp-content\/uploads\/sites\/40\/2018\/12\/highlights3-300x91.jpg 300w, https:\/\/wp.icmm.csic.es\/phbhmg\/wp-content\/uploads\/sites\/40\/2018\/12\/highlights3-768x233.jpg 768w, https:\/\/wp.icmm.csic.es\/phbhmg\/wp-content\/uploads\/sites\/40\/2018\/12\/highlights3.jpg 1537w\" sizes=\"auto, (max-width: 524px) 100vw, 524px\" \/><\/h5>\n<h5><img loading=\"lazy\" decoding=\"async\" class=\" wp-image-1500 alignleft\" src=\"https:\/\/wp.icmm.csic.es\/phbhmg\/wp-content\/uploads\/sites\/40\/2018\/12\/highlights4-1024x217.jpg\" alt=\"\" width=\"552\" height=\"117\" srcset=\"https:\/\/wp.icmm.csic.es\/phbhmg\/wp-content\/uploads\/sites\/40\/2018\/12\/highlights4-1024x217.jpg 1024w, https:\/\/wp.icmm.csic.es\/phbhmg\/wp-content\/uploads\/sites\/40\/2018\/12\/highlights4-300x64.jpg 300w, https:\/\/wp.icmm.csic.es\/phbhmg\/wp-content\/uploads\/sites\/40\/2018\/12\/highlights4-768x163.jpg 768w, https:\/\/wp.icmm.csic.es\/phbhmg\/wp-content\/uploads\/sites\/40\/2018\/12\/highlights4.jpg 1567w\" sizes=\"auto, (max-width: 552px) 100vw, 552px\" \/><\/h5>\n<h5><img loading=\"lazy\" decoding=\"async\" class=\"wp-image-1501 alignleft\" src=\"https:\/\/wp.icmm.csic.es\/phbhmg\/wp-content\/uploads\/sites\/40\/2018\/12\/highlights5-1024x440.jpg\" alt=\"\" width=\"369\" height=\"158\" srcset=\"https:\/\/wp.icmm.csic.es\/phbhmg\/wp-content\/uploads\/sites\/40\/2018\/12\/highlights5-1024x440.jpg 1024w, https:\/\/wp.icmm.csic.es\/phbhmg\/wp-content\/uploads\/sites\/40\/2018\/12\/highlights5-300x129.jpg 300w, https:\/\/wp.icmm.csic.es\/phbhmg\/wp-content\/uploads\/sites\/40\/2018\/12\/highlights5-768x330.jpg 768w, https:\/\/wp.icmm.csic.es\/phbhmg\/wp-content\/uploads\/sites\/40\/2018\/12\/highlights5.jpg 1053w\" sizes=\"auto, (max-width: 369px) 100vw, 369px\" \/><\/h5>\n<h5>&nbsp;<\/h5>\n<h5>&nbsp;<\/h5>\n<h5>&nbsp;<\/h5>\n<h5>&nbsp;<\/h5>\n<h5>&nbsp;<\/h5>\n<h5>&nbsp;<\/h5>\n<h5>&nbsp;&nbsp;&nbsp;<\/h5>\n<h5>&nbsp;&nbsp;&nbsp;<\/h5>\n<h5>&nbsp;<\/h5>\n<h5>&nbsp;<\/h5>\n<h5><img loading=\"lazy\" decoding=\"async\" class=\"wp-image-1502 alignleft\" src=\"https:\/\/wp.icmm.csic.es\/phbhmg\/wp-content\/uploads\/sites\/40\/2018\/12\/highlights6-1024x243.jpg\" alt=\"\" width=\"533\" height=\"127\" srcset=\"https:\/\/wp.icmm.csic.es\/phbhmg\/wp-content\/uploads\/sites\/40\/2018\/12\/highlights6-1024x243.jpg 1024w, https:\/\/wp.icmm.csic.es\/phbhmg\/wp-content\/uploads\/sites\/40\/2018\/12\/highlights6-300x71.jpg 300w, https:\/\/wp.icmm.csic.es\/phbhmg\/wp-content\/uploads\/sites\/40\/2018\/12\/highlights6-768x182.jpg 768w, https:\/\/wp.icmm.csic.es\/phbhmg\/wp-content\/uploads\/sites\/40\/2018\/12\/highlights6.jpg 1516w\" sizes=\"auto, (max-width: 533px) 100vw, 533px\" \/><\/h5>\n<h5><img loading=\"lazy\" decoding=\"async\" class=\" wp-image-1503 alignleft\" src=\"https:\/\/wp.icmm.csic.es\/phbhmg\/wp-content\/uploads\/sites\/40\/2018\/12\/highlights7-1024x207.jpg\" alt=\"\" width=\"520\" height=\"105\" srcset=\"https:\/\/wp.icmm.csic.es\/phbhmg\/wp-content\/uploads\/sites\/40\/2018\/12\/highlights7-1024x207.jpg 1024w, https:\/\/wp.icmm.csic.es\/phbhmg\/wp-content\/uploads\/sites\/40\/2018\/12\/highlights7-300x61.jpg 300w, https:\/\/wp.icmm.csic.es\/phbhmg\/wp-content\/uploads\/sites\/40\/2018\/12\/highlights7-768x155.jpg 768w, https:\/\/wp.icmm.csic.es\/phbhmg\/wp-content\/uploads\/sites\/40\/2018\/12\/highlights7.jpg 1506w\" sizes=\"auto, (max-width: 520px) 100vw, 520px\" \/><\/h5>\n<h5><img loading=\"lazy\" decoding=\"async\" class=\" wp-image-1504 alignleft\" src=\"https:\/\/wp.icmm.csic.es\/phbhmg\/wp-content\/uploads\/sites\/40\/2018\/12\/highlights8-1024x195.jpg\" alt=\"\" width=\"559\" height=\"106\" srcset=\"https:\/\/wp.icmm.csic.es\/phbhmg\/wp-content\/uploads\/sites\/40\/2018\/12\/highlights8-1024x195.jpg 1024w, https:\/\/wp.icmm.csic.es\/phbhmg\/wp-content\/uploads\/sites\/40\/2018\/12\/highlights8-300x57.jpg 300w, https:\/\/wp.icmm.csic.es\/phbhmg\/wp-content\/uploads\/sites\/40\/2018\/12\/highlights8-768x146.jpg 768w, https:\/\/wp.icmm.csic.es\/phbhmg\/wp-content\/uploads\/sites\/40\/2018\/12\/highlights8.jpg 1600w\" sizes=\"auto, (max-width: 559px) 100vw, 559px\" \/><\/h5>\n<h5>&nbsp;<\/h5>\n<h5>&nbsp;<\/h5>\n<h5>Conferences:<\/h5>\n<h5>\u2022&nbsp;&nbsp;<a href=\"https:\/\/www.college-de-france.fr\/site\/clement-sanchez\/symposium-2017-02-24-16h15.htm\">Le point de rencontre des mat\u00e9riaux carbon\u00e9s et des argiles : vers une nouvelle g\u00e9n\u00e9ration de composites fonctionnels,<\/a> Coll\u00e8ge de France, February 2017.<\/h5>\n<h5>\u2022&nbsp;&nbsp;<a href=\"https:\/\/www.youtube.com\/watch?v=b5ghCGCS0zk\">Carbon-clay composites : innovative approaches for clean energy and other advanced applications<\/a>, I\u00b2CNER Seminar Series, Kyushu University, September 2017.<\/h5>\n<h5>&nbsp;<\/h5>\n<h5>Selected 5 publications :<\/h5>\n<h5>\u2022&nbsp;&nbsp; Crown ethers intercalations with phyllosilicates, Ruiz-Hitzky, E., Casal&nbsp; B., <strong>Nature<\/strong> 276, 596-597 (1978)<\/h5>\n<h5>\u2022&nbsp;&nbsp; Intracrystalline grafting on layer silicic acids, Ruiz-Hitzky, E., Rojo, J.M.,&nbsp; <strong>Nature<\/strong> 287, 28-30 (1980)<\/h5>\n<h5>\u2022&nbsp;&nbsp; Inorganic solids in dry media &#8211; an efficient way for developing microwave irradiation activated organic-reactions,&nbsp; Guti\u00e9rrez, E.; Loupy, A.; Bram, G.; Ruiz-Hitzky E., <strong>Tetrah. Lett.<\/strong> 30, 945-948 (1989)<\/h5>\n<h5>\u2022&nbsp;&nbsp; Polymer-salt intercalation complexes in layer silicates, Ruiz-Hitzky, E.; Aranda, P. <strong>Adv. Mater. <\/strong>2, 545-547 (1990)<\/h5>\n<h5>\u2022&nbsp;&nbsp; Hybrid and biohybrid silicate based materials: molecular versus block-assembling bottom-up processes, E. Ruiz-Hitzky, P. Aranda, M. Darder, M. Ogawa, <strong>Chem. Soc. Rev.<\/strong> 40, 801-828 (2011)<\/h5>\n","protected":false},"excerpt":{"rendered":"<p>Short CV_April 2025 Extended CV Eduardo Ruiz-Hitzky, is currently an Ad honorem Research Professor at the Materials Science Institute of Madrid, Consejo Superior de Investigaciones Cient\u00edficas (CSIC, National Research Council of Spain). Graduate in Chemistry at the Universidad Complutense, Madrid in 1970; Docteur \u00e8s Sciences, Universit\u00e9 Catholique de Louvain, (Belgium)&#8230;<\/p>\n<p> <a class=\"continue-reading-link\" href=\"https:\/\/wp.icmm.csic.es\/phbhmg\/members\/permanent-staff\/prof-dr-eduardo-ruiz-hitzky\/\"><span>Continue reading<\/span><i class=\"crycon-right-dir\"><\/i><\/a> <\/p>\n","protected":false},"author":1,"featured_media":0,"parent":53,"menu_order":0,"comment_status":"closed","ping_status":"closed","template":"","meta":{"ngg_post_thumbnail":0,"footnotes":""},"class_list":["post-74","page","type-page","status-publish","hentry"],"_links":{"self":[{"href":"https:\/\/wp.icmm.csic.es\/phbhmg\/wp-json\/wp\/v2\/pages\/74","targetHints":{"allow":["GET"]}}],"collection":[{"href":"https:\/\/wp.icmm.csic.es\/phbhmg\/wp-json\/wp\/v2\/pages"}],"about":[{"href":"https:\/\/wp.icmm.csic.es\/phbhmg\/wp-json\/wp\/v2\/types\/page"}],"author":[{"embeddable":true,"href":"https:\/\/wp.icmm.csic.es\/phbhmg\/wp-json\/wp\/v2\/users\/1"}],"replies":[{"embeddable":true,"href":"https:\/\/wp.icmm.csic.es\/phbhmg\/wp-json\/wp\/v2\/comments?post=74"}],"version-history":[{"count":27,"href":"https:\/\/wp.icmm.csic.es\/phbhmg\/wp-json\/wp\/v2\/pages\/74\/revisions"}],"predecessor-version":[{"id":2358,"href":"https:\/\/wp.icmm.csic.es\/phbhmg\/wp-json\/wp\/v2\/pages\/74\/revisions\/2358"}],"up":[{"embeddable":true,"href":"https:\/\/wp.icmm.csic.es\/phbhmg\/wp-json\/wp\/v2\/pages\/53"}],"wp:attachment":[{"href":"https:\/\/wp.icmm.csic.es\/phbhmg\/wp-json\/wp\/v2\/media?parent=74"}],"curies":[{"name":"wp","href":"https:\/\/api.w.org\/{rel}","templated":true}]}}