{"id":18,"date":"2023-02-15T14:31:48","date_gmt":"2023-02-15T14:31:48","guid":{"rendered":"https:\/\/wp.icmm.csic.es\/quimbioquim-v\/?page_id=18"},"modified":"2023-10-09T10:44:35","modified_gmt":"2023-10-09T10:44:35","slug":"programa","status":"publish","type":"page","link":"https:\/\/wp.icmm.csic.es\/quimbioquim-v\/programa\/","title":{"rendered":"Programa"},"content":{"rendered":"\n<p class=\"has-text-align-center\"><strong>Fecha: 18-20 octubre 2023<\/strong><\/p>\n\n\n\n<p class=\"has-text-align-center\"><strong>Lugar: <a rel=\"noopener\" href=\"https:\/\/www.segoviauned.es\/\" target=\"_blank\">UNED SEGOVIA<\/a>, Plaza de Colmenares, 1, 40001 Segovia<\/strong><\/p>\n\n\n\n<figure class=\"wp-block-image size-large\"><img loading=\"lazy\" decoding=\"async\" width=\"1024\" height=\"576\" src=\"https:\/\/wp.icmm.csic.es\/quimbioquim-v\/wp-content\/uploads\/sites\/62\/2023\/04\/Sede-UNED-segovia-2-1024x576.jpg\" alt=\"Sede Uned\" class=\"wp-image-281\" srcset=\"https:\/\/wp.icmm.csic.es\/quimbioquim-v\/wp-content\/uploads\/sites\/62\/2023\/04\/Sede-UNED-segovia-2-1024x576.jpg 1024w, https:\/\/wp.icmm.csic.es\/quimbioquim-v\/wp-content\/uploads\/sites\/62\/2023\/04\/Sede-UNED-segovia-2-300x169.jpg 300w, https:\/\/wp.icmm.csic.es\/quimbioquim-v\/wp-content\/uploads\/sites\/62\/2023\/04\/Sede-UNED-segovia-2-768x432.jpg 768w, https:\/\/wp.icmm.csic.es\/quimbioquim-v\/wp-content\/uploads\/sites\/62\/2023\/04\/Sede-UNED-segovia-2-1536x864.jpg 1536w, https:\/\/wp.icmm.csic.es\/quimbioquim-v\/wp-content\/uploads\/sites\/62\/2023\/04\/Sede-UNED-segovia-2-150x84.jpg 150w, https:\/\/wp.icmm.csic.es\/quimbioquim-v\/wp-content\/uploads\/sites\/62\/2023\/04\/Sede-UNED-segovia-2.jpg 1600w\" sizes=\"auto, (max-width: 1024px) 100vw, 1024px\" \/><\/figure>\n\n\n\n<p><em>(programa provisional, sujeto a cambios)<\/em><\/p>\n\n\n\n<h2 class=\"wp-block-heading\">Mi\u00e9rcoles 18 de octubre<\/h2>\n\n\n\n<p>15:00 &#8211; 16:00 &#8211; Recogida de documentaci\u00f3n<br>16:00 &#8211; 16:15 &#8211; Inauguraci\u00f3n<br><span style=\"text-decoration: underline\">Sesi\u00f3n 1: Qu\u00edmica m\u00e9dica o farmac\u00e9utica<br><\/span>16:20 &#8211; 17:20 &#8211; Conferencia plenaria<br>Ponente: <strong>Carlos Alemparte, GlaxoSmithKline<\/strong><br>17:20 \u2013 18:00 &#8211; Comunicaciones orales<br>18:00 &#8211; 18:30 &#8211; Pausa-Caf\u00e9<br>18:30 &#8211; 19:30 &#8211; Comunicaciones orales cortas<br>19:30 &#8211; 20:30 &#8211; Sesi\u00f3n de posters<\/p>\n\n\n\n<h2 class=\"wp-block-heading\">Jueves 19 de octubre<\/h2>\n\n\n\n<p><span style=\"text-decoration: underline\">Sesi\u00f3n 2: Nanomateriales en biomedicina<br><\/span>9:00 &#8211; 10:00 &#8211; Comunicaciones orales<br>10:00 &#8211; 11:00 &#8211; Conferencia plenaria<br>Ponente: <strong>Luc\u00eda Guti\u00e9rrez, Universidad de Zaragoza<\/strong><br>11:00 &#8211; 11:40 &#8211; Pausa-Caf\u00e9<br>11:40 &#8211; 13:00 &#8211; Comunicaciones orales cortas<br>13:00 &#8211; 15:00 &#8211; Catering en el patio de la sede de UNED Segovia<br>15:00 &#8211; 16:00 &#8211; Comunicaciones orales<br>16:00 &#8211; 16:40 &#8211; Pausa-Caf\u00e9<br>16:40 &#8211; 17:20 &#8211; Comunicaciones Orales<br>18:00 &#8211; 19:30 &#8211; Visita cultural por Segovia<br>21:00 &#8211; Cena de Gala en Restaurante Asador Maribel<\/p>\n\n\n\n<h2 class=\"wp-block-heading\">Viernes 20 de octubre<\/h2>\n\n\n\n<p><span style=\"text-decoration: underline\">Sesi\u00f3n 3: Biomateriales para medicina regenerativa<br><\/span>9:00 &#8211; 10:00 &#8211; Comunicaciones orales<br>10:00 &#8211; 11:00 &#8211; Conferencia plenaria<br>Ponente:<strong> M. Concepci\u00f3n Serrano L\u00f3pez-Terradas, ICMM-CSIC<\/strong><br>11:00 &#8211; 11:40 &#8211; Pausa-Caf\u00e9<br>11:40 &#8211; 12:20 &#8211; Comunicaciones orales<br>12:30 &#8211; 13:30 &#8211; Acto de Clausura y entrega de premios<\/p>\n","protected":false},"excerpt":{"rendered":"<p>Fecha: 18-20 octubre 2023 Lugar: UNED SEGOVIA, Plaza de Colmenares, 1, 40001 Segovia (programa provisional, sujeto a cambios) Mi\u00e9rcoles 18 de octubre 15:00 &#8211; 16:00 &#8211; Recogida de documentaci\u00f3n16:00 &#8211; 16:15 &#8211; Inauguraci\u00f3nSesi\u00f3n 1: Qu\u00edmica m\u00e9dica o farmac\u00e9utica16:20 &#8211; 17:20 &#8211; Conferencia plenariaPonente: Carlos Alemparte, GlaxoSmithKline17:20 \u2013 18:00 &#8211; Comunicaciones&#8230;<\/p>\n<p> <a class=\"continue-reading-link\" href=\"https:\/\/wp.icmm.csic.es\/quimbioquim-v\/programa\/\"><span>Continue reading<\/span><i class=\"crycon-right-dir\"><\/i><\/a> <\/p>\n","protected":false},"author":110,"featured_media":0,"parent":0,"menu_order":0,"comment_status":"closed","ping_status":"closed","template":"","meta":{"footnotes":""},"class_list":["post-18","page","type-page","status-publish","hentry"],"_links":{"self":[{"href":"https:\/\/wp.icmm.csic.es\/quimbioquim-v\/wp-json\/wp\/v2\/pages\/18","targetHints":{"allow":["GET"]}}],"collection":[{"href":"https:\/\/wp.icmm.csic.es\/quimbioquim-v\/wp-json\/wp\/v2\/pages"}],"about":[{"href":"https:\/\/wp.icmm.csic.es\/quimbioquim-v\/wp-json\/wp\/v2\/types\/page"}],"author":[{"embeddable":true,"href":"https:\/\/wp.icmm.csic.es\/quimbioquim-v\/wp-json\/wp\/v2\/users\/110"}],"replies":[{"embeddable":true,"href":"https:\/\/wp.icmm.csic.es\/quimbioquim-v\/wp-json\/wp\/v2\/comments?post=18"}],"version-history":[{"count":11,"href":"https:\/\/wp.icmm.csic.es\/quimbioquim-v\/wp-json\/wp\/v2\/pages\/18\/revisions"}],"predecessor-version":[{"id":389,"href":"https:\/\/wp.icmm.csic.es\/quimbioquim-v\/wp-json\/wp\/v2\/pages\/18\/revisions\/389"}],"wp:attachment":[{"href":"https:\/\/wp.icmm.csic.es\/quimbioquim-v\/wp-json\/wp\/v2\/media?parent=18"}],"curies":[{"name":"wp","href":"https:\/\/api.w.org\/{rel}","templated":true}]}}

<p class="has-text-align-center"><strong>Fecha: 18-20 octubre 2023</strong></p>



<p class="has-text-align-center"><strong>Lugar: <a rel="noopener" href="https://www.segoviauned.es/" target="_blank">UNED SEGOVIA</a>, Plaza de Colmenares, 1, 40001 Segovia</strong></p>



<figure class="wp-block-image size-large"><img loading="lazy" decoding="async" width="1024" height="576" src="https://wp.icmm.csic.es/quimbioquim-v/wp-content/uploads/sites/62/2023/04/Sede-UNED-segovia-2-1024x576.jpg" alt="Sede Uned" class="wp-image-281" srcset="https://wp.icmm.csic.es/quimbioquim-v/wp-content/uploads/sites/62/2023/04/Sede-UNED-segovia-2-1024x576.jpg 1024w, https://wp.icmm.csic.es/quimbioquim-v/wp-content/uploads/sites/62/2023/04/Sede-UNED-segovia-2-300x169.jpg 300w, https://wp.icmm.csic.es/quimbioquim-v/wp-content/uploads/sites/62/2023/04/Sede-UNED-segovia-2-768x432.jpg 768w, https://wp.icmm.csic.es/quimbioquim-v/wp-content/uploads/sites/62/2023/04/Sede-UNED-segovia-2-1536x864.jpg 1536w, https://wp.icmm.csic.es/quimbioquim-v/wp-content/uploads/sites/62/2023/04/Sede-UNED-segovia-2-150x84.jpg 150w, https://wp.icmm.csic.es/quimbioquim-v/wp-content/uploads/sites/62/2023/04/Sede-UNED-segovia-2.jpg 1600w" sizes="auto, (max-width: 1024px) 100vw, 1024px" /></figure>



<p><em>(programa provisional, sujeto a cambios)</em></p>



<h2 class="wp-block-heading">Miércoles 18 de octubre</h2>



<p>15:00 &#8211; 16:00 &#8211; Recogida de documentación<br>16:00 &#8211; 16:15 &#8211; Inauguración<br><span style="text-decoration: underline">Sesión 1: Química médica o farmacéutica<br></span>16:20 &#8211; 17:20 &#8211; Conferencia plenaria<br>Ponente: <strong>Carlos Alemparte, GlaxoSmithKline</strong><br>17:20 – 18:00 &#8211; Comunicaciones orales<br>18:00 &#8211; 18:30 &#8211; Pausa-Café<br>18:30 &#8211; 19:30 &#8211; Comunicaciones orales cortas<br>19:30 &#8211; 20:30 &#8211; Sesión de posters</p>



<h2 class="wp-block-heading">Jueves 19 de octubre</h2>



<p><span style="text-decoration: underline">Sesión 2: Nanomateriales en biomedicina<br></span>9:00 &#8211; 10:00 &#8211; Comunicaciones orales<br>10:00 &#8211; 11:00 &#8211; Conferencia plenaria<br>Ponente: <strong>Lucía Gutiérrez, Universidad de Zaragoza</strong><br>11:00 &#8211; 11:40 &#8211; Pausa-Café<br>11:40 &#8211; 13:00 &#8211; Comunicaciones orales cortas<br>13:00 &#8211; 15:00 &#8211; Catering en el patio de la sede de UNED Segovia<br>15:00 &#8211; 16:00 &#8211; Comunicaciones orales<br>16:00 &#8211; 16:40 &#8211; Pausa-Café<br>16:40 &#8211; 17:20 &#8211; Comunicaciones Orales<br>18:00 &#8211; 19:30 &#8211; Visita cultural por Segovia<br>21:00 &#8211; Cena de Gala en Restaurante Asador Maribel</p>



<h2 class="wp-block-heading">Viernes 20 de octubre</h2>



<p><span style="text-decoration: underline">Sesión 3: Biomateriales para medicina regenerativa<br></span>9:00 &#8211; 10:00 &#8211; Comunicaciones orales<br>10:00 &#8211; 11:00 &#8211; Conferencia plenaria<br>Ponente:<strong> M. Concepción Serrano López-Terradas, ICMM-CSIC</strong><br>11:00 &#8211; 11:40 &#8211; Pausa-Café<br>11:40 &#8211; 12:20 &#8211; Comunicaciones orales<br>12:30 &#8211; 13:30 &#8211; Acto de Clausura y entrega de premios</p>

<p>Fecha: 18-20 octubre 2023 Lugar: UNED SEGOVIA, Plaza de Colmenares, 1, 40001 Segovia (programa provisional, sujeto a cambios) Miércoles 18 de octubre 15:00 &#8211; 16:00 &#8211; Recogida de documentación16:00 &#8211; 16:15 &#8211; InauguraciónSesión 1: Química médica o farmacéutica16:20 &#8211; 17:20 &#8211; Conferencia plenariaPonente: Carlos Alemparte, GlaxoSmithKline17:20 – 18:00 &#8211; Comunicaciones&#8230;</p>
<p> <a class="continue-reading-link" href="https://wp.icmm.csic.es/quimbioquim-v/programa/"><span>Continue reading</span><i class="crycon-right-dir"></i></a> </p>
