{"id":27,"date":"2023-02-15T14:36:18","date_gmt":"2023-02-15T14:36:18","guid":{"rendered":"https:\/\/wp.icmm.csic.es\/quimbioquim-v\/?page_id=27"},"modified":"2023-10-09T09:55:22","modified_gmt":"2023-10-09T09:55:22","slug":"registro","status":"publish","type":"page","link":"https:\/\/wp.icmm.csic.es\/quimbioquim-v\/registro\/","title":{"rendered":"Inscripci\u00f3n"},"content":{"rendered":"\n<p>Para la participaci\u00f3n se fija como l\u00edmite de edad aproximadamente 40 a\u00f1os. La cuota de inscripci\u00f3n al V QuimBioQuim es de 50 euros e incluye:<\/p>\n\n\n\n<ul class=\"wp-block-list\">\n<li>Asistencia al congreso<\/li>\n\n\n\n<li>Pack de documentaci\u00f3n del congreso.<\/li>\n\n\n\n<li>Catering en el patio de la sede de UNED Segovia<\/li>\n\n\n\n<li>Caf\u00e9s.<\/li>\n\n\n\n<li>Visita cultural por Segovia<\/li>\n\n\n\n<li>Cena de gala jueves 19 de octubre.<\/li>\n<\/ul>\n\n\n\n<p>El congreso se estructurar\u00e1 en tres sesiones centradas en las siguientes tem\u00e1ticas:<\/p>\n\n\n\n<ol class=\"wp-block-list\">\n<li><strong>Qu\u00edmica m\u00e9dica o farmac\u00e9utica.<\/strong>&nbsp;Dise\u00f1o, s\u00edntesis y desarrollo de nuevos compuestos qu\u00edmicos para potencial uso terap\u00e9utico, incluyendo el estudio de f\u00e1rmacos existentes y sus propiedades, as\u00ed como la relaci\u00f3n estructura-actividad biol\u00f3gica.<\/li>\n\n\n\n<li><strong>Nanomateriales en biomedicina<\/strong>. Aplicaci\u00f3n de la nanotecnolog\u00eda al tratamiento y el diagn\u00f3stico de enfermedades, desarrollando nanopart\u00edculas que pueden ser utilizadas como transportadores de f\u00e1rmacos, en tratamientos de hipertermia, para diagn\u00f3stico in vivo, como veh\u00edculos en vacunas y en el desarrollo de biosensores<\/li>\n\n\n\n<li><strong>Biomateriales para medicina regenerativa.<\/strong>&nbsp;\u00c1rea multidisciplinar enfocada al desarrollo de materiales biocompatibles dise\u00f1ados para interactuar con los sistemas biol\u00f3gicos con fines terap\u00e9uticos, como la reparaci\u00f3n del tejido da\u00f1ado y la recuperaci\u00f3n de su funcionalidad.<\/li>\n<\/ol>\n\n\n\n<p>La organizaci\u00f3n contactar\u00e1 con los solicitantes preinscritos para comunicarles la disponibilidad de plaza y el tipo de comunicaci\u00f3n asignada. La inscripci\u00f3n final y el pago se realizar\u00e1 cuando se reciba dicha confirmaci\u00f3n por parte del Comit\u00e9 Organizador.<\/p>\n\n\n\n<p><strong>IMPORTANTE<\/strong><\/p>\n\n\n\n<p>Abierta inscripci\u00f3n para asistencia sin abstract <a href=\"https:\/\/extension.uned.es\/actividad\/32307\" data-type=\"link\" data-id=\"https:\/\/extension.uned.es\/actividad\/32307\"><strong>a trav\u00e9s de este enlace<\/strong><\/a><\/p>\n","protected":false},"excerpt":{"rendered":"<p>Para la participaci\u00f3n se fija como l\u00edmite de edad aproximadamente 40 a\u00f1os. La cuota de inscripci\u00f3n al V QuimBioQuim es de 50 euros e incluye: El congreso se estructurar\u00e1 en tres sesiones centradas en las siguientes tem\u00e1ticas: La organizaci\u00f3n contactar\u00e1 con los solicitantes preinscritos para comunicarles la disponibilidad de plaza&#8230;<\/p>\n<p> <a class=\"continue-reading-link\" href=\"https:\/\/wp.icmm.csic.es\/quimbioquim-v\/registro\/\"><span>Continue reading<\/span><i class=\"crycon-right-dir\"><\/i><\/a> <\/p>\n","protected":false},"author":110,"featured_media":0,"parent":0,"menu_order":0,"comment_status":"closed","ping_status":"closed","template":"","meta":{"footnotes":""},"class_list":["post-27","page","type-page","status-publish","hentry"],"_links":{"self":[{"href":"https:\/\/wp.icmm.csic.es\/quimbioquim-v\/wp-json\/wp\/v2\/pages\/27","targetHints":{"allow":["GET"]}}],"collection":[{"href":"https:\/\/wp.icmm.csic.es\/quimbioquim-v\/wp-json\/wp\/v2\/pages"}],"about":[{"href":"https:\/\/wp.icmm.csic.es\/quimbioquim-v\/wp-json\/wp\/v2\/types\/page"}],"author":[{"embeddable":true,"href":"https:\/\/wp.icmm.csic.es\/quimbioquim-v\/wp-json\/wp\/v2\/users\/110"}],"replies":[{"embeddable":true,"href":"https:\/\/wp.icmm.csic.es\/quimbioquim-v\/wp-json\/wp\/v2\/comments?post=27"}],"version-history":[{"count":23,"href":"https:\/\/wp.icmm.csic.es\/quimbioquim-v\/wp-json\/wp\/v2\/pages\/27\/revisions"}],"predecessor-version":[{"id":384,"href":"https:\/\/wp.icmm.csic.es\/quimbioquim-v\/wp-json\/wp\/v2\/pages\/27\/revisions\/384"}],"wp:attachment":[{"href":"https:\/\/wp.icmm.csic.es\/quimbioquim-v\/wp-json\/wp\/v2\/media?parent=27"}],"curies":[{"name":"wp","href":"https:\/\/api.w.org\/{rel}","templated":true}]}}