{"id":38,"date":"2023-02-15T14:43:36","date_gmt":"2023-02-15T14:43:36","guid":{"rendered":"https:\/\/wp.icmm.csic.es\/quimbioquim-v\/?page_id=38"},"modified":"2023-10-09T13:50:17","modified_gmt":"2023-10-09T13:50:17","slug":"bienvenidos-as-al-v-congreso-de-jovenes-quimicos-y-bioquimicos-terapeuticos","status":"publish","type":"page","link":"https:\/\/wp.icmm.csic.es\/quimbioquim-v\/","title":{"rendered":"V QuimBioQuim"},"content":{"rendered":"<p>Lugar: <strong><a href=\"https:\/\/www.segoviauned.es\/\" target=\"_blank\" rel=\"noopener\">UNED SEGOVIA<\/a>,<\/strong> Plaza de Colmenares, 1, 40001 Segovia<\/p>\n<p>El <strong>V Congreso de J\u00f3venes Qu\u00edmicos y Bioqu\u00edmicos Terap\u00e9uticos (QuimBioQuim)<\/strong> tiene como objetivo incentivar el intercambio y difusi\u00f3n de conocimientos entre estudiantes de m\u00e1ster y doctorado en Ciencias (con perfil qu\u00edmico, bioqu\u00edmico y farmac\u00e9utico), postdoctorales, profesorado y personal investigador de distintas universidades, centros de investigaci\u00f3n y empresas nacionales en este congreso de car\u00e1cter cient\u00edfico-t\u00e9cnico. En esta reuni\u00f3n cient\u00edfica se pretende remarcar el alto grado de multidisciplinaridad de las investigaciones actuales en el \u00e1mbito terap\u00e9utico, con especial relevancia en el uso de nanomateriales. Para la participaci\u00f3n se fija como l\u00edmite de edad aproximadamente 40 a\u00f1os.<br \/>\nEl congreso se estructurar\u00e1 en tres sesiones centradas en las siguientes tem\u00e1ticas:<\/p>\n<ol>\n<li><strong>Qu\u00edmica m\u00e9dica o farmac\u00e9utica.<\/strong> Dise\u00f1o, s\u00edntesis y desarrollo de nuevos compuestos qu\u00edmicos para potencial uso terap\u00e9utico, incluyendo el estudio de f\u00e1rmacos existentes y sus propiedades, as\u00ed como la relaci\u00f3n estructura-actividad biol\u00f3gica.<\/li>\n<li><strong>Nanomateriales en biomedicina<\/strong>. Aplicaci\u00f3n de la nanotecnolog\u00eda al tratamiento y el diagn\u00f3stico de enfermedades, desarrollando nanopart\u00edculas que pueden ser utilizadas como transportadores de f\u00e1rmacos, en tratamientos de hipertermia, para diagn\u00f3stico in vivo, como veh\u00edculos en vacunas y en el desarrollo de biosensores<\/li>\n<li><strong>Biomateriales para medicina regenerativa.<\/strong> \u00c1rea multidisciplinar enfocada al desarrollo de materiales biocompatibles dise\u00f1ados para interactuar con los sistemas biol\u00f3gicos con fines terap\u00e9uticos, como la reparaci\u00f3n del tejido da\u00f1ado y la recuperaci\u00f3n de su funcionalidad.<\/li>\n<\/ol>\n<p>Descarga aqu\u00ed <strong><a href=\"https:\/\/wp.icmm.csic.es\/quimbioquim-v\/wp-content\/uploads\/sites\/62\/2023\/10\/flyer-V-QuimBioQuim_0910.pdf\" target=\"_blank\" rel=\"noopener\">el flyer del evento.\u00a0<\/a><\/strong><\/p>\n","protected":false},"excerpt":{"rendered":"<p>Lugar: UNED SEGOVIA, Plaza de Colmenares, 1, 40001 Segovia El V Congreso de J\u00f3venes Qu\u00edmicos y Bioqu\u00edmicos Terap\u00e9uticos (QuimBioQuim) tiene como objetivo incentivar el intercambio y difusi\u00f3n de conocimientos entre estudiantes de m\u00e1ster y doctorado en Ciencias (con perfil qu\u00edmico, bioqu\u00edmico y farmac\u00e9utico), postdoctorales, profesorado y personal investigador de distintas&#8230;<\/p>\n<p> <a class=\"continue-reading-link\" href=\"https:\/\/wp.icmm.csic.es\/quimbioquim-v\/\"><span>Continue reading<\/span><i class=\"crycon-right-dir\"><\/i><\/a> <\/p>\n","protected":false},"author":110,"featured_media":0,"parent":0,"menu_order":0,"comment_status":"closed","ping_status":"closed","template":"","meta":{"footnotes":""},"class_list":["post-38","page","type-page","status-publish","hentry"],"_links":{"self":[{"href":"https:\/\/wp.icmm.csic.es\/quimbioquim-v\/wp-json\/wp\/v2\/pages\/38","targetHints":{"allow":["GET"]}}],"collection":[{"href":"https:\/\/wp.icmm.csic.es\/quimbioquim-v\/wp-json\/wp\/v2\/pages"}],"about":[{"href":"https:\/\/wp.icmm.csic.es\/quimbioquim-v\/wp-json\/wp\/v2\/types\/page"}],"author":[{"embeddable":true,"href":"https:\/\/wp.icmm.csic.es\/quimbioquim-v\/wp-json\/wp\/v2\/users\/110"}],"replies":[{"embeddable":true,"href":"https:\/\/wp.icmm.csic.es\/quimbioquim-v\/wp-json\/wp\/v2\/comments?post=38"}],"version-history":[{"count":23,"href":"https:\/\/wp.icmm.csic.es\/quimbioquim-v\/wp-json\/wp\/v2\/pages\/38\/revisions"}],"predecessor-version":[{"id":397,"href":"https:\/\/wp.icmm.csic.es\/quimbioquim-v\/wp-json\/wp\/v2\/pages\/38\/revisions\/397"}],"wp:attachment":[{"href":"https:\/\/wp.icmm.csic.es\/quimbioquim-v\/wp-json\/wp\/v2\/media?parent=38"}],"curies":[{"name":"wp","href":"https:\/\/api.w.org\/{rel}","templated":true}]}}