{"id":129,"date":"2018-01-31T11:14:05","date_gmt":"2018-01-31T11:14:05","guid":{"rendered":"http:\/\/www.icmm.csic.es\/realm\/?page_id=129"},"modified":"2024-02-23T13:02:58","modified_gmt":"2024-02-23T13:02:58","slug":"projects","status":"publish","type":"page","link":"https:\/\/wp.icmm.csic.es\/realm\/projects\/","title":{"rendered":"Projects"},"content":{"rendered":"<ul>\n<li>\u00ab<strong>Non-conventional solutions on luminescence-based high temperature thermometry for applications of industrial interest (IMPETUSS)<\/strong>\/Soluciones no convencionales en termometr\u00eda de alta temperatura basada en luminiscencia para aplicaciones de inter\u00e9s industrial.<br \/>\nFUNDING BY: <strong>MICIN\/AEI\/10.13039\/501100011033 and by \u2018ERDF A way of making Europe<\/strong>\u2019.\u00a0 CODE: PID2021-128090OB-C21. Project leader &amp; Coordinator: Concepci\u00f3n Cascales Sedano, ICMM-CSIC. 01\/09\/2022- 31\/08\/2025.<\/li>\n<li><strong>\u00abValorisation of CaNbGa garnets as thin disk elements in high-power, high-rate, ultrashort pulsed laser oscillators (THINLAS<\/strong>)\/Valorizacion de granates CaNbGa como elementos de laser de disco en osciladores laser de alta potencia, alta repeticion y pulsos ultracortos\u00bb\/<br \/>\nFUNDING BY: <strong>MICIN\/AEI\/10.13039\/501100011033 and by the European Union NextGenerationEU\/PRTR<\/strong>. CODE: PDC2022-133326-I00. Project leader: Concepci\u00f3n Cascales Sedano.\u00a0 Dec 2022-Dec 2024.<\/li>\n<li>\u00abV\u00edas alternativas de excitaci\u00f3n luminiscente y procesado para la optimizaci\u00f3n del brillo y estabilidad de nanosondas infrarrojas con aplicaciones biofot\u00f3nicas\/<strong>Alternative luminescent excitation and material processing paths for brightness and stability optimization of near infrared nanoprobes with biophotonic applications (NIREXEM)<\/strong>.\u00bb Entidad financiadora: Ministerio de Ciencia, Innovaci\u00f3n y Universidades, Espa\u00f1a- UE FEDER. Ref.: RTI2018-094859. PI: Concepci\u00f3n Cascales Sedano, ICMM-CSIC.\u00a0 2019-2021. The project includes economic support of a predoctoral position.<\/li>\n<li><strong>\u00abDesarrollo de l\u00e1seres de pulsos ultracortos con prestaciones avanzadas y\u00a0 bajo coste para su aplicaci\u00f3n en la nueva industria (ULTRALASER)\u00bb<\/strong>. Entidad financiadora: MINECO\/Fondos FEDER. Ref.: RTC-2015-3631-5. Empresa l\u00edder: JEANOLOGIA, S.L. (Ram\u00f3n Sans), PI CSIC: Carlos Zaldo Luezas, ICMM-CSIC. Duraci\u00f3n: 2015-2018.<\/li>\n<li>\u00ab<strong>Alternative image\u00a0technologies based on NLO micro\/nanomaterials and femtosecond laser excitation<\/strong>.\u00bb Entidad financiadora: MINECO\/Fondos FEDER. Ref.: MAT2014-56607-R. PI: Concepci\u00f3n Cascales Sedano, ICMM-CSIC. Duraci\u00f3n: 2015-2017.<\/li>\n<li><span style=\"font-size: 1rem\"><strong>\u201cNew infrared ultrafast and high power\u00a0lasers. Developments in materials, cavities and luminescent nanoprobes\u201d<\/strong>. Entidad finaciadora: MINECO\/Fondos FEDER, Ref.:MAT2011-29255-C02-01. PI: Concepci\u00f3n Cascales Sedano, ICMM-CSIC.\u00a0 Duraci\u00f3n: 2012- 2014.<\/span><\/li>\n<li><strong>\u00abDesarrollo de un l\u00e1ser de Femtosegundos low cost para la industria\u00a0(FEMTOLASER)\u00bb<\/strong>.\u00a0Entidad financiadora: Ministerio de Econom\u00eda y Competitividad. Ref.: INNPACTO IPT-2011-1121-020000. PI:\u00a0Carlos Zaldo Luezas (Coordinador de los grupos del CSIC).\u00a0Duraci\u00f3n 2011-2015.<\/li>\n<li><strong>\u201cDevelopment of Er-doped Double Tungstate single crystals for resonantly-pumped eye-safe cryo-cooled laser\u201d<\/strong>. Entidad financiadora: US ARMY RDECOM ACQ CTR, Ref.:W911NF-10-1-0234<strong>. <\/strong>PI: M\u00aa Dolores Serrano Hern\u00e1ndez, ICMM-CSIC. Duraci\u00f3n: 2010 -2011.<\/li>\n<li>\n<p style=\"text-align: left\"><strong>\u201cComposites and photonic systems for the generation\u00a0and conversion of coherent light. Micro and nanofabrication\u201d<\/strong>.\u00a0 Entidad financiadora: MICINN. Ref.:MAT2008-06729-C02-01\/NAN. PI: Concepci\u00f3n Cascales Sedano, ICMM-CSIC. Duraci\u00f3n: 2009-2011.<\/p>\n<\/li>\n<\/ul>\n","protected":false},"excerpt":{"rendered":"<p>\u00abNon-conventional solutions on luminescence-based high temperature thermometry for applications of industrial interest (IMPETUSS)\/Soluciones no convencionales en termometr\u00eda de alta temperatura basada en luminiscencia para aplicaciones de inter\u00e9s industrial. FUNDING BY: MICIN\/AEI\/10.13039\/501100011033 and by \u2018ERDF A way of making Europe\u2019.\u00a0 CODE: PID2021-128090OB-C21. Project leader &amp; Coordinator: Concepci\u00f3n Cascales Sedano, ICMM-CSIC. 01\/09\/2022- 31\/08\/2025. \u00abValorisation of CaNbGa garnets &hellip; <\/p>\n<p class=\"link-more\"><a href=\"https:\/\/wp.icmm.csic.es\/realm\/projects\/\" class=\"more-link\">Continuar leyendo<span class=\"screen-reader-text\"> \u00abProjects\u00bb<\/span><\/a><\/p>\n","protected":false},"author":51,"featured_media":0,"parent":0,"menu_order":0,"comment_status":"closed","ping_status":"closed","template":"","meta":{"footnotes":""},"class_list":["post-129","page","type-page","status-publish","hentry"],"_links":{"self":[{"href":"https:\/\/wp.icmm.csic.es\/realm\/wp-json\/wp\/v2\/pages\/129","targetHints":{"allow":["GET"]}}],"collection":[{"href":"https:\/\/wp.icmm.csic.es\/realm\/wp-json\/wp\/v2\/pages"}],"about":[{"href":"https:\/\/wp.icmm.csic.es\/realm\/wp-json\/wp\/v2\/types\/page"}],"author":[{"embeddable":true,"href":"https:\/\/wp.icmm.csic.es\/realm\/wp-json\/wp\/v2\/users\/51"}],"replies":[{"embeddable":true,"href":"https:\/\/wp.icmm.csic.es\/realm\/wp-json\/wp\/v2\/comments?post=129"}],"version-history":[{"count":4,"href":"https:\/\/wp.icmm.csic.es\/realm\/wp-json\/wp\/v2\/pages\/129\/revisions"}],"predecessor-version":[{"id":566,"href":"https:\/\/wp.icmm.csic.es\/realm\/wp-json\/wp\/v2\/pages\/129\/revisions\/566"}],"wp:attachment":[{"href":"https:\/\/wp.icmm.csic.es\/realm\/wp-json\/wp\/v2\/media?parent=129"}],"curies":[{"name":"wp","href":"https:\/\/api.w.org\/{rel}","templated":true}]}}