{"id":66,"date":"2018-01-23T18:32:49","date_gmt":"2018-01-23T18:32:49","guid":{"rendered":"http:\/\/www.icmm.csic.es\/realm\/?page_id=66"},"modified":"2018-01-23T18:32:49","modified_gmt":"2018-01-23T18:32:49","slug":"publications","status":"publish","type":"page","link":"https:\/\/wp.icmm.csic.es\/realm\/crystal-growth-laboratory\/publications\/","title":{"rendered":"Publications Crystal Growth"},"content":{"rendered":"<p><strong>Design of the Yb<sup>3+<\/sup> optical bandwidth by crystallographic modification of disordered Calcium Niobium Gallium garnets<\/strong>\u00a0M. D. Serrano, J. O. \u00c1lvarez, C. Zaldo, J. Sanz, I. Sobrados, J. A. Alonso, C. Cascales, M. T. Fern\u00e1ndez-D\u00edaz, A. Jezowski. Journal Materials Chemistry C vol 5, pgs 11481-11495, 2017.\u00a0\u00a0<a href=\"https:\/\/doi.org\/10.1039\/c7tc02760e\">https:\/\/doi.org\/10.1039\/c7tc02760e<\/a><\/p>\n<p><strong>Na modification of lanthanide doped Ca<sub>3<\/sub>Nb<sub>1.5<\/sub>Ga<sub>3.5<\/sub>O<sub>12<\/sub>-type laser garnets: Czochralski crystal growth and characterization<\/strong>\u00a0E. Castellano-Hern\u00e1ndez, M.D. Serrano, R. J.\u00a0 Jim\u00e9nez Riob\u00f3o, C. Cascales, C.\u00a0 Zaldo, A. Jezowski, P. A. Loiko, Crystal Growth &amp; Design 16, 1480-1491, 2016. <a href=\"https:\/\/doi.org\/10.1021\/acs.cgd.5b01607\">https:\/\/doi.org\/10.1021\/acs.cgd.5b01607<\/a><\/p>\n<p><strong>Crystal growth and physical characterization of monoclinic Li<sub>3<\/sub>Lu<sub>3<\/sub>Ba<sub>2<\/sub>(MoO<sub>4<\/sub>)<sub>8 <\/sub>. A spectrally broadened disordered crystal for ultrafast mode-locked lasers<\/strong>. X. Han, R. Calder\u00f3n-Villajos, F. Esteban-Beteg\u00f3n, C. Cascales, C. Zaldo, A. Jezowski and P. Stachowiak. Crystal Growth and Design vol. 12,\u00a0 pg. 3878-3887, 2012. <a href=\"https:\/\/dx.doi.org\/10.1021\/cg300105g\">https:\/\/dx.doi.org\/10.1021\/cg300105g<\/a><\/p>\n<p><strong>Epitaxial growth of NaGd<sub>0.935<\/sub>Yb<sub>0.065<\/sub>(WO<sub>4<\/sub>)<sub>2<\/sub> layers on lattice matched tetragonal double tungstate substrates for ultrafast thin disk lasers<\/strong>\u00a0J. M. Cano-Torres, X. Han, F. Esteban-Beteg\u00f3n, A. Ruiz, M. D. Serrano, C. Cascales and C. Zaldo. Crystal Growth &amp; Design vol 11, pg. 1807-1813, 2011. <a href=\"https:\/\/dx.doi.org\/10.1021\/cg101728u\">https:\/\/dx.doi.org\/10.1021\/cg101728u<\/a><\/p>\n<p><strong>Double tungstate and molybdate crystals for laser and nonlinear optical applications<\/strong>\u00a0E. V. Zharikov, C. Zaldo and F. D\u00edaz. Materials Research Society Bulletin vol 34 (April), pg. 271-276, 2009.<\/p>\n<p><strong>Growth, structural and spectroscopic properties of Yb<sup>3+<\/sup>-doped Li<sub>0.75<\/sub>Gd<sub>0.75<\/sub>Ba<sub>0.5<\/sub>(MoO<sub>4<\/sub>)<sub>2<\/sub> crystals<\/strong>\u201d A. Garc\u00eda-Cort\u00e9s, C. Cascales, C. Zaldo. Materials Science and Engineering B vol. 146, pg. 89-94, 2008. <a href=\"https:\/\/doi.org\/10.1016\/j.mseb.2007.07.049\">https.\/\/doi.org\/ 10.1016\/j.mseb.2007.07.049<\/a><\/p>\n<p><strong>Structural and Thermal Properties of Tetragonal Double Tungstate Crystals Intended for Ytterbium Laser Composites<\/strong> X. Han, A. Garc\u00eda-Cort\u00e9s, M. D. Serrano, C. Zaldo and C. Cascales. Chemistry of Materials, vol 19, pg. 3002-3010, 2007. <a href=\"https:\/\/doi.org\/10.1021\/cm070237v\">https:\/\/doi.org\/10.1021\/cm070237v<\/a><\/p>\n<p><strong>Correlation between polymorphism and optical bandwidths in AgNd(WO<sub>4<\/sub>)<sub>2<\/sub><\/strong>\u00a0C. Col\u00f3n, A. Alonso-Medina, F. Fern\u00e1ndez, R. Sa\u00e9z-Puche, V. Volkov, C. Cascales and C. Zaldo. Chemistry of Materials vol 17, pg. 6635-6643, 2005. <a href=\"https:\/\/doi.org\/10.1021\/cm051789l\">https:\/\/doi.org\/10.1021\/cm051789l<\/a><\/p>\n<p><strong>The optical spectroscopy of lanthanides R<sup>3+<\/sup> in ABi(XO<sub>4<\/sub>)<sub>2<\/sub> (A=Li, Na; X=Mo,W) and LiYb(MoO<sub>4<\/sub>)<sub>2<\/sub> multifunctional single crystals: Relationship with the structural local disorder.<\/strong> C. Cascales, A. M\u00e9ndez-Blas, M. Rico, V. Volkov and C. Zaldo. Optical\u00a0 Materials vol 27, pg. 1672-1680, 2005. <a href=\"https:\/\/doi.org\/10.1016\/j.optmat.2004.11.051\">https:\/\/doi.org\/10.1016\/j.optmat.2004.11.051<\/a><\/p>\n<p><strong>Growth and spectroscopic investigation of ytterbium doped NaLa(WO<sub>4<\/sub>)<sub>2<\/sub> single crystals<\/strong>\u00a0M. D. Serrano, F. Esteban-Beteg\u00f3n and C. Zaldo. Journal of Crystal Growth, vol 275, pag e819-e825, 2005. <a href=\"https:\/\/doi.org\/10.1016\/j.jcrysgro.2004.11.119\">https:\/\/doi.org\/10.1016\/j.jcrysgro.2004.11.119<\/a><\/p>\n<p><strong>Growth and continuous-wave laser operation of disordered crystals of Yb<sup>3+<\/sup>:NaLa(WO<sub>4<\/sub>)<sub>2<\/sub> and Yb<sup>3+<\/sup>:NaLa(MoO<sub>4<\/sub>)<sub>2<\/sub><\/strong>\u00a0J. Liu, J. M. Cano-Torres, C. Cascales, F. Esteban-Beteg\u00f3n, M. D. Serrano, V. Volkov, C. Zaldo, M. Rico, U. Griebner, and V. Petrov. Physica Status Solidi (a) Rapid Reseach Letters\u00a0 vol 202, N\u00ba4, pag R29-R31, 2005. <a href=\"https:\/\/doi.org\/10.1002\/pssa.200510001\">https:\/\/doi.org\/10.1002\/pssa.200510001<\/a><\/p>\n<p><strong>Growth, structure and evaluation of laser properties of LiYb(MoO<sub>4<\/sub>)<sub>2<\/sub> single crystals<\/strong>\u00a0 V. Volkov, C. Cascales, C. Zaldo and A. Kling. Chemistry of Materials vol 17, pag 291-300, 2005. <a href=\"https:\/\/doi.org\/10.1021\/cm049095k\">https:\/\/doi.org\/10.1021\/cm049095k<\/a><\/p>\n<p><strong>Preparation and properties of disordered NaBi(XO<sub>4<\/sub>)<sub>2<\/sub>, X= W or Mo, crystals doped with rare earth<\/strong>\u00a0V. Volkov, M. Rico, A. M\u00e9ndez-Blas and C. Zaldo. Journal of Physics and Chemistry of Solids vol. 63, 95-105, 2002.<\/p>\n<p><strong>Czochralski pulling of scheelite-type NaBi(WO<sub>4<\/sub>)<sub>2<\/sub> single crystals<\/strong> V. Volkov and C. Zaldo. Journal of\u00a0 Crystal Growth, 206, 60-64, 1999.<\/p>\n","protected":false},"excerpt":{"rendered":"<p>Design of the Yb3+ optical bandwidth by crystallographic modification of disordered Calcium Niobium Gallium garnets\u00a0M. D. Serrano, J. O. \u00c1lvarez, C. Zaldo, J. Sanz, I. Sobrados, J. A. Alonso, C. Cascales, M. T. Fern\u00e1ndez-D\u00edaz, A. Jezowski. Journal Materials Chemistry C vol 5, pgs 11481-11495, 2017.\u00a0\u00a0https:\/\/doi.org\/10.1039\/c7tc02760e Na modification of lanthanide doped Ca3Nb1.5Ga3.5O12-type laser garnets: Czochralski crystal &hellip; <\/p>\n<p class=\"link-more\"><a href=\"https:\/\/wp.icmm.csic.es\/realm\/crystal-growth-laboratory\/publications\/\" class=\"more-link\">Continuar leyendo<span class=\"screen-reader-text\"> \u00abPublications Crystal Growth\u00bb<\/span><\/a><\/p>\n","protected":false},"author":51,"featured_media":0,"parent":44,"menu_order":1,"comment_status":"closed","ping_status":"closed","template":"","meta":{"footnotes":""},"class_list":["post-66","page","type-page","status-publish","hentry"],"_links":{"self":[{"href":"https:\/\/wp.icmm.csic.es\/realm\/wp-json\/wp\/v2\/pages\/66","targetHints":{"allow":["GET"]}}],"collection":[{"href":"https:\/\/wp.icmm.csic.es\/realm\/wp-json\/wp\/v2\/pages"}],"about":[{"href":"https:\/\/wp.icmm.csic.es\/realm\/wp-json\/wp\/v2\/types\/page"}],"author":[{"embeddable":true,"href":"https:\/\/wp.icmm.csic.es\/realm\/wp-json\/wp\/v2\/users\/51"}],"replies":[{"embeddable":true,"href":"https:\/\/wp.icmm.csic.es\/realm\/wp-json\/wp\/v2\/comments?post=66"}],"version-history":[{"count":0,"href":"https:\/\/wp.icmm.csic.es\/realm\/wp-json\/wp\/v2\/pages\/66\/revisions"}],"up":[{"embeddable":true,"href":"https:\/\/wp.icmm.csic.es\/realm\/wp-json\/wp\/v2\/pages\/44"}],"wp:attachment":[{"href":"https:\/\/wp.icmm.csic.es\/realm\/wp-json\/wp\/v2\/media?parent=66"}],"curies":[{"name":"wp","href":"https:\/\/api.w.org\/{rel}","templated":true}]}}