{"id":1009,"date":"2014-01-19T09:38:01","date_gmt":"2014-01-19T08:38:01","guid":{"rendered":"http:\/\/www3.icmm.csic.es\/superconductividad\/?page_id=1009"},"modified":"2018-02-26T12:09:24","modified_gmt":"2018-02-26T12:09:24","slug":"orden-magnetico","status":"publish","type":"page","link":"https:\/\/wp.icmm.csic.es\/superconductividad\/fisica-cuantica-y-transiciones\/fisica-cuantica\/orden-magnetico\/","title":{"rendered":"Orden magn\u00e9tico"},"content":{"rendered":"<p>Los electrones presentan un momento magn\u00e9tico intr\u00ednseco, el esp\u00edn o spin, como se llama en ingl\u00e9s. Este momento magn\u00e9tico se alinea si est\u00e1 en presencia de un campo magn\u00e9tico. Pero tambi\u00e9n es posible que, debido a las interacciones entre los electrones, se produzca una <a title=\"Temperatura y Transici\u00f3n de Fase\" href=\"https:\/\/wp.icmm.csic.es\/superconductividad\/?page_id=69\">transici\u00f3n de fase <\/a>a un estado magn\u00e9tico en el que los espines de los diferentes electrones se ordenan. Existen diferentes estados magn\u00e9ticos dependiendo del patr\u00f3n seg\u00fan el cual se ordenen los espines. Los m\u00e1s habituales son el orden ferromagn\u00e9tico y el orden antiferromagn\u00e9tico.<\/p>\n<figure id=\"attachment_1137\" aria-describedby=\"caption-attachment-1137\" style=\"width: 179px\" class=\"wp-caption aligncenter\"><a href=\"https:\/\/wp.icmm.csic.es\/superconductividad\/wp-content\/uploads\/sites\/17\/2014\/01\/AFyFM.jpg\"><img loading=\"lazy\" decoding=\"async\" class=\"size-full wp-image-1137 \" title=\"AFyFM\" src=\"https:\/\/wp.icmm.csic.es\/superconductividad\/wp-content\/uploads\/sites\/17\/2014\/01\/AFyFM.jpg\" alt=\"\" width=\"179\" height=\"132\" \/><\/a><figcaption id=\"caption-attachment-1137\" class=\"wp-caption-text\">Izquierda: orden antiferromagn\u00e9tico. Derecha: orden ferromagn\u00e9tico.<\/figcaption><\/figure>\n<p>Decimos que hay orden ferromagn\u00e9tico si todos los espines apuntan en la misma direcci\u00f3n. El sistema presenta un momento magn\u00e9tico total neto. Este tipo de orden magn\u00e9tico es el que existe en los imanes como el hierro y el responsable de sus propiedades. La temperatura a la que se produce <a title=\"Temperatura y Transici\u00f3n de Fase\" href=\"https:\/\/wp.icmm.csic.es\/superconductividad\/?page_id=69\">la transici\u00f3n de fase<\/a> a un estado ferromagn\u00e9tico se llama temperatura de Curie.<\/p>\n<p>El orden antiferromagn\u00e9tico se caracteriza por la ausencia de un momento magn\u00e9tico neto. Los espines de unos electrones apuntan en direcci\u00f3n opuesta a otros, siguiendo un patr\u00f3n peri\u00f3dico. Hay muchos posibles \u00f3rdenes antiferromagn\u00e9ticos en funci\u00f3n del patr\u00f3n con el que se ordenen los electrones. La temperatura a la que aparece el antiferromagnetismo v\u00eda una <a title=\"Temperatura y Transici\u00f3n de Fase\" href=\"https:\/\/wp.icmm.csic.es\/superconductividad\/?page_id=69\">transici\u00f3n de fase<\/a> se llama temperatura de Neel. El orden m\u00e1s frecuente, en ocasiones llamado de Neel, se caracteriza por orden antiferromagn\u00e9tico (espines apuntan en direcciones opuestas) entre los electrones m\u00e1s cercanos, llamados primeros vecinos.<\/p>\n<p>En muchos superconductores, la superconductividad aparece al suprimir una fase magn\u00e9tica, muy frecuentemente antiferromagn\u00e9tica, al aplicar presi\u00f3n o cambiar ligeramente la composici\u00f3n qu\u00edmica. Se cree que hay una relaci\u00f3n entre las interacciones que dan lugar al magnetismo y la aparici\u00f3n de la superconductividad en muchos <a title=\"Superconductores No Convencionales\" href=\"https:\/\/wp.icmm.csic.es\/superconductividad\/?page_id=460\">superconductores no-convencionales<\/a>. El orden antiferromagn\u00e9tico a primeros vecinos aparece en los planos de cobre-ox\u00edgeno en los <a title=\"Cupratos\" href=\"https:\/\/wp.icmm.csic.es\/superconductividad\/?page_id=932\">cupratos<\/a>. En <a title=\"Superconductores de hierro\" href=\"https:\/\/wp.icmm.csic.es\/superconductividad\/?page_id=935\">los superconductores de hierro<\/a> tambi\u00e9n se encuentran estados antiferromagn\u00e9ticos pero el orden es diferente. Los estados antiferromagn\u00e9ticos son tambi\u00e9n frecuentes en otros <a title=\"Otros superconductores no-convencionales\" href=\"https:\/\/wp.icmm.csic.es\/superconductividad\/?page_id=937\">superconductores no-convencionales como los fermiones pesados<\/a>. La aparici\u00f3n de orden ferromagn\u00e9tico en materiales superconductores es menos frecuente, pero existen algunos materiales como el UGe<sub>2<\/sub> en los que esto ocurre.<\/p>\n","protected":false},"excerpt":{"rendered":"<p>Los electrones presentan un momento magn\u00e9tico intr\u00ednseco, el esp\u00edn o spin, como se llama en ingl\u00e9s. Este momento magn\u00e9tico se alinea si est\u00e1 en presencia de un campo magn\u00e9tico. Pero tambi\u00e9n es posible que, debido a las interacciones entre los electrones, se produzca una transici\u00f3n de fase a un estado magn\u00e9tico en el que los &hellip; <\/p>\n<p class=\"link-more\"><a href=\"https:\/\/wp.icmm.csic.es\/superconductividad\/fisica-cuantica-y-transiciones\/fisica-cuantica\/orden-magnetico\/\" class=\"more-link\">Continuar leyendo<span class=\"screen-reader-text\"> \u00abOrden magn\u00e9tico\u00bb<\/span><\/a><\/p>\n","protected":false},"author":1,"featured_media":0,"parent":436,"menu_order":0,"comment_status":"closed","ping_status":"closed","template":"","meta":{"ngg_post_thumbnail":0,"footnotes":""},"class_list":["post-1009","page","type-page","status-publish","hentry"],"_links":{"self":[{"href":"https:\/\/wp.icmm.csic.es\/superconductividad\/wp-json\/wp\/v2\/pages\/1009","targetHints":{"allow":["GET"]}}],"collection":[{"href":"https:\/\/wp.icmm.csic.es\/superconductividad\/wp-json\/wp\/v2\/pages"}],"about":[{"href":"https:\/\/wp.icmm.csic.es\/superconductividad\/wp-json\/wp\/v2\/types\/page"}],"author":[{"embeddable":true,"href":"https:\/\/wp.icmm.csic.es\/superconductividad\/wp-json\/wp\/v2\/users\/1"}],"replies":[{"embeddable":true,"href":"https:\/\/wp.icmm.csic.es\/superconductividad\/wp-json\/wp\/v2\/comments?post=1009"}],"version-history":[{"count":2,"href":"https:\/\/wp.icmm.csic.es\/superconductividad\/wp-json\/wp\/v2\/pages\/1009\/revisions"}],"predecessor-version":[{"id":1595,"href":"https:\/\/wp.icmm.csic.es\/superconductividad\/wp-json\/wp\/v2\/pages\/1009\/revisions\/1595"}],"up":[{"embeddable":true,"href":"https:\/\/wp.icmm.csic.es\/superconductividad\/wp-json\/wp\/v2\/pages\/436"}],"wp:attachment":[{"href":"https:\/\/wp.icmm.csic.es\/superconductividad\/wp-json\/wp\/v2\/media?parent=1009"}],"curies":[{"name":"wp","href":"https:\/\/api.w.org\/{rel}","templated":true}]}}