{"id":1098,"date":"2014-01-28T12:43:31","date_gmt":"2014-01-28T11:43:31","guid":{"rendered":"http:\/\/www3.icmm.csic.es\/superconductividad\/?page_id=1098"},"modified":"2018-02-26T12:17:06","modified_gmt":"2018-02-26T12:17:06","slug":"cursos-y-conferencias","status":"publish","type":"page","link":"https:\/\/wp.icmm.csic.es\/superconductividad\/quienes-somos\/investigacion\/cursos-y-conferencias\/","title":{"rendered":"Cursos y Conferencias"},"content":{"rendered":"<p><strong>Cursos de Postgrado- CSIC:<\/strong><\/p>\n<p>&#8211; Coordinamos e impartimos, junto a Ram\u00f3n Aguado, el curso: <a href=\"https:\/\/wp.icmm.csic.es\/emergence\">Emergence of Quantum Phases in Novel Materials<\/a>, en el ICMM-CSIC, que tendr\u00e1 car\u00e1cter anual a partir de 2013.<\/p>\n<p>&#8211; Participamos en el curso: <a href=\"http:\/\/www.icmm.csic.es\/eng\/training\/fronteras-en-ciencia-de-materiales\/programa-curso-fronteras-ciencia-materiales.pdf\">Fronteras en Ciencias de Materiales<\/a>, que se celebra desde 2011 anualmente en el ICMM-CSIC, en el que impartimos varias charlas sobre superconductividad y <a title=\"Sistemas de electrones fuertemente correlacionados\" href=\"https:\/\/wp.icmm.csic.es\/superconductividad\/?page_id=756\">sistemas de electrones fuertemente correlacionados<\/a>.<\/p>\n<p>&nbsp;<\/p>\n<p><strong>Participaci\u00f3n en la organizaci\u00f3n de Conferencias Internacionales sobre Superconductividad y Sistemas de Electrones Correlacionados.<\/strong><\/p>\n<p>&#8211; Organizamos, junto a F. Rullier-Albenque, Y. Gallais y L. de Medici el simposio: <a href=\"http:\/\/cmd25jmc14.sciencesconf.org\/conference\/cmd25jmc14\/pages\/JMC2014_minicol09.pdf\">Iron-based superconductors<\/a>\u00a0 que tendr\u00e1 lugar en Paris del 24-29 agosto 2014 durante la conferencia europea <a href=\"http:\/\/cmd25jmc14.sciencesconf.org\/\">Condensed Matter in Paris<\/a>.<\/p>\n<p>&#8211; Junto a Andr\u00e9s Santander-Syro, organizamos el <a href=\"http:\/\/www.icmm.csic.es\/ngsces2010\/\">1st international workshop The New Generation in Strongly Correlated Electron Systems<\/a> en Junio de 2010 en Lanzarote. Con este workshop inauguramos una <a href=\"http:\/\/www.ngsces.org\/conferences\/\">nueva serie de conferencias<\/a> que pretende fomentar la colaboraci\u00f3n entre investigadores emergentes en el campo de los materiales correlacionados y la superconductividad no convencional.<\/p>\n<p>&#8211; Junto a Andrey Chubukov e Ilya Eremin, organizamos el workshop <a href=\"http:\/\/www.mpipks-dresden.mpg.de\/~equam10\/\">Emergent Quantum States in Complex Correlated Matter<\/a>, que tuvo lugar del 23-27 de agosto 2010 en Dresden (Alemania).<\/p>\n<p>&nbsp;<\/p>\n<p>&nbsp;<\/p>\n","protected":false},"excerpt":{"rendered":"<p>Cursos de Postgrado- CSIC: &#8211; Coordinamos e impartimos, junto a Ram\u00f3n Aguado, el curso: Emergence of Quantum Phases in Novel Materials, en el ICMM-CSIC, que tendr\u00e1 car\u00e1cter anual a partir de 2013. &#8211; Participamos en el curso: Fronteras en Ciencias de Materiales, que se celebra desde 2011 anualmente en el ICMM-CSIC, en el que impartimos &hellip; <\/p>\n<p class=\"link-more\"><a href=\"https:\/\/wp.icmm.csic.es\/superconductividad\/quienes-somos\/investigacion\/cursos-y-conferencias\/\" class=\"more-link\">Continuar leyendo<span class=\"screen-reader-text\"> \u00abCursos y Conferencias\u00bb<\/span><\/a><\/p>\n","protected":false},"author":1,"featured_media":0,"parent":490,"menu_order":1,"comment_status":"closed","ping_status":"closed","template":"","meta":{"ngg_post_thumbnail":0,"footnotes":""},"class_list":["post-1098","page","type-page","status-publish","hentry"],"_links":{"self":[{"href":"https:\/\/wp.icmm.csic.es\/superconductividad\/wp-json\/wp\/v2\/pages\/1098","targetHints":{"allow":["GET"]}}],"collection":[{"href":"https:\/\/wp.icmm.csic.es\/superconductividad\/wp-json\/wp\/v2\/pages"}],"about":[{"href":"https:\/\/wp.icmm.csic.es\/superconductividad\/wp-json\/wp\/v2\/types\/page"}],"author":[{"embeddable":true,"href":"https:\/\/wp.icmm.csic.es\/superconductividad\/wp-json\/wp\/v2\/users\/1"}],"replies":[{"embeddable":true,"href":"https:\/\/wp.icmm.csic.es\/superconductividad\/wp-json\/wp\/v2\/comments?post=1098"}],"version-history":[{"count":2,"href":"https:\/\/wp.icmm.csic.es\/superconductividad\/wp-json\/wp\/v2\/pages\/1098\/revisions"}],"predecessor-version":[{"id":1606,"href":"https:\/\/wp.icmm.csic.es\/superconductividad\/wp-json\/wp\/v2\/pages\/1098\/revisions\/1606"}],"up":[{"embeddable":true,"href":"https:\/\/wp.icmm.csic.es\/superconductividad\/wp-json\/wp\/v2\/pages\/490"}],"wp:attachment":[{"href":"https:\/\/wp.icmm.csic.es\/superconductividad\/wp-json\/wp\/v2\/media?parent=1098"}],"curies":[{"name":"wp","href":"https:\/\/api.w.org\/{rel}","templated":true}]}}