{"id":1359,"date":"2015-03-26T12:47:58","date_gmt":"2015-03-26T11:47:58","guid":{"rendered":"http:\/\/www3.icmm.csic.es\/superconductividad\/?page_id=1359"},"modified":"2018-02-26T12:19:53","modified_gmt":"2018-02-26T12:19:53","slug":"levitating-doodle","status":"publish","type":"page","link":"https:\/\/wp.icmm.csic.es\/superconductividad\/quienes-somos\/actividades\/levitating-doodle\/","title":{"rendered":"#LevitatingDoodle"},"content":{"rendered":"<p>Gracias por vuestra colaboraci\u00f3n en la campa\u00f1a #LevitatingDoodle. Esta vez no lo hemos conseguido pero \u00a1lo seguiremos intentando!<\/p>\n<p>Thanks for your contribution to the #LevitatingDoodle campaign. We did not succeed this time but we will keep on trying!<\/p>\n<p><strong>Campa\u00f1a #LevitatingDoodle <\/strong>(For English see below; Pour Fran\u00e7ais, regarde dessous; Per italiano guardare sotto; Para portugues, olhe abaixo)<\/p>\n<p>La <a href=\"https:\/\/wp.icmm.csic.es\/superconductividad\">superconductividad<\/a> <a title=\"Historia\" href=\"https:\/\/wp.icmm.csic.es\/superconductividad\/investigacion\/historia\/\">se descubri\u00f3 <\/a>el 8 de abril de 1911.\u00a0 Hemos lanzado la campa\u00f1a #LevitatingDoodle para pedir\u00a0a Google que el 8 abril de este a\u00f1o haga un <a href=\"http:\/\/www.google.com\/doodles\/about\">doodle<\/a> que conmemore el 104 aniversario de su descubrimiento.<\/p>\n<p>La <a href=\"https:\/\/wp.icmm.csic.es\/superconductividad\">superconductividad<\/a> es un fen\u00f3meno cu\u00e1ntico fascinante que durante\u00a0m\u00e1s de un siglo\u00a0ha sorprendido e intrigado\u00a0a los cient\u00edficos.\u00a0 Hoy en d\u00eda sigue siendo un campo de <a title=\"Investigaci\u00f3n Actual\" href=\"https:\/\/wp.icmm.csic.es\/superconductividad\/investigacion\/investigacion-actual\/\">investigaci\u00f3n<\/a> muy activo en el que quedan muchas inc\u00f3gnitas por resolver y muchas <a title=\"Aplicaciones\" href=\"https:\/\/wp.icmm.csic.es\/superconductividad\/aplicaciones\/\">aplicaciones<\/a> por desarrollar. En el estado superconductor los materiales <a title=\"Resistencia nula\" href=\"https:\/\/wp.icmm.csic.es\/superconductividad\/superconductividad\/resistencia-nula\/\">pierden la resistencia <\/a>al paso de la corriente el\u00e9ctrica, lo que permite transmitir la electricidad sin p\u00e9rdidas de energ\u00eda. Adem\u00e1s los superconductores\u00a0expulsan los campos magn\u00e9ticos dando lugar al espectaculares fen\u00f3menos de <a title=\"Levitaci\u00f3n\" href=\"https:\/\/wp.icmm.csic.es\/superconductividad\/superconductividad\/levitacion\/\">levitaci\u00f3n<\/a>.<\/p>\n<p>Te animamos a que te sumes a la campa\u00f1a. Puedes contribuir escribiendo un e-mail a <a href=\"mailto:proposals@google.com\" target=\"_blank\" rel=\"noopener\">proposals@google.com<\/a>; utilizando en twitter el hashtag #LevitatingDoodle,\u00a0incluyendo si es posible en el tuit a\u00a0@GoogleDoodles. Y seguro que se te ocurren m\u00e1s ideas para difundir. Recuerda que\u00a0s\u00f3lo con sumarte a la campa\u00f1a ya estar\u00e1s ayudando a divulgar la superconductividad. \u00a1Gracias por tu ayuda!<\/p>\n<p><strong>Campaign #LevitatingDoodle<\/strong><\/p>\n<p><a href=\"http:\/\/www.supraconductivite.fr\/en\/index.php\" target=\"_blank\" rel=\"noopener\">Superconductivity<\/a> was discovered on April 8, 1911. We have launched the campaign #LevitatingDoodle to ask Google for a <a href=\"http:\/\/www.google.com\/doodles\/about?hl=en-GB\" target=\"_blank\" rel=\"noopener\">doodle<\/a>\u00a0to celebrate the anniversary of the discovery.<\/p>\n<p><a href=\"http:\/\/www.supraconductivite.fr\/en\/index.php\" target=\"_blank\" rel=\"noopener\">Superconductivity<\/a> is a fascinating quantum phenomenon. For more than a century\u00a0it has surprised and intrigued scientists. Today it is very active <a href=\"http:\/\/www.supraconductivite.fr\/en\/index.php#recherche-intro\" target=\"_blank\" rel=\"noopener\">research field <\/a>with many mysteries to understand and many <a href=\"http:\/\/www.supraconductivite.fr\/en\/index.php#applications-intro\" target=\"_blank\" rel=\"noopener\">applications<\/a> to develop. In the superconducting state the materials <a href=\"http:\/\/www.supraconductivite.fr\/en\/index.php#supra-resistance\" target=\"_blank\" rel=\"noopener\">lose their resistance <\/a>to the electric current, allowing the flow of electricity with no energy cost. Moreover, they expel magnetic fields producing spectacular <a href=\"http:\/\/www.supraconductivite.fr\/en\/index.php#supra-levitation\" target=\"_blank\" rel=\"noopener\">levitation<\/a> phenomena.<\/p>\n<p>We encourage you to contribute to the campaign. You can write an e-mail to <a href=\"mailto:proposals@google.com\" target=\"_blank\" rel=\"noopener\">proposals@google.com<\/a>; use in twitter the hashtag #LevitatingDoodle, with mention to @GoogleDoodles if possible. Or just use your imagination. Remember, just participating in the campaign you will help disseminate superconductivity. Thanks for your help.<\/p>\n<p>&nbsp;<\/p>\n<h5><strong>Campagne #LevitatingDoodle<\/strong><\/h5>\n<p><a href=\"http:\/\/www.supraconductivite.fr\/index.php\" target=\"_blank\" rel=\"noopener\"><span style=\"color: #1155cc;\">La Supraconductivit\u00e9<\/span><\/a> a \u00e9t\u00e9 d\u00e9couverte le 8 avril 1911. Nous lan\u00e7ons une campagne #LevitatingDoodle pour demander \u00e0 Google un <a href=\"http:\/\/www.google.com\/doodles\/about?hl=en-GB\" target=\"_blank\" rel=\"noopener\"><span style=\"color: #1155cc;\">doodle<\/span><\/a> pour c\u00e9l\u00e9brer l&#8217;anniversaire de cette d\u00e9couverte.<\/p>\n<p><a href=\"http:\/\/www.supraconductivite.fr\/index.php\" target=\"_blank\" rel=\"noopener\"><span style=\"color: #1155cc;\">La supraconductivit\u00e9<\/span><\/a> est un ph\u00e9nom\u00e8ne quantique fascinant. Depuis plus de cent ans, elle n&#8217;a cess\u00e9 de surprendre et d&#8217;intriguer les scientifiques. Aujourd&#8217;hui, c&#8217;est un <a href=\"http:\/\/www.supraconductivite.fr\/index.php#recherche-intro\" target=\"_blank\" rel=\"noopener\"><span style=\"color: #1155cc;\">champ de recherche<\/span><\/a> tr\u00e8s actif avec pleins de myst\u00e8res qui restent \u00e0 comprendre, et plein d&#8217;<a href=\"http:\/\/www.supraconductivite.fr\/en\/index.php#applications-intro\" target=\"_blank\" rel=\"noopener\"><span style=\"color: #1155cc;\">applications<\/span><\/a> \u00e0 d\u00e9velopper. Dans l&#8217;\u00e9tat supraconducteur, la mati\u00e8re perd sa\u00a0 <a href=\"http:\/\/www.supraconductivite.fr\/index.php#supra-resistance\" target=\"_blank\" rel=\"noopener\"><span style=\"color: #1155cc;\">resistance \u00e9lectrique\u00a0<\/span><\/a> et permet au courant de circuler sans perte ! De plus, les supraconducteurs expulsent les champs magn\u00e9tiques dans des ph\u00e9nom\u00e8nes de <a href=\"http:\/\/www.supraconductivite.fr\/index.php#supra-levitation\" target=\"_blank\" rel=\"noopener\"><span style=\"color: #1155cc;\">levitation<\/span><\/a> spectaculaires.<\/p>\n<p>Nous vous encourageons \u00e0 participer \u00e0 la campagne, en \u00e9crivant un e-mail \u00e0 <a href=\"mailto:proposals@google.com\" target=\"_blank\" rel=\"noopener\"><span style=\"color: #1155cc;\">proposals@google.com<\/span><\/a>; utilisez dans twitter le hashtag #LevitatingDoodle, avec la mention @GoogleDoodles si possible. Et utilisez votre imagination ! Une belle occasion de parler de supraconductivit\u00e9 aussi. Merci \u00e0 tous. (Traducti\u00f3n J. Bobroff)<\/p>\n<p>&nbsp;<\/p>\n<h5><strong>Campagna #LevitatingDoodle<\/strong><\/h5>\n<p>La supercondittivit\u00e0 \u00e8 stata scoperta\u00a0 l`8 Aprile del 1911. Abbiamo lanciato la campagna #LevitatingDoodle per chiedere a Google di commemorare l&#8217; anniversario della scoperta con un\u00a0doodle.<\/p>\n<p>La superconduttivit\u00e0 \u00e8 un fenomeno quantistico affascinante che nel corso dei decenni ha sorpreso e interessato tanti studiosi di scienza. Ad oltre un secolo di distanza dalla scoperta, la superconduttivit\u00e0 \u00e8 ancora un campo di ricerca estremamente attivo. Molte sono le questioni ancora aperte da chiarire e molte le possibili applicazioni da sviluppare.<\/p>\n<p>Nello stato superconduttivo i materiali non presentano resistenza al passaggio della corrente elettrica, questo consente di trasmettere elettricit\u00e0 senza perdite di energia.\u00a0Non solo, se immersi in un campo magnetico i superconduttori espellono il campo stesso, dando luogo allo spettacolare fenomeno della levitazione.<\/p>\n<p>Ti invitiamo a partecipare alla campagna. Puoi contribuire scrivendo una mail a <a href=\"mailto:proposals@google.com\">proposals@google.com<\/a>; utilizzando su twitter l\u2019hashtag #LevitatingDoodle,\u00a0includendo possibilmente nel tweet @GoogleDoodles, e naturalmente utilizzando la tua immaginazione per diffondere il pi\u00f9 possibile l\u2019 iniziativa. Partecipando a questa campagna contribuisci a far scoprire la superconduttivit\u00e0 a tanti. Grazie per il tuo aiuto!\u00a0(Traduzione L. Fanfarillo).<\/p>\n<p>&nbsp;<\/p>\n<h5><strong>Campanha #LevitatingDoodle<\/strong><\/h5>\n<div class=\"trans clickable\">\n<div><\/div>\n<div>A supercondutividade foi descoberta em 8 de Abril de 1911. N\u00f3s lan\u00e7amos a campanha\u00a0#LevitatingDoodle para pedir ao Google um <a href=\"http:\/\/www.google.com\/doodles\/about?hl=en-GB\" target=\"_blank\" rel=\"noopener\">doodle<\/a>\u00a0para celebrar o anivers\u00e1rio de sua descoberta.<\/div>\n<div><\/div>\n<div>A supercondutividade \u00e9 um fen\u00f4meno qu\u00e2ntico fascinante. Por mais de um s\u00e9culo ela tem surpreendido e intrigado cientistas. Hoje em dia a supercondutividade \u00e9 uma \u00e1rea de pesquisa muito ativa, com v\u00e1rios mist\u00e9rios a serem desvendados e aplica\u00e7\u00f5es a serem inventadas.<\/div>\n<div><\/div>\n<div>Em seu estado supercondutor, os materiais perdem a resist\u00eancia \u00e0 passagem de correntes el\u00e9tricas, permitindo o fluxo de eletricidade sem custo de energia. Al\u00e9m disso, eles repelem campos magn\u00e9ticos produzindo fen\u00f4menos espetaculares de levita\u00e7\u00e3o.<\/div>\n<div><\/div>\n<div>N\u00f3s encorajamos voc\u00ea a participar da campanha. Voc\u00ea pode escrever um e-mail para\u00a0<a href=\"mailto:proposals@google.com\" target=\"_blank\" rel=\"noopener\">proposals@google.com<\/a>; usar no Twitter a hashtag #LevitatingDoodle, com men\u00e7\u00e3o a @GoogleDoodles se poss\u00edvel. Ou simplesmente usar a sua imagina\u00e7\u00e3o. Lembre-se, apenas participando na campanha voc\u00ea j\u00e1 est\u00e1 ajudando a disseminar a supercondutividade. Obrigado pela sua ajuda.(Tradu\u00e7\u00e3o A. Saraiva)<\/div>\n<\/div>\n","protected":false},"excerpt":{"rendered":"<p>Gracias por vuestra colaboraci\u00f3n en la campa\u00f1a #LevitatingDoodle. Esta vez no lo hemos conseguido pero \u00a1lo seguiremos intentando! Thanks for your contribution to the #LevitatingDoodle campaign. We did not succeed this time but we will keep on trying! Campa\u00f1a #LevitatingDoodle (For English see below; Pour Fran\u00e7ais, regarde dessous; Per italiano guardare sotto; Para portugues, olhe &hellip; <\/p>\n<p class=\"link-more\"><a href=\"https:\/\/wp.icmm.csic.es\/superconductividad\/quienes-somos\/actividades\/levitating-doodle\/\" class=\"more-link\">Continuar leyendo<span class=\"screen-reader-text\"> \u00ab#LevitatingDoodle\u00bb<\/span><\/a><\/p>\n","protected":false},"author":1,"featured_media":0,"parent":492,"menu_order":1,"comment_status":"closed","ping_status":"closed","template":"","meta":{"ngg_post_thumbnail":0,"footnotes":""},"class_list":["post-1359","page","type-page","status-publish","hentry"],"_links":{"self":[{"href":"https:\/\/wp.icmm.csic.es\/superconductividad\/wp-json\/wp\/v2\/pages\/1359","targetHints":{"allow":["GET"]}}],"collection":[{"href":"https:\/\/wp.icmm.csic.es\/superconductividad\/wp-json\/wp\/v2\/pages"}],"about":[{"href":"https:\/\/wp.icmm.csic.es\/superconductividad\/wp-json\/wp\/v2\/types\/page"}],"author":[{"embeddable":true,"href":"https:\/\/wp.icmm.csic.es\/superconductividad\/wp-json\/wp\/v2\/users\/1"}],"replies":[{"embeddable":true,"href":"https:\/\/wp.icmm.csic.es\/superconductividad\/wp-json\/wp\/v2\/comments?post=1359"}],"version-history":[{"count":2,"href":"https:\/\/wp.icmm.csic.es\/superconductividad\/wp-json\/wp\/v2\/pages\/1359\/revisions"}],"predecessor-version":[{"id":1609,"href":"https:\/\/wp.icmm.csic.es\/superconductividad\/wp-json\/wp\/v2\/pages\/1359\/revisions\/1609"}],"up":[{"embeddable":true,"href":"https:\/\/wp.icmm.csic.es\/superconductividad\/wp-json\/wp\/v2\/pages\/492"}],"wp:attachment":[{"href":"https:\/\/wp.icmm.csic.es\/superconductividad\/wp-json\/wp\/v2\/media?parent=1359"}],"curies":[{"name":"wp","href":"https:\/\/api.w.org\/{rel}","templated":true}]}}