{"id":596,"date":"2013-12-23T21:52:35","date_gmt":"2013-12-23T20:52:35","guid":{"rendered":"http:\/\/www3.icmm.csic.es\/superconductividad\/?page_id=596"},"modified":"2013-12-23T21:52:35","modified_gmt":"2013-12-23T20:52:35","slug":"medicina","status":"publish","type":"page","link":"https:\/\/wp.icmm.csic.es\/superconductividad\/aplicaciones\/medicina\/","title":{"rendered":"Medicina"},"content":{"rendered":"<p style=\"text-align: justify\">Gracias al efecto Josephson, los superconductores pueden utilizarse para medir campos magn\u00e9ticos. Esto se logra mediante un dispositivo que se llama SQUID por sus siglas en ingl\u00e9s (Superconducting Quantum Interference Device). De hecho los SQUIDS son los detectores m\u00e1s sensibles de campos magn\u00e9ticos. Su uso es de gran importancia en los laboratorios cient\u00edficos y en medicina.<\/p>\n<p style=\"text-align: justify\">Los magnetoencefalogramas registran la actividad cerebral mediante la detecci\u00f3n de los campos magn\u00e9ticos del cerebro. Esta actividad se ve alterada por determinadas enfermedades como el Alzheimer. Los campos magn\u00e9ticos generados son muy d\u00e9biles por lo que es necesario disponer de sensores extremadamente sensibles y precisos. Gracias a los SQUIDS es posible realizar mapas funcionales de gran precisi\u00f3n.<\/p>\n<p style=\"text-align: justify\">Por otra parte, los aparatos de resonancia magn\u00e9tica que se utilizan en pruebas m\u00e9dicas de imagen, funcionan gracias a imanes creados con superconductores.<\/p>\n","protected":false},"excerpt":{"rendered":"<p>Gracias al efecto Josephson, los superconductores pueden utilizarse para medir campos magn\u00e9ticos. Esto se logra mediante un dispositivo que se llama SQUID por sus siglas en ingl\u00e9s (Superconducting Quantum Interference Device). De hecho los SQUIDS son los detectores m\u00e1s sensibles de campos magn\u00e9ticos. Su uso es de gran importancia en los laboratorios cient\u00edficos y en &hellip; <\/p>\n<p class=\"link-more\"><a href=\"https:\/\/wp.icmm.csic.es\/superconductividad\/aplicaciones\/medicina\/\" class=\"more-link\">Continuar leyendo<span class=\"screen-reader-text\"> \u00abMedicina\u00bb<\/span><\/a><\/p>\n","protected":false},"author":1,"featured_media":0,"parent":24,"menu_order":2,"comment_status":"closed","ping_status":"closed","template":"","meta":{"ngg_post_thumbnail":0,"footnotes":""},"class_list":["post-596","page","type-page","status-publish","hentry"],"_links":{"self":[{"href":"https:\/\/wp.icmm.csic.es\/superconductividad\/wp-json\/wp\/v2\/pages\/596","targetHints":{"allow":["GET"]}}],"collection":[{"href":"https:\/\/wp.icmm.csic.es\/superconductividad\/wp-json\/wp\/v2\/pages"}],"about":[{"href":"https:\/\/wp.icmm.csic.es\/superconductividad\/wp-json\/wp\/v2\/types\/page"}],"author":[{"embeddable":true,"href":"https:\/\/wp.icmm.csic.es\/superconductividad\/wp-json\/wp\/v2\/users\/1"}],"replies":[{"embeddable":true,"href":"https:\/\/wp.icmm.csic.es\/superconductividad\/wp-json\/wp\/v2\/comments?post=596"}],"version-history":[{"count":0,"href":"https:\/\/wp.icmm.csic.es\/superconductividad\/wp-json\/wp\/v2\/pages\/596\/revisions"}],"up":[{"embeddable":true,"href":"https:\/\/wp.icmm.csic.es\/superconductividad\/wp-json\/wp\/v2\/pages\/24"}],"wp:attachment":[{"href":"https:\/\/wp.icmm.csic.es\/superconductividad\/wp-json\/wp\/v2\/media?parent=596"}],"curies":[{"name":"wp","href":"https:\/\/api.w.org\/{rel}","templated":true}]}}