{"id":322,"date":"2013-05-08T09:54:43","date_gmt":"2013-05-08T11:54:43","guid":{"rendered":"http:\/\/www.icmm.csic.es\/surfcoat\/?page_id=322"},"modified":"2022-03-15T07:33:04","modified_gmt":"2022-03-15T07:33:04","slug":"topics","status":"publish","type":"page","link":"https:\/\/wp.icmm.csic.es\/surfcoat\/research\/topics\/","title":{"rendered":"Topics"},"content":{"rendered":"<h1>(Revisar y Traducir)<\/h1>\n<ul>\n<li><a title=\"PVD Coatings\" href=\"http:\/\/www.icmm.csic.es\/surfcoat\/?page_id=599\">PVD Coatings<\/a><\/li>\n<li>S\u00edntesis y caracterizaci\u00f3n de materiales avanzados:\n<ul>\n<li>Multicapas basados en carbono (BCN, fulerenos, grafeno)<\/li>\n<li>\u00d3xidos mixtos mediante magnetr\u00f3n sputtering y mezclado reactivo con iones<\/li>\n<li>Nanoestructuras basadas en TiO<sub>2<\/sub> y ZnO<\/li>\n<li>a-Si para aplicaciones fotovoltaicas<\/li>\n<li>Recubrimientos selectivos para concentradores solares<\/li>\n<li>Recubrimientos ternarios para aplicaciones bio-mec\u00e1nicas mediante MS<\/li>\n<\/ul>\n<\/li>\n<li>Incorporaci\u00f3n de nanoparticulas en recubrimientos tipo fulereno y polim\u00e9ricos.<\/li>\n<li>Modificaci\u00f3n superficial de pol\u00edmeros<\/li>\n<li>Caracterizaci\u00f3n avanzada de laminas delgadas<\/li>\n<li>Nano-estructuraci\u00f3n superficial mediante bombardeo con iones<\/li>\n<li>Din\u00e1mica de crecimiento de pel\u00edculas delgadas<\/li>\n<\/ul>\n<p>&nbsp;<\/p>\n","protected":false},"excerpt":{"rendered":"<p>(Revisar y Traducir) PVD Coatings S\u00edntesis y caracterizaci\u00f3n de materiales avanzados: Multicapas basados en carbono (BCN, fulerenos, grafeno) \u00d3xidos mixtos mediante magnetr\u00f3n sputtering y mezclado reactivo con iones Nanoestructuras basadas en TiO2 y ZnO a-Si para aplicaciones fotovoltaicas Recubrimientos selectivos para concentradores solares Recubrimientos ternarios para aplicaciones bio-mec\u00e1nicas mediante MS&#8230;<\/p>\n<p class=\"continue-reading-button\"> <a class=\"continue-reading-link\" href=\"https:\/\/wp.icmm.csic.es\/surfcoat\/research\/topics\/\">Continue reading<i class=\"crycon-right-dir\"><\/i><\/a><\/p>\n","protected":false},"author":1,"featured_media":0,"parent":84,"menu_order":1,"comment_status":"closed","ping_status":"closed","template":"","meta":{"ngg_post_thumbnail":0,"footnotes":""},"class_list":["post-322","page","type-page","status-publish","hentry"],"_links":{"self":[{"href":"https:\/\/wp.icmm.csic.es\/surfcoat\/wp-json\/wp\/v2\/pages\/322","targetHints":{"allow":["GET"]}}],"collection":[{"href":"https:\/\/wp.icmm.csic.es\/surfcoat\/wp-json\/wp\/v2\/pages"}],"about":[{"href":"https:\/\/wp.icmm.csic.es\/surfcoat\/wp-json\/wp\/v2\/types\/page"}],"author":[{"embeddable":true,"href":"https:\/\/wp.icmm.csic.es\/surfcoat\/wp-json\/wp\/v2\/users\/1"}],"replies":[{"embeddable":true,"href":"https:\/\/wp.icmm.csic.es\/surfcoat\/wp-json\/wp\/v2\/comments?post=322"}],"version-history":[{"count":1,"href":"https:\/\/wp.icmm.csic.es\/surfcoat\/wp-json\/wp\/v2\/pages\/322\/revisions"}],"predecessor-version":[{"id":801,"href":"https:\/\/wp.icmm.csic.es\/surfcoat\/wp-json\/wp\/v2\/pages\/322\/revisions\/801"}],"up":[{"embeddable":true,"href":"https:\/\/wp.icmm.csic.es\/surfcoat\/wp-json\/wp\/v2\/pages\/84"}],"wp:attachment":[{"href":"https:\/\/wp.icmm.csic.es\/surfcoat\/wp-json\/wp\/v2\/media?parent=322"}],"curies":[{"name":"wp","href":"https:\/\/api.w.org\/{rel}","templated":true}]}}