{"id":58,"date":"2013-12-29T20:49:40","date_gmt":"2013-12-29T20:49:40","guid":{"rendered":"http:\/\/www.icmm.csic.es\/tqe\/?page_id=58"},"modified":"2025-05-07T09:54:21","modified_gmt":"2025-05-07T09:54:21","slug":"people","status":"publish","type":"page","link":"https:\/\/wp.icmm.csic.es\/tqe\/people\/","title":{"rendered":"People"},"content":{"rendered":"<p style=\"text-align: justify\"><a href=\"https:\/\/wp.icmm.csic.es\/tqe\/people\/ramon-aguado\/\">Ram\u00f3n Aguado<\/a>. Senior Scientist. \u00a0\u00a0<em>ramon.aguado(at)csic.es<\/em><\/p>\n<p style=\"text-align: justify\"><a href=\"https:\/\/wp.icmm.csic.es\/tqe\/people\/leni-bascones\/\">Leni Bascones.<\/a> Tenured Scientist. \u00a0\u00a0<em>leni.bascones(at)csic.es<\/em><\/p>\n<p style=\"text-align: justify\"><a href=\"https:\/\/wp.icmm.csic.es\/tqe\/people\/luis-brey\/\">Luis Brey.<\/a> Professor. \u00a0<em>brey(at)icmm.csic.es<\/em><\/p>\n<p><a href=\"https:\/\/wp.icmm.csic.es\/tqe\/people\/maria-jose-calderon\/\">Mar\u00eda Jos\u00e9 Calder\u00f3n. <\/a>Senior Scientist.\u00a0 \u00a0mariaj.<em><span style=\"color: #333333\">calderon(at)csic.es<\/span><\/em><\/p>\n<p><a href=\"https:\/\/wp.icmm.csic.es\/tqe\/people\/alberto-cortijo\/\">Alberto Cortijo<\/a>. Tenured Scientist.<\/p>\n<p><a href=\"https:\/\/wp.icmm.csic.es\/tqe\/people\/pilar-lopez-sancho\/\">Pilar L\u00f3pez Sancho<\/a>. Emeritus Professor.<\/p>\n<p><a href=\"https:\/\/wp.icmm.csic.es\/tqe\/people\/belen-valenzuela\/\">Bel\u00e9n Valenzuela<\/a>. Senior Scientist.<\/p>\n<p><a href=\"https:\/\/wp.icmm.csic.es\/tqe\/people\/maria-a-h-vozmediano\/\">Mar\u00eda A.H. Vozmediano<\/a>. Emeritus Professor.<\/p>\n<p><a href=\"https:\/\/wp.icmm.csic.es\/tqe\/people\/jose-carlos-abadillo-uriel\/\">Jos\u00e9 Carlos Abadillo-Uriel<\/a>. Ram\u00f3n y Cajal fellow. jc.abadillo.uriel(at)csic.es<\/p>\n<p><a href=\"https:\/\/wp.icmm.csic.es\/tqe\/people\/ruben-seoane-souto\/\">Rub\u00e9n Seoane Souto.<\/a> Talento CAM fellow. ruben.seoane(at)csic.es<\/p>\n<p><a href=\"https:\/\/wp.icmm.csic.es\/tqe\/people\/gorm-steffensen\/\">Gorm Steffensen.<\/a> Postdoc.<\/p>\n<p><a href=\"https:\/\/wp.icmm.csic.es\/tqe\/people\/miguel-alvarado\/\">Miguel Alvarado<\/a>. Postdoc.<\/p>\n<p><a href=\"https:\/\/wp.icmm.csic.es\/tqe\/people\/carlos-paya\/\">Carlos Pay\u00e1.<\/a> PhD candidate.<\/p>\n<p><a href=\"https:\/\/wp.icmm.csic.es\/tqe\/people\/jose-luis-del-olmo-naranjo\/\">Jos\u00e9 Luis del Olmo Naranjo<\/a>. PhD candidate.<\/p>\n<p><a href=\"https:\/\/wp.icmm.csic.es\/tqe\/people\/daniel-michel-pino\/\">Daniel Michel Pino Gonz\u00e1lez.<\/a>\u00a0 PhD candidate.<\/p>\n<p><a href=\"https:\/\/wp.icmm.csic.es\/tqe\/people\/yongtao-li\/\">Yongtao Li.<\/a> PhD candidate.<\/p>\n<p>Miguel Bosch. JAE Intro.<\/p>\n<p>&nbsp;<\/p>\n<p style=\"text-align: justify\"><strong>FORMER MEMBERS<\/strong><\/p>\n<p>Alejandro Lasso. JAE Intro, 2024.<\/p>\n<p><a href=\"https:\/\/wp.icmm.csic.es\/tqe\/people\/giorgos-giavaras\/\">Giorgos Giavaras<\/a>. Postdoc. 2022-2025<\/p>\n<p>Elena Sim\u00f3n. JAE Intro, 2024<\/p>\n<p>Nicol\u00e1s Mart\u00ednez-Valero. Master student 2024-2025<\/p>\n<p>Anders Dahl. Visiting PhD candidate. 2024<\/p>\n<p><a href=\"https:\/\/wp.icmm.csic.es\/tqe\/people\/olga-arroyo\/\">Olga Arroyo<\/a>. PhD 2024, Universidad Complutense de Madrid.<\/p>\n<p>Pablo Saborido. JAE Intro, 2023.<\/p>\n<p><a href=\"https:\/\/sites.google.com\/view\/qudyma-icmm\">Elsa Prada. <\/a>Tenured Scientist.<\/p>\n<p style=\"text-align: justify\"><a title=\"Pablo San-Jose\" href=\"https:\/\/sites.google.com\/view\/qudyma-icmm\">Pablo San-Jose. <\/a>Tenured Scientist<\/p>\n<p><a href=\"https:\/\/sites.google.com\/view\/qudyma-icmm\">Rui Silva. <\/a>Caixa Junior Leader<\/p>\n<p><a href=\"https:\/\/sites.google.com\/view\/qudyma-icmm\">\u00c1lvaro Jim\u00e9nez Gal\u00e1n.<\/a> Talento CAM<\/p>\n<p><a href=\"https:\/\/sites.google.com\/view\/qudyma-icmm\">Eduardo Bernal Molinero.<\/a> PhD candidate.<\/p>\n<p><a href=\"https:\/\/sites.google.com\/view\/qudyma-icmm\">Francisco Lobo.<\/a> PhD candidate.<\/p>\n<p>Carlos Sagaseta. JAE Intro, April-September 2023 and Master student 2024-2025.<\/p>\n<p>Raquel de Miguel. Internship, Summer 2023<\/p>\n<p><a href=\"https:\/\/wp.icmm.csic.es\/tqe\/people\/fernando-penaranda\/\">Fernando Pe\u00f1aranda<\/a>. (PhD 2023. Universidad Aut\u00f3noma de Madrid). Currently a postdoc at DIPC.<\/p>\n<p><a href=\"https:\/\/wp.icmm.csic.es\/tqe\/people\/samuel-d-escribano\/\">Samuel D\u00edaz Escribano<\/a>. PhD 2022 with PhD advisor: Elsa Prada. Universidad Aut\u00f3noma de Madrid. Currently doing a postdoc at the Weizmann Institute of Israel.<\/p>\n<p><a href=\"https:\/\/wp.icmm.csic.es\/tqe\/people\/anushree-datta\/\">Anushree Datta<\/a>. Postdoc 2020-2022. Currently at Laboratoire Mat\u00e9riaux et Ph\u00e9nom\u00e8nes Quantiques and Laboratoire de Physique des Solides, CNRS.<\/p>\n<p>Guillermo Parra. Master student 2022<\/p>\n<p>Marcos Arranz. JAE Intro 2022.<\/p>\n<p><a href=\"https:\/\/wp.icmm.csic.es\/tqe\/people\/leonor-chico\/\">Leonor Chico<\/a><em>. Tenured Scientist at ICMM until 2020. Now at Universidad Complutense de Madrid.<\/em><\/p>\n<p><a href=\"https:\/\/wp.icmm.csic.es\/tqe\/people\/jesus-avila\/\">Jes\u00fas Avila.<\/a> PhD candidate 2018-2021.<\/p>\n<p>\u00c1lvaro Buend\u00eda.\u00a0 Master student.<\/p>\n<p>Dunkan Mart\u00ednez Camacho. Undergraduate student (UCM) 2019-2020.<\/p>\n<p>Cosme S\u00e1nchez Dorado. Master UAM 2019.<\/p>\n<p><a title=\"Pablo San-Jose\" href=\"https:\/\/wp.icmm.csic.es\/tqe\/people\/pablo-rodriguez-lopez\">Pablo Rodr\u00edguez-L\u00f3pez. <\/a>Juan de la Cierva 2017-2019. Currently at Universidad Rey Juan Carlos.<\/p>\n<p>Sergio Bravo Castillo. (<a href=\"https:\/\/repositorio.usm.cl\/handle\/11673\/45775\">PhD 2019<\/a>. Universidad T\u00e9cnica Federico Santa Mar\u00eda. Chile). Currently at Universidad T\u00e9cnica Federico Santa Mar\u00eda.<\/p>\n<p><a href=\"https:\/\/wp.icmm.csic.es\/tqe\/people\/rafael-roldan\/\">Rafael Rold\u00e1n<\/a>. Ram\u00f3n y Cajal.<\/p>\n<p><a href=\"https:\/\/wp.icmm.csic.es\/tqe\/people\/chema-pizarro\/\">Chema Pizarro<\/a>. (<a href=\"https:\/\/repositorio.uam.es\/xmlui\/handle\/10486\/688535\">PhD 2019<\/a>. Universidad Aut\u00f3noma de Madrid). Currently at University of Bremen.<\/p>\n<p>Luis Gonz\u00e1lez-\u00c1rraga. (<a href=\"https:\/\/repositorio.uam.es\/handle\/10486\/684222\">PhD 2018<\/a>. Universidad Aut\u00f3noma de Madrid).<\/p>\n<p>Francesca Finocchiaro. (<a href=\"https:\/\/repositorio.uam.es\/handle\/10486\/684183\">PhD 2018<\/a>. Universidad Aut\u00f3noma de Madrid).<\/p>\n<p><a href=\"https:\/\/wp.icmm.csic.es\/tqe\/people\/jose-carlos-abadillo-uriel\/\">Jos\u00e9 Carlos Garc\u00eda-Abadillo<\/a>. (<a href=\"https:\/\/repositorio.uam.es\/handle\/10486\/681738\">PhD 2018<\/a>.\u00a0 Universidad Aut\u00f3noma de Madrid). <em><br \/>\n<\/em><\/p>\n<p style=\"text-align: justify\"><a href=\"https:\/\/wp.icmm.csic.es\/tqe\/people\/jorge-cayao\/\">Jorge Cayao<\/a>. (<a href=\"https:\/\/repositorio.uam.es\/handle\/10486\/676359\">PhD 2016<\/a>, Universidad Aut\u00f3noma de Madrid). Currently at Uppsala University.<\/p>\n<p style=\"text-align: justify\"><a href=\"https:\/\/wp.icmm.csic.es\/tqe\/people\/laura-fanfarillo\/\">Laura Fanfarillo<\/a>. (Post-doc 2013-2015). Currently at SISSA Trieste.<\/p>\n<p style=\"text-align: justify\"><a href=\"https:\/\/wp.icmm.csic.es\/tqe\/people\/marta-pelc\/\" target=\"_blank\" rel=\"noopener noreferrer\">Marta Pelc.<\/a> (Post-doc 2013-2015). Currently at <a href=\"http:\/\/cfm.ehu.es\/index.php\/home\" target=\"_blank\" rel=\"noopener noreferrer\">Centro de F\u00edsica de Materiales<\/a>, CSIC-UPV\/EHU, Spain.<\/p>\n<p style=\"text-align: justify\">Marta Lasia. (<a href=\"https:\/\/repositorio.uam.es\/handle\/10486\/666399\">PhD 2015<\/a>, Universidad Aut\u00f3noma de Madrid).<\/p>\n<p style=\"text-align: justify\">Alejandra Baena V\u00e1squez. (<a href=\"https:\/\/eprints.ucm.es\/24100\/\">PhD 2013<\/a>. Universidad Complutense de Madrid). Currently at Universidad Antonio Nari\u00f1o, Colombia.<\/p>\n<p style=\"text-align: justify\">Hern\u00e1n Santos. (<a href=\"http:\/\/digital.csic.es\/handle\/10261\/46043\">PhD 2012<\/a>, Universidad Nacional de Educaci\u00f3n a Distancia). Currently at Universidad Nacional de Educaci\u00f3n a Distancia, Spain.<\/p>\n<p style=\"text-align: justify\">Virginia Est\u00e9vez. (<a href=\"https:\/\/repositorio.uam.es\/handle\/10486\/6781\">PhD 2011<\/a>, Universidad Aut\u00f3noma de Madrid). \u00a0Currently at Aalto University, Helsinki, Finland.<\/p>\n<p style=\"text-align: justify\">David Marcos. (<a href=\"https:\/\/repositorio.uam.es\/handle\/10486\/6789\">PhD 2011<\/a>, Universidad Aut\u00f3noma de Madrid).<\/p>\n<p style=\"text-align: justify\">Juan Salafranca. (<a href=\"https:\/\/repositorio.uam.es\/handle\/10486\/1819\">PhD \u00a02008<\/a>, Universidad Aut\u00f3noma de Madrid).<\/p>\n","protected":false},"excerpt":{"rendered":"<p>Ram\u00f3n Aguado. Senior Scientist. \u00a0\u00a0ramon.aguado(at)csic.es Leni Bascones. Tenured Scientist. \u00a0\u00a0leni.bascones(at)csic.es Luis Brey. Professor. \u00a0brey(at)icmm.csic.es Mar\u00eda Jos\u00e9 Calder\u00f3n. Senior Scientist.\u00a0 \u00a0mariaj.calderon(at)csic.es Alberto Cortijo. Tenured Scientist. Pilar L\u00f3pez Sancho. Emeritus Professor. Bel\u00e9n Valenzuela. Senior Scientist. Mar\u00eda A.H. Vozmediano. Emeritus Professor. Jos\u00e9 Carlos Abadillo-Uriel. Ram\u00f3n y Cajal fellow. jc.abadillo.uriel(at)csic.es Rub\u00e9n Seoane Souto. Talento CAM fellow. ruben.seoane(at)csic.es Gorm Steffensen. &hellip; <a href=\"https:\/\/wp.icmm.csic.es\/tqe\/people\/\" class=\"more-link\">Continue reading <span class=\"screen-reader-text\">People<\/span> <span class=\"meta-nav\">&rarr;<\/span><\/a><\/p>\n","protected":false},"author":1,"featured_media":0,"parent":0,"menu_order":1,"comment_status":"closed","ping_status":"closed","template":"","meta":{"footnotes":""},"class_list":["post-58","page","type-page","status-publish","hentry"],"_links":{"self":[{"href":"https:\/\/wp.icmm.csic.es\/tqe\/wp-json\/wp\/v2\/pages\/58","targetHints":{"allow":["GET"]}}],"collection":[{"href":"https:\/\/wp.icmm.csic.es\/tqe\/wp-json\/wp\/v2\/pages"}],"about":[{"href":"https:\/\/wp.icmm.csic.es\/tqe\/wp-json\/wp\/v2\/types\/page"}],"author":[{"embeddable":true,"href":"https:\/\/wp.icmm.csic.es\/tqe\/wp-json\/wp\/v2\/users\/1"}],"replies":[{"embeddable":true,"href":"https:\/\/wp.icmm.csic.es\/tqe\/wp-json\/wp\/v2\/comments?post=58"}],"version-history":[{"count":79,"href":"https:\/\/wp.icmm.csic.es\/tqe\/wp-json\/wp\/v2\/pages\/58\/revisions"}],"predecessor-version":[{"id":1843,"href":"https:\/\/wp.icmm.csic.es\/tqe\/wp-json\/wp\/v2\/pages\/58\/revisions\/1843"}],"wp:attachment":[{"href":"https:\/\/wp.icmm.csic.es\/tqe\/wp-json\/wp\/v2\/media?parent=58"}],"curies":[{"name":"wp","href":"https:\/\/api.w.org\/{rel}","templated":true}]}}