{"id":273,"date":"2010-09-19T17:06:29","date_gmt":"2010-09-19T15:06:29","guid":{"rendered":"http:\/\/www.icmm.csic.es\/within-experimental-error\/?page_id=273"},"modified":"2010-09-19T17:06:29","modified_gmt":"2010-09-19T15:06:29","slug":"friends","status":"publish","type":"page","link":"https:\/\/wp.icmm.csic.es\/within-experimental-error\/friends\/","title":{"rendered":"Friends"},"content":{"rendered":"<p><a href=\"https:\/\/wp.icmm.csic.es\/within-experimental-error\/wp-content\/uploads\/sites\/46\/2010\/11\/English.png\"><img loading=\"lazy\" decoding=\"async\" class=\"size-full wp-image-581 alignleft\" style=\"border: 0pt none\" title=\"English\" src=\"https:\/\/wp.icmm.csic.es\/within-experimental-error\/wp-content\/uploads\/sites\/46\/2010\/11\/English.png\" alt=\"\" width=\"21\" height=\"11\" \/><\/a><\/p>\n<p>In our now long journey, we have met with lots of people who have made our lives much easier along the way. Here is our little tribute. To all of you: \u00c1ngel Mart\u00edn Zarza,  Rafael Rodrigo, Ainhoa Go\u00f1i, Mar\u00eda Busl, Federico Soria Gallego, Elena L\u00f3pez, Pilar Gonz\u00e1lez, Reyes Sequera, Jaime P\u00e9rez del Val, Rafael Morera, C\u00e9sar Hern\u00e1ndez, Guillermo Ortiz, Real Jard\u00edn Bot\u00e1nico (CSIC), Jose Enrique and many others we may forget (not on purpose!),<\/p>\n<p>Thanks!<\/p>\n<p><a href=\"https:\/\/wp.icmm.csic.es\/within-experimental-error\/wp-content\/uploads\/sites\/46\/2010\/11\/Spanish.png\"><img loading=\"lazy\" decoding=\"async\" class=\"size-full wp-image-582 alignleft\" style=\"border: 0pt none\" title=\"Spanish\" src=\"https:\/\/wp.icmm.csic.es\/within-experimental-error\/wp-content\/uploads\/sites\/46\/2010\/11\/Spanish.png\" alt=\"\" width=\"21\" height=\"14\" \/><\/a><\/p>\n<p>A lo largo y ancho de este mundo nos hemos ido encontrando con mucha gente que nos ha ayudado y nos ayuda por el camino. Aqu\u00ed est\u00e1 nuestro peque\u00f1o homenaje. A todos vosotros:\u00a0 \u00c1ngel Mart\u00edn Zarza,  Rafael Rodrigo, Ainhoa Go\u00f1i, Mar\u00eda Busl, Federico Soria Gallego, Elena L\u00f3pez, Pilar Gonz\u00e1lez, Reyes Sequera, Jaime P\u00e9rez del Val, Rafael Morera, C\u00e9sar Hern\u00e1ndez, Guillermo Ortiz, Real Jard\u00edn Bot\u00e1nico (CSIC), Jose Enrique y a otros muchos que seguramente nos dejamos sin quererlo,<\/p>\n<p>\u00a1Gracias!<\/p>\n<div id=\"attachment_126\" style=\"width: 646px\" class=\"wp-caption alignleft\"><a href=\"https:\/\/wp.icmm.csic.es\/within-experimental-error\/wp-content\/uploads\/sites\/46\/2010\/09\/SDC10378.jpg\"><img loading=\"lazy\" decoding=\"async\" aria-describedby=\"caption-attachment-126\" class=\"size-full wp-image-126\" title=\"Presidente\" src=\"https:\/\/wp.icmm.csic.es\/within-experimental-error\/wp-content\/uploads\/sites\/46\/2010\/09\/SDC10378.jpg\" alt=\"\" width=\"636\" height=\"424\" \/><\/a><p id=\"caption-attachment-126\" class=\"wp-caption-text\">Rafael Rodrigo - Presidente del CSIC<\/p><\/div>\n<div id=\"attachment_327\" style=\"width: 646px\" class=\"wp-caption aligncenter\"><a href=\"https:\/\/wp.icmm.csic.es\/within-experimental-error\/wp-content\/uploads\/sites\/46\/2010\/09\/IMG_9112web.jpg\"><img loading=\"lazy\" decoding=\"async\" aria-describedby=\"caption-attachment-327\" class=\"size-full wp-image-327\" title=\"IMG_9112web\" src=\"https:\/\/wp.icmm.csic.es\/within-experimental-error\/wp-content\/uploads\/sites\/46\/2010\/09\/IMG_9112web.jpg\" alt=\"\" width=\"636\" height=\"424\" srcset=\"https:\/\/wp.icmm.csic.es\/within-experimental-error\/wp-content\/uploads\/sites\/46\/2010\/09\/IMG_9112web.jpg 2136w, https:\/\/wp.icmm.csic.es\/within-experimental-error\/wp-content\/uploads\/sites\/46\/2010\/09\/IMG_9112web-300x200.jpg 300w, https:\/\/wp.icmm.csic.es\/within-experimental-error\/wp-content\/uploads\/sites\/46\/2010\/09\/IMG_9112web-768x512.jpg 768w, https:\/\/wp.icmm.csic.es\/within-experimental-error\/wp-content\/uploads\/sites\/46\/2010\/09\/IMG_9112web-1024x683.jpg 1024w\" sizes=\"auto, (max-width: 636px) 100vw, 636px\" \/><\/a><p id=\"caption-attachment-327\" class=\"wp-caption-text\">Rafael Rodrigo - Presidente CSIC y Cristina Garmendia - Ministra de Ciencia e Innovaci\u00f3n<\/p><\/div>\n<div id=\"attachment_126\" style=\"width: 646px\" class=\"wp-caption alignleft\"><a href=\"https:\/\/wp.icmm.csic.es\/within-experimental-error\/wp-content\/uploads\/sites\/46\/2010\/09\/IMG_0963.jpg.jpg\"><img loading=\"lazy\" decoding=\"async\" aria-describedby=\"caption-attachment-126\" class=\"size-full wp-image-126\" title=\"AinhoaGo\u00f1i\" src=\"https:\/\/wp.icmm.csic.es\/within-experimental-error\/wp-content\/uploads\/sites\/46\/2010\/09\/IMG_0963.jpg\" alt=\"\" width=\"636\" height=\"424\" \/><\/a><p id=\"caption-attachment-126\" class=\"wp-caption-text\">Ainhoa Go\u00f1i - Prensa CSIC<\/p><\/div>\n<div id=\"attachment_126\" style=\"width: 646px\" class=\"wp-caption alignleft\"><a href=\"https:\/\/wp.icmm.csic.es\/within-experimental-error\/wp-content\/uploads\/sites\/46\/2010\/09\/CSICcentral2010JUlio-008.jpg\"><img loading=\"lazy\" decoding=\"async\" aria-describedby=\"caption-attachment-126\" class=\"size-full wp-image-126\" title=\"Jose Enrique\" src=\"https:\/\/wp.icmm.csic.es\/within-experimental-error\/wp-content\/uploads\/sites\/46\/2010\/09\/CSICcentral2010JUlio-008.jpg\" alt=\"\" width=\"636\" height=\"424\" \/><\/a><p id=\"caption-attachment-126\" class=\"wp-caption-text\">Jose Enrique - Fot\u00f3grafo oficial<\/p><\/div>\n","protected":false},"excerpt":{"rendered":"<p>In our now long journey, we have met with lots of people who have made our lives much easier along the way. Here is our little tribute. To all of you: \u00c1ngel Mart\u00edn Zarza, Rafael Rodrigo, Ainhoa Go\u00f1i, Mar\u00eda Busl, <span class=\"excerpt-dots\">&hellip;<\/span> <a class=\"more-link\" href=\"https:\/\/wp.icmm.csic.es\/within-experimental-error\/friends\/\"><span class=\"more-msg\">Sigue leyendo &rarr;<\/span><\/a><\/p>\n","protected":false},"author":74,"featured_media":0,"parent":0,"menu_order":5,"comment_status":"closed","ping_status":"closed","template":"","meta":{"ngg_post_thumbnail":0,"footnotes":""},"class_list":["post-273","page","type-page","status-publish","hentry"],"_links":{"self":[{"href":"https:\/\/wp.icmm.csic.es\/within-experimental-error\/wp-json\/wp\/v2\/pages\/273","targetHints":{"allow":["GET"]}}],"collection":[{"href":"https:\/\/wp.icmm.csic.es\/within-experimental-error\/wp-json\/wp\/v2\/pages"}],"about":[{"href":"https:\/\/wp.icmm.csic.es\/within-experimental-error\/wp-json\/wp\/v2\/types\/page"}],"author":[{"embeddable":true,"href":"https:\/\/wp.icmm.csic.es\/within-experimental-error\/wp-json\/wp\/v2\/users\/74"}],"replies":[{"embeddable":true,"href":"https:\/\/wp.icmm.csic.es\/within-experimental-error\/wp-json\/wp\/v2\/comments?post=273"}],"version-history":[{"count":0,"href":"https:\/\/wp.icmm.csic.es\/within-experimental-error\/wp-json\/wp\/v2\/pages\/273\/revisions"}],"wp:attachment":[{"href":"https:\/\/wp.icmm.csic.es\/within-experimental-error\/wp-json\/wp\/v2\/media?parent=273"}],"curies":[{"name":"wp","href":"https:\/\/api.w.org\/{rel}","templated":true}]}}