{"id":315,"date":"2010-09-08T11:07:48","date_gmt":"2010-09-08T09:07:48","guid":{"rendered":"http:\/\/www.icmm.csic.es\/within-experimental-error\/?page_id=8"},"modified":"2025-10-16T08:48:06","modified_gmt":"2025-10-16T08:48:06","slug":"8-2","status":"publish","type":"page","link":"https:\/\/wp.icmm.csic.es\/within-experimental-error\/","title":{"rendered":"W.E.E."},"content":{"rendered":"<p><a href=\"https:\/\/wp.icmm.csic.es\/within-experimental-error\/wp-content\/uploads\/sites\/46\/2010\/09\/CIENCIA.png\"><img loading=\"lazy\" decoding=\"async\" class=\"aligncenter size-full wp-image-793\" title=\"CIENCIA\" src=\"https:\/\/wp.icmm.csic.es\/within-experimental-error\/wp-content\/uploads\/sites\/46\/2010\/09\/CIENCIA.png\" alt=\"sin ciencia no hay futurp\" width=\"640\" height=\"300\" srcset=\"https:\/\/wp.icmm.csic.es\/within-experimental-error\/wp-content\/uploads\/sites\/46\/2010\/09\/CIENCIA.png 640w, https:\/\/wp.icmm.csic.es\/within-experimental-error\/wp-content\/uploads\/sites\/46\/2010\/09\/CIENCIA-300x141.png 300w\" sizes=\"auto, (max-width: 640px) 100vw, 640px\" \/><\/a><\/p>\n<p><a href=\"http:\/\/www.icmm.csic.es\/within-experimental-error\/?attachment_id=14\" rel=\"attachment wp-att-14\"><img loading=\"lazy\" decoding=\"async\" class=\"aligncenter size-full wp-image-14\" title=\"W.E.E. verano 2010\" src=\"https:\/\/wp.icmm.csic.es\/within-experimental-error\/wp-content\/uploads\/sites\/46\/2010\/09\/within-002.jpg\" alt=\"Within Experimental Error, verano de 2010\" width=\"600\" height=\"428\"><\/a><br \/>\n<a href=\"https:\/\/wp.icmm.csic.es\/within-experimental-error\/wp-content\/uploads\/sites\/46\/2010\/09\/Weelogo.002.jpg\"><img loading=\"lazy\" decoding=\"async\" class=\"alignleft size-full wp-image-724\" title=\"W.E.E.- An Archimedean Blues\" src=\"https:\/\/wp.icmm.csic.es\/within-experimental-error\/wp-content\/uploads\/sites\/46\/2010\/09\/Weelogo.002.jpg\" alt=\"Entropic Funk\" width=\"1024\" height=\"513\" srcset=\"https:\/\/wp.icmm.csic.es\/within-experimental-error\/wp-content\/uploads\/sites\/46\/2010\/09\/Weelogo.002.jpg 1024w, https:\/\/wp.icmm.csic.es\/within-experimental-error\/wp-content\/uploads\/sites\/46\/2010\/09\/Weelogo.002-300x150.jpg 300w, https:\/\/wp.icmm.csic.es\/within-experimental-error\/wp-content\/uploads\/sites\/46\/2010\/09\/Weelogo.002-768x385.jpg 768w\" sizes=\"auto, (max-width: 1024px) 100vw, 1024px\" \/><\/a><br \/>\n<strong>\u201c<em>M<span style=\"font-size: x-small\">usic has no effect on research work, but both are born of the same source<\/span><\/em><\/strong><\/p>\n<p><strong><span style=\"font-size: x-small\"><em>and complement each other through the satisfaction they bestow\u201d<\/em><\/span><\/strong><\/p>\n<p><strong><span style=\"font-size: x-small\"><em> A. Einstein<\/em><\/span><\/strong><a class=\"Estilo13\" href=\"#Cita1\"><sup>[1]<\/sup><\/a><\/p>\n<p><em>Within Experimental Error<\/em> is a Funky-Jazz-Rhythm&#8217;n&#8217;Blues band made up of researchers at the Institute of Materials Science of Madrid (ICMM), a scientific institute belonging to the Spanish National Research Council (in spanish <em>Consejo Superior de Investigaciones Cient\u00edficas<\/em>, CSIC). The band performed in several events, chiefly at ICMM and at the Central Campus of CSIC, as well as in several private parties. Also of notice is a live performance broadcasted at Cadena SER radio station on July, 19th, 2009. This performance was part of<em> Carrussel de Verano<\/em>, a show directed and presented by Alberto Granados. The band also perfomed at<strong> La Noche de los Investigadores<\/strong> (<em>The Night of Research Scientists<\/em>), on September 24th, 2010. This event, organized by the local goverment of Madrid, the CSIC, all the public universities of Madrid and some other institutions, was a part of an European concerted event.<\/p>\n<p>Founded on spring, 2008, band members vary along time due to the great mobility associated to research personnel. As of 2025, the band (W.E.E. 2.0) members are:<\/p>\n<p>&nbsp;<\/p>\n<p>Alvaro Jim\u00e9nez, guitar<br \/>\nDavid Aparicio, drums<br \/>\nElena L\u00f3pez, Voice<br \/>\nNacho Jim\u00e9nez, Voice, Piano<br \/>\nShulamit Edelstein, Piano<br \/>\nAlvaro Blanco, Guitar<br \/>\nGary Ellis, Drums<br \/>\nLuisi Forzani, Bass<br \/>\nRam\u00f3n Aguado, Guitar, Harmonica<br \/>\nMiguel Camblor, Tenor Sax<\/p>\n<p>Formerly, we had the honour to share stage with (arranged in no particular order):<\/p>\n<p><a href=\"http:\/\/www.icmm.csic.es\/within-experimental-error\/?p=286\">Adolfo Gonz\u00e1lez Grushin<\/a>, Guitar\/Trumpet\/Voice<br \/>\nPep Marin, Bass<br \/>\nArturo Mart\u00ednez Arias, Bass<br \/>\nLuis Froufe, Drums<br \/>\nAinhoa Pardo, Bass<br \/>\nJos\u00e9 Mar\u00eda Mar\u00edn, Bass<br \/>\nAlex Rojas, Drums<br \/>\nAlvaro G\u00f3mez, Guitar<br \/>\nMarcos Benedicto, Guitar\/Voice<br \/>\nSimone Fratini, Bass, Backing Vocals<br \/>\nWagner Oliveira da Rosa, Guitar\/Voice<br \/>\nCarlos L\u00f3pez Monis, Guitar<br \/>\nAlvaro Blanco, Percussion<br \/>\nAndr\u00e9 Espinha, flute<br \/>\nFernando de Juan, Guitar, Drums, Bass<br \/>\nGladys Le\u00f3n, Voice<br \/>\nRem Elnahas, voice<br \/>\nEstrella S\u00e1nchez Viso, Cello<br \/>\nIrene Castro, Viola, Voice<br \/>\nCarlos Garc\u00eda, Clarinet<br \/>\nIrene Colomar, Alto and Soprano Saxes<\/p>\n<p>&nbsp;<\/p>\n<p><strong>References<\/strong><br \/>\n<a id=\"Cita1\" name=\"[1]\"><\/a>[1] Einstein for the 21st century: his legacy in science, art, and modern culture<br \/>\nP. Galison, G.J. Holton, S.S. Schweber, Princeton University Press, 2008, p.164<\/p>\n<div id=\"attachment_664\" style=\"width: 646px\" class=\"wp-caption alignleft\"><a href=\"https:\/\/wp.icmm.csic.es\/within-experimental-error\/wp-content\/uploads\/sites\/46\/2023\/11\/wee_2.0_summer_2023_b.jpeg\"><img loading=\"lazy\" decoding=\"async\" aria-describedby=\"caption-attachment-664\" class=\"size-full wp-image-664\" title=\"WEE 2.0 Premiere Summer 2023 b\" src=\"https:\/\/wp.icmm.csic.es\/within-experimental-error\/wp-content\/uploads\/sites\/46\/2023\/11\/wee_2.0_summer_2023_b.jpeg\" alt=\"wee 2.0\" width=\"636\" height=\"358\"><\/a><p id=\"caption-attachment-664\" class=\"wp-caption-text\">W.E.E. 2.0 premiering at ICMM&#8217;s 2023 summer party (July 6th 2023)<\/p><\/div>\n<div id=\"attachment_664\" style=\"width: 646px\" class=\"wp-caption alignleft\"><a href=\"https:\/\/wp.icmm.csic.es\/within-experimental-error\/wp-content\/uploads\/sites\/46\/2023\/11\/wee_2.0_summer_2023.jpeg\"><img loading=\"lazy\" decoding=\"async\" aria-describedby=\"caption-attachment-664\" class=\"size-full wp-image-664\" title=\"WEE 2.0 Premiere Summer 2023\" src=\"https:\/\/wp.icmm.csic.es\/within-experimental-error\/wp-content\/uploads\/sites\/46\/2023\/11\/wee_2.0_summer_2023.jpeg\" alt=\"wee 2.0\" width=\"636\" height=\"358\"><\/a><p id=\"caption-attachment-664\" class=\"wp-caption-text\">W.E.E. 2.0 premiering at ICMM&#8217;s 2023 summer party (July 6th 2023)<\/p><\/div>\n<div id=\"attachment_664\" style=\"width: 646px\" class=\"wp-caption alignleft\"><a href=\"https:\/\/wp.icmm.csic.es\/within-experimental-error\/wp-content\/uploads\/sites\/46\/2010\/09\/Andre_16122010.png\"><img loading=\"lazy\" decoding=\"async\" aria-describedby=\"caption-attachment-664\" class=\"size-full wp-image-664\" title=\"Andr\u00e9 Espinha's first performance with W.E.E. (Dec. 16th 2010)\" src=\"https:\/\/wp.icmm.csic.es\/within-experimental-error\/wp-content\/uploads\/sites\/46\/2010\/09\/Andre_16122010.png\" alt=\"Andr\u00e9 Espinha\" width=\"636\" height=\"358\" srcset=\"https:\/\/wp.icmm.csic.es\/within-experimental-error\/wp-content\/uploads\/sites\/46\/2010\/09\/Andre_16122010.png 1024w, https:\/\/wp.icmm.csic.es\/within-experimental-error\/wp-content\/uploads\/sites\/46\/2010\/09\/Andre_16122010-300x169.png 300w, https:\/\/wp.icmm.csic.es\/within-experimental-error\/wp-content\/uploads\/sites\/46\/2010\/09\/Andre_16122010-768x432.png 768w\" sizes=\"auto, (max-width: 636px) 100vw, 636px\" \/><\/a><p id=\"caption-attachment-664\" class=\"wp-caption-text\">Andr\u00e9 Espinha&#8217;s first performance with W.E.E. (Dec. 16th 2010)<\/p><\/div>\n<div id=\"attachment_126\" style=\"width: 646px\" class=\"wp-caption alignleft\"><a href=\"https:\/\/wp.icmm.csic.es\/within-experimental-error\/wp-content\/uploads\/sites\/46\/2010\/09\/IMG_09661.jpg\"><img loading=\"lazy\" decoding=\"async\" aria-describedby=\"caption-attachment-126\" class=\"size-full wp-image-126\" title=\"W.E.E. at Cadena Ser Broadcasting show 2009\" src=\"https:\/\/wp.icmm.csic.es\/within-experimental-error\/wp-content\/uploads\/sites\/46\/2010\/09\/IMG_09661.jpg\" alt=\"\" width=\"636\" height=\"424\"><\/a><p id=\"caption-attachment-126\" class=\"wp-caption-text\">W.E.E. at Cadena SER &#8211; July, 2009<\/p><\/div>\n<div id=\"attachment_125\" style=\"width: 646px\" class=\"wp-caption alignleft\"><a href=\"https:\/\/wp.icmm.csic.es\/within-experimental-error\/wp-content\/uploads\/sites\/46\/2010\/09\/watermalo.png\"><img loading=\"lazy\" decoding=\"async\" aria-describedby=\"caption-attachment-125\" class=\"size-full wp-image-125\" title=\"watermalo\" src=\"https:\/\/wp.icmm.csic.es\/within-experimental-error\/wp-content\/uploads\/sites\/46\/2010\/09\/watermalo.png\" alt=\"\" width=\"636\" height=\"376\" srcset=\"https:\/\/wp.icmm.csic.es\/within-experimental-error\/wp-content\/uploads\/sites\/46\/2010\/09\/watermalo.png 636w, https:\/\/wp.icmm.csic.es\/within-experimental-error\/wp-content\/uploads\/sites\/46\/2010\/09\/watermalo-300x177.png 300w\" sizes=\"auto, (max-width: 636px) 100vw, 636px\" \/><\/a><p id=\"caption-attachment-125\" class=\"wp-caption-text\">December 19th, 2008<\/p><\/div>\n<div id=\"attachment_126\" style=\"width: 646px\" class=\"wp-caption alignleft\"><a href=\"https:\/\/wp.icmm.csic.es\/within-experimental-error\/wp-content\/uploads\/sites\/46\/2010\/09\/Actuacion_18_06_08_WithinExperimentalError_1.jpg\"><img loading=\"lazy\" decoding=\"async\" aria-describedby=\"caption-attachment-126\" class=\"size-full wp-image-126\" title=\"Actuacion_18_06_08_WithinExperimentalError_1\" src=\"https:\/\/wp.icmm.csic.es\/within-experimental-error\/wp-content\/uploads\/sites\/46\/2010\/09\/Actuacion_18_06_08_WithinExperimentalError_1.jpg\" alt=\"\" width=\"636\" height=\"424\" srcset=\"https:\/\/wp.icmm.csic.es\/within-experimental-error\/wp-content\/uploads\/sites\/46\/2010\/09\/Actuacion_18_06_08_WithinExperimentalError_1.jpg 2372w, https:\/\/wp.icmm.csic.es\/within-experimental-error\/wp-content\/uploads\/sites\/46\/2010\/09\/Actuacion_18_06_08_WithinExperimentalError_1-300x200.jpg 300w, https:\/\/wp.icmm.csic.es\/within-experimental-error\/wp-content\/uploads\/sites\/46\/2010\/09\/Actuacion_18_06_08_WithinExperimentalError_1-768x513.jpg 768w, https:\/\/wp.icmm.csic.es\/within-experimental-error\/wp-content\/uploads\/sites\/46\/2010\/09\/Actuacion_18_06_08_WithinExperimentalError_1-1024x683.jpg 1024w\" sizes=\"auto, (max-width: 636px) 100vw, 636px\" \/><\/a><p id=\"caption-attachment-126\" class=\"wp-caption-text\">June 18th, 2008<\/p><\/div>\n","protected":false},"excerpt":{"rendered":"<p>\u201cMusic has no effect on research work, but both are born of the same source and complement each other through the satisfaction they bestow\u201d A. Einstein[1] Within Experimental Error is a Funky-Jazz-Rhythm&#8217;n&#8217;Blues band made up of researchers at the Institute <span class=\"excerpt-dots\">&hellip;<\/span> <a class=\"more-link\" href=\"https:\/\/wp.icmm.csic.es\/within-experimental-error\/\"><span class=\"more-msg\">Sigue leyendo &rarr;<\/span><\/a><\/p>\n","protected":false},"author":73,"featured_media":0,"parent":0,"menu_order":1,"comment_status":"closed","ping_status":"closed","template":"","meta":{"ngg_post_thumbnail":0,"footnotes":""},"class_list":["post-315","page","type-page","status-publish","hentry"],"_links":{"self":[{"href":"https:\/\/wp.icmm.csic.es\/within-experimental-error\/wp-json\/wp\/v2\/pages\/315","targetHints":{"allow":["GET"]}}],"collection":[{"href":"https:\/\/wp.icmm.csic.es\/within-experimental-error\/wp-json\/wp\/v2\/pages"}],"about":[{"href":"https:\/\/wp.icmm.csic.es\/within-experimental-error\/wp-json\/wp\/v2\/types\/page"}],"author":[{"embeddable":true,"href":"https:\/\/wp.icmm.csic.es\/within-experimental-error\/wp-json\/wp\/v2\/users\/73"}],"replies":[{"embeddable":true,"href":"https:\/\/wp.icmm.csic.es\/within-experimental-error\/wp-json\/wp\/v2\/comments?post=315"}],"version-history":[{"count":13,"href":"https:\/\/wp.icmm.csic.es\/within-experimental-error\/wp-json\/wp\/v2\/pages\/315\/revisions"}],"predecessor-version":[{"id":889,"href":"https:\/\/wp.icmm.csic.es\/within-experimental-error\/wp-json\/wp\/v2\/pages\/315\/revisions\/889"}],"wp:attachment":[{"href":"https:\/\/wp.icmm.csic.es\/within-experimental-error\/wp-json\/wp\/v2\/media?parent=315"}],"curies":[{"name":"wp","href":"https:\/\/api.w.org\/{rel}","templated":true}]}}